65.54.164.49 - - [12/Jul/2004:16:31:50 +0000] "GET /Home/Umgebung/Brandiswaalweg--54.html HTTP/1.1" 200 21268 "" "msnbot/0.11 (+http://search.msn.com/msnbot.htm)"
65.54.164.49 - - [12/Jul/2004:16:37:38 +0000] "GET /Home/Umgebung/Vigiljoch--27.html HTTP/1.1" 200 20051 "" "msnbot/0.11 (+http://search.msn.com/msnbot.htm)"
65.54.164.49 - - [12/Jul/2004:16:42:22 +0000] "GET /Home/Anreise/Wetterbericht--33.html HTTP/1.1" 200 16835 "" "msnbot/0.11 (+http://search.msn.com/msnbot.htm)"
195.93.74.20 - - [12/Jul/2004:16:44:05 +0000] "GET /Home/Willkommen--10.html HTTP/1.1" 200 20694 "" "Mozilla/4.0 (compatible; MSIE 6.0; AOL 9.0; Windows 98)"
65.54.164.49 - - [12/Jul/2004:16:46:01 +0000] "GET /Home/Anreise/Routenplaner--34.html HTTP/1.1" 200 20003 "" "msnbot/0.11 (+http://search.msn.com/msnbot.htm)"
65.54.164.49 - - [12/Jul/2004:17:05:17 +0000] "GET /Home/Sehenswertes/Museen--68.html HTTP/1.1" 200 18812 "" "msnbot/0.11 (+http://search.msn.com/msnbot.htm)"
65.54.164.49 - - [12/Jul/2004:17:14:14 +0000] "GET /Home/Sehenswertes/Museen--68.html HTTP/1.1" 200 18927 "" "msnbot/0.11 (+http://search.msn.com/msnbot.htm)"
65.54.164.49 - - [12/Jul/2004:17:20:15 +0000] "GET /Home/Sehenswertes/S_dtiroler_Obstbaumuseum--24.html HTTP/1.1" 200 18368 "" "msnbot/0.11 (+http://search.msn.com/msnbot.htm)"
65.54.164.49 - - [12/Jul/2004:17:24:32 +0000] "GET /Home/Sehenswertes/Schnatterpeckaltar--23.html HTTP/1.1" 200 18429 "" "msnbot/0.11 (+http://search.msn.com/msnbot.htm)"
65.54.164.49 - - [12/Jul/2004:17:28:21 +0000] "GET /Home/Sehenswertes/S_dtiroler_Obstbaumuseum--24.html HTTP/1.1" 200 18315 "" "msnbot/0.11 (+http://search.msn.com/msnbot.htm)"
83.173.234.9 - - [12/Jul/2004:17:34:17 +0000] "GET /Home/Willkommen--10.html HTTP/1.1" 200 20694 "" "Mozilla/4.0 (compatible; MSIE 6.0; Windows NT 5.0; .NET CLR 1.1.4322)"
83.173.234.9 - - [12/Jul/2004:17:35:17 +0000] "GET /Home/Willkommen--10.html HTTP/1.1" 200 20694 "" "Mozilla/4.0 (compatible; MSIE 6.0; Windows NT 5.0; .NET CLR 1.1.4322)"
83.173.234.9 - - [12/Jul/2004:17:35:41 +0000] "GET /Home/Ambiente/Innen--88.html HTTP/1.1" 200 23298 "" "Mozilla/4.0 (compatible; MSIE 6.0; Windows NT 5.0; .NET CLR 1.1.4322)"
83.173.234.9 - - [12/Jul/2004:17:36:09 +0000] "GET /Home/Ambiente/Aussen--87.html HTTP/1.1" 200 19697 "" "Mozilla/4.0 (compatible; MSIE 6.0; Windows NT 5.0; .NET CLR 1.1.4322)"
83.173.234.9 - - [12/Jul/2004:17:36:20 +0000] "GET /Home/Wohnen/Zimmer--93.html HTTP/1.1" 200 23204 "" "Mozilla/4.0 (compatible; MSIE 6.0; Windows NT 5.0; .NET CLR 1.1.4322)"
83.173.234.9 - - [12/Jul/2004:17:37:01 +0000] "GET /Home/Sehenswertes/Bot._G_rten_Schloss_Trauttmann--67.html HTTP/1.1" 200 21566 "" "Mozilla/4.0 (compatible; MSIE 6.0; Windows NT 5.0; .NET CLR 1.1.4322)"
83.173.234.9 - - [12/Jul/2004:17:37:14 +0000] "GET /Home/Veranstaltungen/Veranstaltungen_Lana/Bl_tenfesttage--59.html HTTP/1.1" 200 21167 "" "Mozilla/4.0 (compatible; MSIE 6.0; Windows NT 5.0; .NET CLR 1.1.4322)"
83.173.234.9 - - [12/Jul/2004:17:37:29 +0000] "GET /Home/Preise___Angebote/Zimmer--31.html HTTP/1.1" 200 20191 "" "Mozilla/4.0 (compatible; MSIE 6.0; Windows NT 5.0; .NET CLR 1.1.4322)"
83.173.234.9 - - [12/Jul/2004:17:38:00 +0000] "GET /Home/Anfrage___Buchung--3.html HTTP/1.1" 200 26279 "" "Mozilla/4.0 (compatible; MSIE 6.0; Windows NT 5.0; .NET CLR 1.1.4322)"
83.173.234.9 - - [12/Jul/2004:17:38:41 +0000] "GET /Home/Wohnen/Zimmer--93.html HTTP/1.1" 200 23204 "" "Mozilla/4.0 (compatible; MSIE 6.0; Windows NT 5.0; .NET CLR 1.1.4322)"
83.173.234.9 - - [12/Jul/2004:17:38:59 +0000] "GET /Home/Umgebung/Badeseen--85.html HTTP/1.1" 200 22265 "" "Mozilla/4.0 (compatible; MSIE 6.0; Windows NT 5.0; .NET CLR 1.1.4322)"
83.173.234.9 - - [12/Jul/2004:17:39:22 +0000] "GET /Home/360__Panorama--90.html HTTP/1.1" 200 17154 "" "Mozilla/4.0 (compatible; MSIE 6.0; Windows NT 5.0; .NET CLR 1.1.4322)"
83.173.234.9 - - [12/Jul/2004:17:40:09 +0000] "GET /Home/Aktivurlaub--66.html HTTP/1.1" 200 26502 "" "Mozilla/4.0 (compatible; MSIE 6.0; Windows NT 5.0; .NET CLR 1.1.4322)"
83.173.234.9 - - [12/Jul/2004:17:41:53 +0000] "GET /Home/Impressionen--6.html HTTP/1.1" 200 38176 "" "Mozilla/4.0 (compatible; MSIE 6.0; Windows NT 5.0; .NET CLR 1.1.4322)"
83.173.234.9 - - [12/Jul/2004:17:42:11 +0000] "GET /Home/Anreise/Lageplan--35.html HTTP/1.1" 200 17137 "" "Mozilla/4.0 (compatible; MSIE 6.0; Windows NT 5.0; .NET CLR 1.1.4322)"
83.173.234.9 - - [12/Jul/2004:17:43:15 +0000] "GET /Home/Willkommen--10.html HTTP/1.1" 200 20300 "" "Mozilla/4.0 (compatible; MSIE 6.0; Windows NT 5.0; .NET CLR 1.1.4322)"
83.173.234.9 - - [12/Jul/2004:17:43:27 +0000] "GET /Home/Anfrage___Buchung--3.html HTTP/1.1" 200 26374 "" "Mozilla/4.0 (compatible; MSIE 6.0; Windows NT 5.0; .NET CLR 1.1.4322)"
83.173.234.9 - - [12/Jul/2004:17:44:05 +0000] "GET /Home/Preise___Angebote/Zimmer--31.html HTTP/1.1" 200 20321 "" "Mozilla/4.0 (compatible; MSIE 6.0; Windows NT 5.0; .NET CLR 1.1.4322)"
83.173.234.9 - - [12/Jul/2004:17:44:15 +0000] "GET /Home/Wohnen/Zimmer--93.html HTTP/1.1" 200 22652 "" "Mozilla/4.0 (compatible; MSIE 6.0; Windows NT 5.0; .NET CLR 1.1.4322)"
83.173.234.9 - - [12/Jul/2004:17:45:08 +0000] "GET /Home/G_stebuch--11.html HTTP/1.1" 200 19266 "" "Mozilla/4.0 (compatible; MSIE 6.0; Windows NT 5.0; .NET CLR 1.1.4322)"
83.173.234.9 - - [12/Jul/2004:17:45:17 +0000] "GET /Home/Sehenswertes/Bot._G_rten_Schloss_Trauttmann--67.html HTTP/1.1" 200 21187 "" "Mozilla/4.0 (compatible; MSIE 6.0; Windows NT 5.0; .NET CLR 1.1.4322)"
83.173.234.9 - - [12/Jul/2004:17:45:34 +0000] "GET /Home/Aktivurlaub--66.html HTTP/1.1" 200 26502 "" "Mozilla/4.0 (compatible; MSIE 6.0; Windows NT 5.0; .NET CLR 1.1.4322)"
83.173.234.9 - - [12/Jul/2004:17:46:02 +0000] "GET /Home/Wohnen/Zimmer--93.html HTTP/1.1" 200 22652 "" "Mozilla/4.0 (compatible; MSIE 6.0; Windows NT 5.0; .NET CLR 1.1.4322)"
83.173.234.9 - - [12/Jul/2004:17:54:22 +0000] "GET /Home/Preise___Angebote/Zimmer--31.html HTTP/1.1" 200 20321 "" "Mozilla/4.0 (compatible; MSIE 6.0; Windows NT 5.0; .NET CLR 1.1.4322)"
65.54.164.49 - - [12/Jul/2004:18:12:38 +0000] "GET /Home/Weiterempfehlung--48.html HTTP/1.1" 200 17853 "" "msnbot/0.11 (+http://search.msn.com/msnbot.htm)"
65.54.164.49 - - [12/Jul/2004:18:21:30 +0000] "GET /Home/Anreise/Lageplan--35.html HTTP/1.1" 200 17032 "" "msnbot/0.11 (+http://search.msn.com/msnbot.htm)"
84.135.62.151 - - [12/Jul/2004:18:31:56 +0000] "GET /Home/Willkommen--10.html HTTP/1.1" 200 20694 "" "Mozilla/4.0 (compatible; MSIE 6.0; Windows NT 5.1)"
84.135.62.151 - - [12/Jul/2004:18:32:10 +0000] "GET /Home/G_stebuch--11.html HTTP/1.1" 200 19166 "" "Mozilla/4.0 (compatible; MSIE 6.0; Windows NT 5.1)"
84.135.62.151 - - [12/Jul/2004:18:32:19 +0000] "GET /Home/Aktivurlaub--66.html HTTP/1.1" 200 27054 "" "Mozilla/4.0 (compatible; MSIE 6.0; Windows NT 5.1)"
84.135.62.151 - - [12/Jul/2004:18:32:31 +0000] "GET /Home/Willkommen--10.html HTTP/1.1" 200 20694 "" "Mozilla/4.0 (compatible; MSIE 6.0; Windows NT 5.1)"
84.135.62.151 - - [12/Jul/2004:18:32:36 +0000] "GET /Home/Ambiente/Innen--88.html HTTP/1.1" 200 23298 "" "Mozilla/4.0 (compatible; MSIE 6.0; Windows NT 5.1)"
84.135.62.151 - - [12/Jul/2004:18:32:45 +0000] "GET /Home/Wohnen/Zimmer--93.html HTTP/1.1" 200 23204 "" "Mozilla/4.0 (compatible; MSIE 6.0; Windows NT 5.1)"
84.135.62.151 - - [12/Jul/2004:18:32:53 +0000] "GET /Home/Sehenswertes/Bot._G_rten_Schloss_Trauttmann--67.html HTTP/1.1" 200 21566 "" "Mozilla/4.0 (compatible; MSIE 6.0; Windows NT 5.1)"
84.135.62.151 - - [12/Jul/2004:18:32:57 +0000] "GET /Home/Impressionen--6.html HTTP/1.1" 200 41336 "" "Mozilla/4.0 (compatible; MSIE 6.0; Windows NT 5.1)"
84.135.62.151 - - [12/Jul/2004:18:33:14 +0000] "GET /Home/Impressionen/Schnappsch_sse--91.html HTTP/1.1" 200 20818 "" "Mozilla/4.0 (compatible; MSIE 6.0; Windows NT 5.1)"
82.50.129.57 - - [12/Jul/2004:19:41:05 +0000] "GET /Home/Willkommen--10.html HTTP/1.1" 200 20694 "" "Mozilla/4.0 (compatible; MSIE 6.0; Windows NT 5.1)"
82.50.129.57 - - [12/Jul/2004:19:41:16 +0000] "GET /Home/Preise___Angebote/Zimmer--31.html HTTP/1.1" 200 20191 "" "Mozilla/4.0 (compatible; MSIE 6.0; Windows NT 5.1)"
65.54.164.49 - - [12/Jul/2004:20:54:48 +0000] "GET /Home/Willkommen--10.html HTTP/1.1" 200 20694 "" "msnbot/0.11 (+http://search.msn.com/msnbot.htm)"
212.48.11.148 - - [12/Jul/2004:22:01:03 +0000] "GET /Home/Willkommen--10.html HTTP/1.1" 200 20694 "" "PycURL"
65.54.164.49 - - [13/Jul/2004:00:50:16 +0000] "GET /Home/Veranstaltungen/Veranstaltungen_Lana/Langer_Donnerstag--57.html HTTP/1.1" 200 22089 "" "msnbot/0.11 (+http://search.msn.com/msnbot.htm)"
65.54.164.49 - - [13/Jul/2004:00:53:43 +0000] "GET /Home/Veranstaltungen/Veranstaltungen_M.../Gro_er_Preis_von_Meran--61.html HTTP/1.1" 200 18084 "" "msnbot/0.11 (+http://search.msn.com/msnbot.htm)"
80.93.79.62 - - [13/Jul/2004:01:24:03 +0000] "GET /Home/Willkommen--10.html HTTP/1.1" 200 20694 "" "Mozilla/4.0 (compatible; MSIE 6.0;Windows NT 5.1)"
213.70.2.194 - - [13/Jul/2004:01:30:07 +0000] "GET /Home/Willkommen--10.html HTTP/1.1" 200 20694 "" "Mozilla/4.0 (compatible; MSIE 5.5; Windows NT 5.0) RPT-HTTPClient/0.3-3"
65.54.164.49 - - [13/Jul/2004:02:07:08 +0000] "GET /Home/Veranstaltungen/Veranstaltungen_M.../Meran-Flora--63.html HTTP/1.1" 200 21660 "" "msnbot/0.11 (+http://search.msn.com/msnbot.htm)"
65.54.164.49 - - [13/Jul/2004:02:17:38 +0000] "GET /Home/Veranstaltungen/Veranstaltungen_Lana/Lana_Jazz__04--58.html HTTP/1.1" 200 19599 "" "msnbot/0.11 (+http://search.msn.com/msnbot.htm)"
65.54.164.49 - - [13/Jul/2004:02:23:10 +0000] "GET /Home/Sehenswertes/Schnatterpeckaltar--23.html HTTP/1.1" 200 18376 "" "msnbot/0.11 (+http://search.msn.com/msnbot.htm)"
64.242.88.10 - - [13/Jul/2004:03:14:02 +0000] "GET /Home/Willkommen--10.html HTTP/1.1" 200 20694 "" "Mozilla/4.0 compatible ZyBorg/1.0 (wn-2.zyborg@looksmart.net; http://www.WISEnutbot.com)"
65.54.164.49 - - [13/Jul/2004:05:57:37 +0000] "GET /Home/Wohnen/Zimmer--93.html HTTP/1.1" 200 22652 "" "msnbot/0.11 (+http://search.msn.com/msnbot.htm)"
65.54.164.49 - - [13/Jul/2004:06:11:53 +0000] "GET /Home/Willkommen--10.html HTTP/1.1" 200 20711 "" "msnbot/0.11 (+http://search.msn.com/msnbot.htm)"
65.54.164.49 - - [13/Jul/2004:06:15:31 +0000] "GET /Home/Wohnen/Zimmer--93.html HTTP/1.1" 200 23415 "" "msnbot/0.11 (+http://search.msn.com/msnbot.htm)"
65.54.164.49 - - [13/Jul/2004:06:30:22 +0000] "GET /Home/Preise___Angebote/Pauschalangebote--29.html HTTP/1.1" 200 21164 "" "msnbot/0.11 (+http://search.msn.com/msnbot.htm)"
65.54.164.49 - - [13/Jul/2004:06:40:05 +0000] "GET /Home/Umgebung/Badeseen--85.html HTTP/1.1" 200 22230 "" "msnbot/0.11 (+http://search.msn.com/msnbot.htm)"
65.54.164.49 - - [13/Jul/2004:06:45:30 +0000] "GET /Home/Anreise/Lageplan--35.html HTTP/1.1" 200 17137 "" "msnbot/0.11 (+http://search.msn.com/msnbot.htm)"
65.54.164.49 - - [13/Jul/2004:06:49:34 +0000] "GET /Home/Aktivurlaub--66.html HTTP/1.1" 200 26873 "" "msnbot/0.11 (+http://search.msn.com/msnbot.htm)"
65.54.164.49 - - [13/Jul/2004:09:18:24 +0000] "GET /Home/360__Panorama--90.html HTTP/1.1" 200 17154 "" "msnbot/0.11 (+http://search.msn.com/msnbot.htm)"
217.199.7.28 - - [13/Jul/2004:09:59:40 +0000] "GET /Home/Willkommen--10.html HTTP/1.1" 200 20694 "" "Mozilla/4.0 (compatible; MSIE 6.0; Windows NT 5.1; i-NavFourF)"
65.54.164.49 - - [13/Jul/2004:10:33:35 +0000] "GET /Home/Weiterempfehlung--48.html HTTP/1.1" 200 17953 "" "msnbot/0.11 (+http://search.msn.com/msnbot.htm)"
65.54.164.49 - - [13/Jul/2004:10:45:19 +0000] "GET /Home/Sehenswertes/Bot._G_rten_Schloss_Trauttmann--67.html HTTP/1.1" 200 21749 "" "msnbot/0.11 (+http://search.msn.com/msnbot.htm)"
65.54.164.49 - - [13/Jul/2004:10:52:12 +0000] "GET /Home/Ambiente/Innen--88.html HTTP/1.1" 200 23514 "" "msnbot/0.11 (+http://search.msn.com/msnbot.htm)"
65.54.164.49 - - [13/Jul/2004:12:05:13 +0000] "GET /Home/Preise___Angebote/Zimmer--31.html HTTP/1.1" 200 20321 "" "msnbot/0.11 (+http://search.msn.com/msnbot.htm)"
65.54.164.49 - - [13/Jul/2004:12:15:04 +0000] "GET /Home/Ambiente/Innen--88.html HTTP/1.1" 200 22746 "" "msnbot/0.11 (+http://search.msn.com/msnbot.htm)"
65.54.164.49 - - [13/Jul/2004:12:21:08 +0000] "GET /Home/Anfrage___Buchung--3.html HTTP/1.1" 200 26374 "" "msnbot/0.11 (+http://search.msn.com/msnbot.htm)"
195.93.74.22 - - [13/Jul/2004:12:36:16 +0000] "GET /Home/Willkommen--10.html HTTP/1.1" 200 20694 "" "Mozilla/4.0 (compatible; MSIE 6.0; AOL 9.0; Windows NT 5.1; .NET CLR 1.0.3705)"
195.93.64.10 - - [13/Jul/2004:12:37:19 +0000] "GET /Home/Ambiente/Innen--88.html HTTP/1.1" 200 23298 "" "Mozilla/4.0 (compatible; MSIE 6.0; AOL 9.0; Windows NT 5.1; .NET CLR 1.0.3705)"
195.93.73.10 - - [13/Jul/2004:12:38:18 +0000] "GET /Home/Ambiente/Aussen--87.html HTTP/1.1" 200 19697 "" "Mozilla/4.0 (compatible; MSIE 6.0; AOL 9.0; Windows NT 5.1; .NET CLR 1.0.3705)"
195.93.65.10 - - [13/Jul/2004:12:38:33 +0000] "GET /Home/Wohnen/Zimmer--93.html HTTP/1.1" 200 23204 "" "Mozilla/4.0 (compatible; MSIE 6.0; AOL 9.0; Windows NT 5.1; .NET CLR 1.0.3705)"
195.93.65.7 - - [13/Jul/2004:12:39:08 +0000] "GET /Home/Preise___Angebote/Zimmer--31.html HTTP/1.1" 200 20191 "" "Mozilla/4.0 (compatible; MSIE 6.0; AOL 9.0; Windows NT 5.1; .NET CLR 1.0.3705)"
195.93.72.16 - - [13/Jul/2004:12:40:21 +0000] "GET /Home/Preise___Angebote/Pauschalangebote--29.html HTTP/1.1" 200 21164 "" "Mozilla/4.0 (compatible; MSIE 6.0; AOL 9.0; Windows NT 5.1; .NET CLR 1.0.3705)"
195.93.73.11 - - [13/Jul/2004:12:40:52 +0000] "GET /Home/Umgebung/Badeseen--85.html HTTP/1.1" 200 22265 "" "Mozilla/4.0 (compatible; MSIE 6.0; AOL 9.0; Windows NT 5.1; .NET CLR 1.0.3705)"
195.93.72.6 - - [13/Jul/2004:12:41:12 +0000] "GET /Home/Umgebung/Vigiljoch--27.html HTTP/1.1" 200 20247 "" "Mozilla/4.0 (compatible; MSIE 6.0; AOL 9.0; Windows NT 5.1; .NET CLR 1.0.3705)"
195.93.73.7 - - [13/Jul/2004:12:41:42 +0000] "GET /Home/Umgebung/Meraner_H_henweg--51.html HTTP/1.1" 200 22425 "" "Mozilla/4.0 (compatible; MSIE 6.0; AOL 9.0; Windows NT 5.1; .NET CLR 1.0.3705)"
195.93.64.10 - - [13/Jul/2004:12:42:03 +0000] "GET /Home/Ambiente/Innen--88.html HTTP/1.1" 200 23298 "" "Mozilla/4.0 (compatible; MSIE 6.0; AOL 9.0; Windows NT 5.1; .NET CLR 1.0.3705)"
195.93.72.6 - - [13/Jul/2004:12:42:56 +0000] "GET /Home/Veranstaltungen/Veranstaltungen_Lana/Bl_tenfesttage--59.html HTTP/1.1" 200 21167 "" "Mozilla/4.0 (compatible; MSIE 6.0; AOL 9.0; Windows NT 5.1; .NET CLR 1.0.3705)"
195.93.73.11 - - [13/Jul/2004:12:43:22 +0000] "GET /Home/G_stebuch--11.html HTTP/1.1" 200 19166 "" "Mozilla/4.0 (compatible; MSIE 6.0; AOL 9.0; Windows NT 5.1; .NET CLR 1.0.3705)"
195.93.65.8 - - [13/Jul/2004:12:43:53 +0000] "GET /Home/Weiterempfehlung--48.html HTTP/1.1" 200 17853 "" "Mozilla/4.0 (compatible; MSIE 6.0; AOL 9.0; Windows NT 5.1; .NET CLR 1.0.3705)"
217.226.76.205 - - [13/Jul/2004:13:14:40 +0000] "GET /Home/Willkommen--10.html HTTP/1.1" 200 20694 "http://www.suedtirol-ferien.it/hotel/Burgstall_dt.shtml" "Mozilla/4.0 (compatible; MSIE 6.0; Windows NT 5.1)"
217.226.76.205 - - [13/Jul/2004:13:14:54 +0000] "GET /Home/Wohnen/Zimmer--93.html HTTP/1.1" 200 23204 "http://www.buehlerhof-lana.it/" "Mozilla/4.0 (compatible; MSIE 6.0; Windows NT 5.1)"
217.199.27.210 - - [13/Jul/2004:13:44:38 +0000] "GET /Home/Willkommen--10.html HTTP/1.1" 200 20694 "http://www.metafinder.de/cgi-bin/suche.cgi?d=1&query=buehlerhof" "Mozilla/4.0 (compatible; MSIE 6.0; Windows NT 5.1; Hotbar 4.4.9.0)"
217.199.27.210 - - [13/Jul/2004:13:44:46 +0000] "GET /Home/G_stebuch--11.html HTTP/1.1" 200 19166 "http://www.buehlerhof-lana.it/" "Mozilla/4.0 (compatible; MSIE 6.0; Windows NT 5.1; Hotbar 4.4.9.0)"
65.54.164.49 - - [13/Jul/2004:13:47:47 +0000] "GET /Home/Sehenswertes/Bot._G_rten_Schloss_Trauttmann--67.html HTTP/1.1" 200 21566 "" "msnbot/0.11 (+http://search.msn.com/msnbot.htm)"
65.54.164.49 - - [13/Jul/2004:13:59:16 +0000] "GET /Home/Preise___Angebote/Pauschalangebote--29.html HTTP/1.1" 200 21274 "" "msnbot/0.11 (+http://search.msn.com/msnbot.htm)"
65.54.164.49 - - [13/Jul/2004:14:05:57 +0000] "GET /Home/Preise___Angebote/Pauschalangebote--29.html HTTP/1.1" 200 21029 "" "msnbot/0.11 (+http://search.msn.com/msnbot.htm)"
195.212.98.190 - - [13/Jul/2004:14:30:33 +0000] "GET /Home/Willkommen--10.html HTTP/1.1" 200 20694 "http://www.suedtirol-ferien.it/cgi-bin/hoteldatei/Hotels_lesen.pl?dt" "Mozilla/4.0 (compatible; MSIE 6.0; Windows NT 5.0)"
195.212.98.190 - - [13/Jul/2004:14:31:04 +0000] "GET /Home/Preise___Angebote/Zimmer--31.html HTTP/1.1" 200 20191 "http://www.buehlerhof-lana.it/" "Mozilla/4.0 (compatible; MSIE 6.0; Windows NT 5.0)"
195.212.98.190 - - [13/Jul/2004:14:31:51 +0000] "GET /Home/Ambiente/Innen--88.html HTTP/1.1" 200 23298 "http://www.buehlerhof-lana.it/index.php?id=4" "Mozilla/4.0 (compatible; MSIE 6.0; Windows NT 5.0)"
195.212.98.190 - - [13/Jul/2004:14:32:43 +0000] "GET /Home/Preise___Angebote/Zimmer--31.html HTTP/1.1" 200 20191 "http://www.buehlerhof-lana.it/index.php?id=9" "Mozilla/4.0 (compatible; MSIE 6.0; Windows NT 5.0)"
65.54.164.49 - - [13/Jul/2004:14:37:07 +0000] "GET /Home/Weiterempfehlung--48.html HTTP/1.1" 200 17914 "" "msnbot/0.11 (+http://search.msn.com/msnbot.htm)"
62.134.61.23 - - [13/Jul/2004:14:38:45 +0000] "GET /Home/Willkommen--10.html HTTP/1.1" 200 20694 "http://www.suedtirol-ferien.it/_pensionen/Lana_dt.html" "Mozilla/4.0 (compatible; MSIE 6.0; Windows NT 5.1)"
62.134.61.23 - - [13/Jul/2004:14:39:20 +0000] "GET /Home/Preise___Angebote/Zimmer--31.html HTTP/1.1" 200 20191 "http://www.buehlerhof-lana.it/" "Mozilla/4.0 (compatible; MSIE 6.0; Windows NT 5.1)"
65.54.164.49 - - [13/Jul/2004:14:46:24 +0000] "GET /Home/Willkommen--10.html HTTP/1.1" 200 20300 "" "msnbot/0.11 (+http://search.msn.com/msnbot.htm)"
62.99.148.195 - - [13/Jul/2004:14:47:46 +0000] "GET /Home/Willkommen--10.html HTTP/1.1" 200 20694 "http://www.suedtirol-ferien.it/hotel/Lana_dt.shtml" "Mozilla/4.0 (compatible; MSIE 5.01; Windows NT 5.0)"
62.99.148.195 - - [13/Jul/2004:14:47:57 +0000] "GET /Home/Preise___Angebote/Zimmer--31.html HTTP/1.1" 200 20191 "http://www.buehlerhof-lana.it/" "Mozilla/4.0 (compatible; MSIE 5.01; Windows NT 5.0)"
62.99.148.195 - - [13/Jul/2004:14:48:27 +0000] "GET /Home/Preise___Angebote/Appartements--30.html HTTP/1.1" 200 21728 "http://www.buehlerhof-lana.it/index.php?id=4" "Mozilla/4.0 (compatible; MSIE 5.01; Windows NT 5.0)"
62.99.148.195 - - [13/Jul/2004:14:48:44 +0000] "GET /Home/Wohnen/Appartments--92.html HTTP/1.1" 200 22555 "http://www.buehlerhof-lana.it/index.php?id=30" "Mozilla/4.0 (compatible; MSIE 5.01; Windows NT 5.0)"
62.99.148.195 - - [13/Jul/2004:14:49:19 +0000] "GET /Home/Preise___Angebote/Zimmer--31.html HTTP/1.1" 200 20191 "http://www.buehlerhof-lana.it/index.php?id=92" "Mozilla/4.0 (compatible; MSIE 5.01; Windows NT 5.0)"
65.54.164.49 - - [13/Jul/2004:14:52:06 +0000] "GET /Home/Veranstaltungen/Veranstaltungen_Lana/Bl_tenfesttage--59.html HTTP/1.1" 200 21134 "" "msnbot/0.11 (+http://search.msn.com/msnbot.htm)"
65.54.164.49 - - [13/Jul/2004:14:56:30 +0000] "GET /Home/Umgebung/Badeseen--85.html HTTP/1.1" 200 21906 "" "msnbot/0.11 (+http://search.msn.com/msnbot.htm)"
65.54.164.49 - - [13/Jul/2004:14:59:54 +0000] "GET /Home/Preise___Angebote/Zimmer--31.html HTTP/1.1" 200 20428 "" "msnbot/0.11 (+http://search.msn.com/msnbot.htm)"
65.54.164.49 - - [13/Jul/2004:15:03:14 +0000] "GET /Home/Veranstaltungen/Veranstaltungen_Lana/Bl_tenfesttage--59.html HTTP/1.1" 200 21173 "" "msnbot/0.11 (+http://search.msn.com/msnbot.htm)"
65.54.164.49 - - [13/Jul/2004:15:05:58 +0000] "GET /Home/Sehenswertes/Bot._G_rten_Schloss_Trauttmann--67.html HTTP/1.1" 200 21187 "" "msnbot/0.11 (+http://search.msn.com/msnbot.htm)"
65.54.164.49 - - [13/Jul/2004:15:08:27 +0000] "GET /Home/Anreise/Lageplan--35.html HTTP/1.1" 200 17171 "" "msnbot/0.11 (+http://search.msn.com/msnbot.htm)"
65.54.164.49 - - [13/Jul/2004:15:10:49 +0000] "GET /Home/Willkommen--10.html HTTP/1.1" 200 20694 "" "msnbot/0.11 (+http://search.msn.com/msnbot.htm)"
66.196.90.76 - - [13/Jul/2004:15:11:28 +0000] "GET /Home/Willkommen--10.html HTTP/1.1" 200 20694 "" "Mozilla/5.0 (compatible; Yahoo! Slurp; http://help.yahoo.com/help/us/ysearch/slurp)"
217.199.27.210 - - [13/Jul/2004:15:12:02 +0000] "GET /Home/Willkommen--10.html HTTP/1.1" 200 20694 "" "Mozilla/4.0 (compatible; MSIE 6.0; Windows NT 5.1; Hotbar 4.4.9.0)"
217.199.27.210 - - [13/Jul/2004:15:12:05 +0000] "GET /Home/G_stebuch--11.html HTTP/1.1" 200 19166 "http://www.buehlerhof-lana.it" "Mozilla/4.0 (compatible; MSIE 6.0; Windows NT 5.1; Hotbar 4.4.9.0)"
65.54.164.49 - - [13/Jul/2004:15:12:53 +0000] "GET /Home/Aktivurlaub--66.html HTTP/1.1" 200 26502 "" "msnbot/0.11 (+http://search.msn.com/msnbot.htm)"
65.54.164.49 - - [13/Jul/2004:15:14:42 +0000] "GET /Home/Newsletter--12.html HTTP/1.1" 200 18891 "" "msnbot/0.11 (+http://search.msn.com/msnbot.htm)"
65.54.164.49 - - [13/Jul/2004:15:16:18 +0000] "GET /Home/Impressionen--6.html HTTP/1.1" 200 41403 "" "msnbot/0.11 (+http://search.msn.com/msnbot.htm)"
65.54.164.49 - - [13/Jul/2004:15:18:04 +0000] "GET /Home/G_stebuch--11.html HTTP/1.1" 200 19266 "" "msnbot/0.11 (+http://search.msn.com/msnbot.htm)"
65.54.164.49 - - [13/Jul/2004:15:19:38 +0000] "GET /Home/G_stebuch--11.html HTTP/1.1" 200 19285 "" "msnbot/0.11 (+http://search.msn.com/msnbot.htm)"
65.54.164.49 - - [13/Jul/2004:15:21:04 +0000] "GET /Home/Anfrage___Buchung--3.html HTTP/1.1" 200 26620 "" "msnbot/0.11 (+http://search.msn.com/msnbot.htm)"
65.54.164.49 - - [13/Jul/2004:15:22:22 +0000] "GET /Home/360__Panorama--90.html HTTP/1.1" 200 17181 "" "msnbot/0.11 (+http://search.msn.com/msnbot.htm)"
195.3.96.117 - - [13/Jul/2004:15:42:55 +0000] "GET /Home/Willkommen--10.html HTTP/1.1" 200 20694 "http://www.google.at/search?q=lana.it&ie=UTF-8&hl=de&btnG=Google-Suche&meta=" "Mozilla/4.0 (compatible; MSIE 6.0; Windows NT 5.1)"
195.3.96.102 - - [13/Jul/2004:15:43:24 +0000] "GET /Home/Anreise/Lageplan--35.html HTTP/1.1" 200 17032 "http://www.buehlerhof-lana.it/" "Mozilla/4.0 (compatible; MSIE 6.0; Windows NT 5.1)"
195.3.96.89 - - [13/Jul/2004:16:11:11 +0000] "GET /Home/Willkommen--10.html HTTP/1.1" 200 20694 "http://www.eurohome.dk/search.php?lg=us&p=PANORAMA" "Mozilla/4.0 (compatible; MSIE 6.0; Windows NT 5.1)"
195.3.96.89 - - [13/Jul/2004:16:11:40 +0000] "GET /Home/Anreise/Lageplan--35.html HTTP/1.1" 200 17032 "http://www.buehlerhof-lana.it/" "Mozilla/4.0 (compatible; MSIE 6.0; Windows NT 5.1)"
195.3.96.89 - - [13/Jul/2004:16:12:04 +0000] "GET /Home/Willkommen--10.html HTTP/1.1" 200 20694 "http://www.buehlerhof-lana.it/index.php?id=2" "Mozilla/4.0 (compatible; MSIE 6.0; Windows NT 5.1)"
195.3.96.113 - - [13/Jul/2004:16:12:10 +0000] "GET /Home/Preise___Angebote/Zimmer--31.html HTTP/1.1" 200 20191 "http://www.buehlerhof-lana.it/index.php?id=10" "Mozilla/4.0 (compatible; MSIE 6.0; Windows NT 5.1)"
195.3.96.117 - - [13/Jul/2004:16:12:47 +0000] "GET /Home/Wohnen/Zimmer--93.html HTTP/1.1" 200 23204 "http://www.buehlerhof-lana.it/index.php?id=4" "Mozilla/4.0 (compatible; MSIE 6.0; Windows NT 5.1)"
195.3.96.89 - - [13/Jul/2004:16:13:15 +0000] "GET /Home/Wohnen/Zimmer--93.html HTTP/1.1" 200 23204 "http://www.buehlerhof-lana.it/index.php?id=4" "Mozilla/4.0 (compatible; MSIE 6.0; Windows NT 5.1)"
195.3.96.117 - - [13/Jul/2004:16:13:39 +0000] "GET /Home/Wohnen/Zimmer--93.html HTTP/1.1" 200 23204 "http://www.buehlerhof-lana.it/index.php?id=4" "Mozilla/4.0 (compatible; MSIE 6.0; Windows NT 5.1)"
195.3.96.117 - - [13/Jul/2004:16:13:48 +0000] "GET /Home/Preise___Angebote/Zimmer--31.html HTTP/1.1" 200 20191 "http://www.buehlerhof-lana.it/index.php?id=93" "Mozilla/4.0 (compatible; MSIE 6.0; Windows NT 5.1)"
195.3.96.117 - - [13/Jul/2004:16:14:32 +0000] "GET /Home/Anfrage___Buchung--3.html HTTP/1.1" 200 26279 "http://www.buehlerhof-lana.it/index.php?id=4" "Mozilla/4.0 (compatible; MSIE 6.0; Windows NT 5.1)"
195.3.96.77 - - [13/Jul/2004:16:17:50 +0000] "GET /Home/Anfrage___Buchung/Best_tigung--86.html HTTP/1.1" 200 16403 "http://www.buehlerhof-lana.it/index.php?id=3" "Mozilla/4.0 (compatible; MSIE 6.0; Windows NT 5.1)"
195.3.96.115 - - [13/Jul/2004:16:18:37 +0000] "GET /Home/Willkommen--10.html HTTP/1.1" 200 20694 "http://www.eurohome.dk/search.php?lg=us&p=Garn%EC" "Mozilla/4.0 (compatible; MSIE 6.0; Windows NT 5.1)"
217.199.20.115 - - [13/Jul/2004:18:23:46 +0000] "GET /Home/Willkommen--10.html HTTP/1.1" 200 20694 "http://www.montagnavacanze.it/" "Mozilla/4.0 (compatible; MSIE 6.0; Windows NT 5.1)"
65.54.164.49 - - [13/Jul/2004:18:28:33 +0000] "GET /Home/Newsletter--12.html HTTP/1.1" 200 18927 "" "msnbot/0.11 (+http://search.msn.com/msnbot.htm)"
195.93.74.20 - - [13/Jul/2004:18:40:44 +0000] "GET /Home/Willkommen--10.html HTTP/1.1" 200 20694 "http://sucheaol.aol.de/suche/search.jsp?sg=Suche&q=www.buehlerhof-lana-it&wo=1&x=15&y=13" "Mozilla/4.0 (compatible; MSIE 6.0; AOL 9.0; Windows 98)"
195.93.73.17 - - [13/Jul/2004:18:42:33 +0000] "GET /Home/Willkommen--10.html HTTP/1.1" 200 20694 "http://www.buehlerhof-lana.it/" "Mozilla/4.0 (compatible; MSIE 6.0; AOL 9.0; Windows 98)"
195.93.73.11 - - [13/Jul/2004:18:42:47 +0000] "GET /Home/Ambiente/Innen--88.html HTTP/1.1" 200 23298 "http://www.buehlerhof-lana.it/index.php?id=10" "Mozilla/4.0 (compatible; MSIE 6.0; AOL 9.0; Windows 98)"
195.93.73.17 - - [13/Jul/2004:18:43:55 +0000] "GET /Home/Preise___Angebote/Pauschalangebote--29.html HTTP/1.1" 200 21164 "http://www.buehlerhof-lana.it/index.php?id=9" "Mozilla/4.0 (compatible; MSIE 6.0; AOL 9.0; Windows 98)"
195.93.73.11 - - [13/Jul/2004:18:44:29 +0000] "GET /Home/Wohnen/Zimmer--93.html HTTP/1.1" 200 23204 "http://www.buehlerhof-lana.it/index.php?id=29" "Mozilla/4.0 (compatible; MSIE 6.0; AOL 9.0; Windows 98)"
195.93.73.17 - - [13/Jul/2004:18:47:25 +0000] "GET /Home/Wohnen/Appartments--92.html HTTP/1.1" 200 22555 "http://www.buehlerhof-lana.it/index.php?id=8" "Mozilla/4.0 (compatible; MSIE 6.0; AOL 9.0; Windows 98)"
195.93.73.17 - - [13/Jul/2004:18:48:48 +0000] "GET /Home/Wohnen/Zimmer--93.html HTTP/1.1" 200 23204 "http://www.buehlerhof-lana.it/index.php?id=92" "Mozilla/4.0 (compatible; MSIE 6.0; AOL 9.0; Windows 98)"
195.93.73.11 - - [13/Jul/2004:18:49:07 +0000] "GET /Home/Umgebung/Badeseen--85.html HTTP/1.1" 200 22265 "http://www.buehlerhof-lana.it/index.php?id=93" "Mozilla/4.0 (compatible; MSIE 6.0; AOL 9.0; Windows 98)"
195.93.64.11 - - [13/Jul/2004:18:49:40 +0000] "GET /Home/Preise___Angebote/Zimmer--31.html HTTP/1.1" 200 20191 "http://www.buehlerhof-lana.it/index.php?id=7" "Mozilla/4.0 (compatible; MSIE 6.0; AOL 9.0; Windows 98)"
195.93.73.17 - - [13/Jul/2004:18:52:58 +0000] "GET /Home/G_stebuch--11.html HTTP/1.1" 200 19166 "http://www.buehlerhof-lana.it/index.php?id=4" "Mozilla/4.0 (compatible; MSIE 6.0; AOL 9.0; Windows 98)"
195.93.64.6 - - [13/Jul/2004:18:53:23 +0000] "GET /Home/360__Panorama--90.html HTTP/1.1" 200 17154 "http://www.buehlerhof-lana.it/index.php?id=11" "Mozilla/4.0 (compatible; MSIE 6.0; AOL 9.0; Windows 98)"
195.93.64.6 - - [13/Jul/2004:18:55:53 +0000] "GET /Home/Weiterempfehlung--48.html HTTP/1.1" 200 17953 "http://www.buehlerhof-lana.it/index.php?id=90&L=de" "Mozilla/4.0 (compatible; MSIE 6.0; AOL 9.0; Windows 98)"
195.93.64.6 - - [13/Jul/2004:18:56:01 +0000] "GET /Home/Newsletter--12.html HTTP/1.1" 200 18891 "http://www.buehlerhof-lana.it/index.php?id=48&L=de" "Mozilla/4.0 (compatible; MSIE 6.0; AOL 9.0; Windows 98)"
195.93.64.4 - - [13/Jul/2004:18:56:08 +0000] "GET /Home/Anreise/Lageplan--35.html HTTP/1.1" 200 17137 "http://www.buehlerhof-lana.it/index.php?id=12&L=de" "Mozilla/4.0 (compatible; MSIE 6.0; AOL 9.0; Windows 98)"
195.93.65.8 - - [13/Jul/2004:18:56:24 +0000] "GET /Home/Preise___Angebote/Zimmer--31.html HTTP/1.1" 200 20321 "http://www.buehlerhof-lana.it/index.php?id=2&L=de" "Mozilla/4.0 (compatible; MSIE 6.0; AOL 9.0; Windows 98)"
195.93.64.4 - - [13/Jul/2004:18:58:05 +0000] "GET /Home/Impressionen--6.html HTTP/1.1" 200 38176 "http://www.buehlerhof-lana.it/index.php?id=4&L=de" "Mozilla/4.0 (compatible; MSIE 6.0; AOL 9.0; Windows 98)"
195.93.64.6 - - [13/Jul/2004:18:59:16 +0000] "GET /Home/Aktivurlaub--66.html HTTP/1.1" 200 26502 "http://www.buehlerhof-lana.it/index.php?id=6&L=de" "Mozilla/4.0 (compatible; MSIE 6.0; AOL 9.0; Windows 98)"
195.93.64.7 - - [13/Jul/2004:18:59:48 +0000] "GET /Home/Veranstaltungen/Veranstaltungen_Lana/Bl_tenfesttage--59.html HTTP/1.1" 200 21134 "http://www.buehlerhof-lana.it/index.php?id=66&L=de" "Mozilla/4.0 (compatible; MSIE 6.0; AOL 9.0; Windows 98)"
195.93.64.6 - - [13/Jul/2004:19:00:07 +0000] "GET /Home/Sehenswertes/Bot._G_rten_Schloss_Trauttmann--67.html HTTP/1.1" 200 21187 "http://www.buehlerhof-lana.it/index.php?id=5&L=de" "Mozilla/4.0 (compatible; MSIE 6.0; AOL 9.0; Windows 98)"
195.93.64.6 - - [13/Jul/2004:19:00:21 +0000] "GET /Home/Sehenswertes/Schnatterpeckaltar--23.html HTTP/1.1" 200 18376 "http://www.buehlerhof-lana.it/index.php?id=65&L=de" "Mozilla/4.0 (compatible; MSIE 6.0; AOL 9.0; Windows 98)"
195.93.72.8 - - [13/Jul/2004:19:00:29 +0000] "GET /Home/Sehenswertes/S_dtiroler_Obstbaumuseum--24.html HTTP/1.1" 200 18315 "http://www.buehlerhof-lana.it/index.php?id=23&L=de" "Mozilla/4.0 (compatible; MSIE 6.0; AOL 9.0; Windows 98)"
195.93.64.4 - - [13/Jul/2004:19:00:37 +0000] "GET /Home/Umgebung/Badeseen--85.html HTTP/1.1" 200 21906 "http://www.buehlerhof-lana.it/index.php?id=24&L=de" "Mozilla/4.0 (compatible; MSIE 6.0; AOL 9.0; Windows 98)"
195.93.64.4 - - [13/Jul/2004:19:00:50 +0000] "GET /Home/Wohnen/Zimmer--93.html HTTP/1.1" 200 22652 "http://www.buehlerhof-lana.it/index.php?id=7&L=de" "Mozilla/4.0 (compatible; MSIE 6.0; AOL 9.0; Windows 98)"
195.93.74.17 - - [13/Jul/2004:19:03:05 +0000] "GET /Home/Ambiente/Innen--88.html HTTP/1.1" 200 22746 "http://www.buehlerhof-lana.it/index.php?id=8&L=de" "Mozilla/4.0 (compatible; MSIE 6.0; AOL 9.0; Windows 98)"
65.54.164.49 - - [13/Jul/2004:19:03:52 +0000] "GET /Home/Sehenswertes/Bot._G_rten_Schloss_Trauttmann--67.html HTTP/1.1" 200 21187 "" "msnbot/0.11 (+http://search.msn.com/msnbot.htm)"
195.93.64.6 - - [13/Jul/2004:19:04:45 +0000] "GET /Home/Willkommen--10.html HTTP/1.1" 200 20300 "http://www.buehlerhof-lana.it/index.php?id=9&L=de" "Mozilla/4.0 (compatible; MSIE 6.0; AOL 9.0; Windows 98)"
65.54.164.49 - - [13/Jul/2004:19:12:24 +0000] "GET /Home/Sehenswertes/Bot._G_rten_Schloss_Trauttmann--67.html HTTP/1.1" 200 21566 "" "msnbot/0.11 (+http://search.msn.com/msnbot.htm)"
65.54.164.49 - - [13/Jul/2004:19:52:59 +0000] "GET /Home/Newsletter--12.html HTTP/1.1" 200 18796 "" "msnbot/0.11 (+http://search.msn.com/msnbot.htm)"
82.48.26.213 - - [13/Jul/2004:19:54:11 +0000] "GET /Home/Willkommen--10.html HTTP/1.1" 200 20694 "http://search.virgilio.it/search/cgi/search.cgi?qs=hotel+lana&dom=s&author=&ng=&cname=&op=and&lr=it&filter=1&dv=&pg=0&type=&sortby=&sortdirection=&ranking=2&hits=10&iq=&hx=&cognome=hotel+lana&nome=&luogo=&csn=&offset=50" "Mozilla/4.0 (compatible; MSIE 6.0; Windows NT 5.1)"
82.48.26.213 - - [13/Jul/2004:19:54:27 +0000] "GET /Home/Preise___Angebote/Zimmer--31.html HTTP/1.1" 200 20191 "http://www.buehlerhof-lana.it/" "Mozilla/4.0 (compatible; MSIE 6.0; Windows NT 5.1)"
65.54.164.49 - - [13/Jul/2004:20:01:12 +0000] "GET /Home/Veranstaltungen/Veranstaltungen_Lana/Bl_tenfesttage--59.html HTTP/1.1" 200 21167 "" "msnbot/0.11 (+http://search.msn.com/msnbot.htm)"
65.54.164.49 - - [13/Jul/2004:20:06:31 +0000] "GET /Home/Ambiente/Innen--88.html HTTP/1.1" 200 23298 "" "msnbot/0.11 (+http://search.msn.com/msnbot.htm)"
195.93.74.18 - - [13/Jul/2004:20:09:03 +0000] "GET /Home/Weiterempfehlung--48.html HTTP/1.1" 200 17853 "http://sucheaol.aol.de/suche/search.jsp?sg=Suche&q=www.buehlerhof-lana.it&wo=1&x=22&y=10" "Mozilla/4.0 (compatible; MSIE 6.0; AOL 9.0; Windows 98)"
195.93.72.7 - - [13/Jul/2004:20:09:21 +0000] "GET /Home/Ambiente/Innen--88.html HTTP/1.1" 200 23298 "http://www.buehlerhof-lana.it/index.php?id=48" "Mozilla/4.0 (compatible; MSIE 6.0; AOL 9.0; Windows 98)"
195.93.74.10 - - [13/Jul/2004:20:09:39 +0000] "GET /Home/Ambiente/Aussen--87.html HTTP/1.1" 200 19697 "http://www.buehlerhof-lana.it/index.php?id=9" "Mozilla/4.0 (compatible; MSIE 6.0; AOL 9.0; Windows 98)"
65.54.164.49 - - [13/Jul/2004:20:10:03 +0000] "GET /Home/G_stebuch--11.html HTTP/1.1" 200 19166 "" "msnbot/0.11 (+http://search.msn.com/msnbot.htm)"
195.93.72.10 - - [13/Jul/2004:20:10:08 +0000] "GET /Home/Wohnen/Zimmer--93.html HTTP/1.1" 200 23204 "http://www.buehlerhof-lana.it/index.php?id=87" "Mozilla/4.0 (compatible; MSIE 6.0; AOL 9.0; Windows 98)"
195.93.74.7 - - [13/Jul/2004:20:10:59 +0000] "GET /Home/Wohnen/Appartments--92.html HTTP/1.1" 200 22555 "http://www.buehlerhof-lana.it/index.php?id=8" "Mozilla/4.0 (compatible; MSIE 6.0; AOL 9.0; Windows 98)"
195.93.74.7 - - [13/Jul/2004:20:11:02 +0000] "GET /Home/Wohnen/Appartments--92.html HTTP/1.1" 200 22555 "http://www.buehlerhof-lana.it/index.php?id=8" "Mozilla/4.0 (compatible; MSIE 6.0; AOL 9.0; Windows 98)"
195.93.65.11 - - [13/Jul/2004:20:12:28 +0000] "GET /Home/Preise___Angebote/Zimmer--31.html HTTP/1.1" 200 20191 "http://www.buehlerhof-lana.it/index.php?id=92" "Mozilla/4.0 (compatible; MSIE 6.0; AOL 9.0; Windows 98)"
65.54.164.49 - - [13/Jul/2004:20:12:47 +0000] "GET /Home/Anfrage___Buchung--3.html HTTP/1.1" 200 26279 "" "msnbot/0.11 (+http://search.msn.com/msnbot.htm)"
195.93.74.7 - - [13/Jul/2004:20:13:42 +0000] "GET /Home/Preise___Angebote/Pauschalangebote--29.html HTTP/1.1" 200 21164 "http://www.buehlerhof-lana.it/index.php?id=4" "Mozilla/4.0 (compatible; MSIE 6.0; AOL 9.0; Windows 98)"
195.93.65.12 - - [13/Jul/2004:20:14:17 +0000] "GET /Home/Veranstaltungen/Veranstaltungen_Lana/Bl_tenfesttage--59.html HTTP/1.1" 200 21167 "http://www.buehlerhof-lana.it/index.php?id=29" "Mozilla/4.0 (compatible; MSIE 6.0; AOL 9.0; Windows 98)"
195.93.73.6 - - [13/Jul/2004:20:14:30 +0000] "GET /Home/Veranstaltungen/Veranstaltungen_Lana/Lana_Jazz__04--58.html HTTP/1.1" 200 19599 "http://www.buehlerhof-lana.it/index.php?id=5" "Mozilla/4.0 (compatible; MSIE 6.0; AOL 9.0; Windows 98)"
195.93.74.18 - - [13/Jul/2004:20:14:37 +0000] "GET /Home/Veranstaltungen/Veranstaltungen_Lana/Langer_Donnerstag--57.html HTTP/1.1" 200 22089 "http://www.buehlerhof-lana.it/index.php?id=58" "Mozilla/4.0 (compatible; MSIE 6.0; AOL 9.0; Windows 98)"
195.93.74.7 - - [13/Jul/2004:20:14:48 +0000] "GET /Home/Veranstaltungen/Veranstaltungen_Lana/Freilichtspiele--56.html HTTP/1.1" 200 19481 "http://www.buehlerhof-lana.it/index.php?id=57" "Mozilla/4.0 (compatible; MSIE 6.0; AOL 9.0; Windows 98)"
195.93.74.7 - - [13/Jul/2004:20:14:56 +0000] "GET /Home/Veranstaltungen/Veranstaltungen_Lana/Kastanientage_in_V_llan_und_Ti--55.html HTTP/1.1" 200 19134 "http://www.buehlerhof-lana.it/index.php?id=56" "Mozilla/4.0 (compatible; MSIE 6.0; AOL 9.0; Windows 98)"
195.93.73.6 - - [13/Jul/2004:20:15:03 +0000] "GET /Home/Veranstaltungen/Veranstaltungen_M.../Meran-Flora--63.html HTTP/1.1" 200 21660 "http://www.buehlerhof-lana.it/index.php?id=55" "Mozilla/4.0 (compatible; MSIE 6.0; AOL 9.0; Windows 98)"
195.93.72.11 - - [13/Jul/2004:20:15:22 +0000] "GET /Home/Impressionen--6.html HTTP/1.1" 200 41336 "http://www.buehlerhof-lana.it/index.php?id=40" "Mozilla/4.0 (compatible; MSIE 6.0; AOL 9.0; Windows 98)"
195.93.72.11 - - [13/Jul/2004:20:16:01 +0000] "GET /Home/Willkommen--10.html HTTP/1.1" 200 20694 "http://www.buehlerhof-lana.it/index.php?id=6" "Mozilla/4.0 (compatible; MSIE 6.0; AOL 9.0; Windows 98)"
195.93.72.7 - - [13/Jul/2004:20:16:36 +0000] "GET /Home/Ambiente/Innen--88.html HTTP/1.1" 200 23298 "http://www.buehlerhof-lana.it/index.php?id=10" "Mozilla/4.0 (compatible; MSIE 6.0; AOL 9.0; Windows 98)"
195.93.74.10 - - [13/Jul/2004:20:16:49 +0000] "GET /Home/Ambiente/Aussen--87.html HTTP/1.1" 200 19697 "http://www.buehlerhof-lana.it/index.php?id=9" "Mozilla/4.0 (compatible; MSIE 6.0; AOL 9.0; Windows 98)"
195.93.72.11 - - [13/Jul/2004:20:16:55 +0000] "GET /Home/Willkommen--10.html HTTP/1.1" 200 20694 "http://www.buehlerhof-lana.it/index.php?id=87" "Mozilla/4.0 (compatible; MSIE 6.0; AOL 9.0; Windows 98)"
65.54.164.49 - - [13/Jul/2004:21:03:56 +0000] "GET /Home/Veranstaltungen/Veranstaltungen_Lana/Bl_tenfesttage--59.html HTTP/1.1" 200 21167 "" "msnbot/0.11 (+http://search.msn.com/msnbot.htm)"
212.48.11.148 - - [13/Jul/2004:21:07:56 +0000] "GET /Home/Willkommen--10.html HTTP/1.1" 200 20694 "" "PycURL"
65.54.164.49 - - [13/Jul/2004:21:49:58 +0000] "GET /Home/Impressionen--6.html HTTP/1.1" 200 41336 "" "msnbot/0.11 (+http://search.msn.com/msnbot.htm)"
62.10.5.243 - - [13/Jul/2004:22:27:31 +0000] "GET /Home/Willkommen--10.html HTTP/1.1" 200 20694 "" "Mozilla/4.0 (compatible; MSIE 6.0; Windows NT 5.1)"
62.10.5.243 - - [13/Jul/2004:22:28:31 +0000] "GET /Home/Willkommen--10.html HTTP/1.1" 200 20711 "http://www.buehlerhof-lana.it/" "Mozilla/4.0 (compatible; MSIE 6.0; Windows NT 5.1)"
62.10.5.243 - - [13/Jul/2004:22:29:24 +0000] "GET /Home/Preise___Angebote/Zimmer--31.html HTTP/1.1" 200 20428 "http://www.buehlerhof-lana.it/index.php?id=1&L=it" "Mozilla/4.0 (compatible; MSIE 6.0; Windows NT 5.1)"
217.199.20.115 - - [13/Jul/2004:22:38:35 +0000] "GET /Home/Willkommen--10.html HTTP/1.1" 200 20694 "http://www.montagnavacanze.it/Alto%20Adige/Merano%20e%20dintorni/lana_foiana_s_vigilio.htm" "Mozilla/4.0 (compatible; MSIE 6.0; Windows NT 5.1)"
213.70.2.194 - - [14/Jul/2004:01:55:17 +0000] "GET /Home/Willkommen--10.html HTTP/1.1" 200 20694 "" "Mozilla/4.0 (compatible; MSIE 5.5; Windows NT 5.0) RPT-HTTPClient/0.3-3"
65.54.164.49 - - [14/Jul/2004:01:56:42 +0000] "GET /Home/Wohnen/Zimmer--93.html HTTP/1.1" 200 23204 "" "msnbot/0.11 (+http://search.msn.com/msnbot.htm)"
63.148.99.239 - - [14/Jul/2004:03:55:16 +0000] "GET /Home/Willkommen--10.html HTTP/1.1" 200 20694 "" "Mozilla/4.0 (compatible; MSIE 6.0; Windows XP)"
63.148.99.239 - - [14/Jul/2004:03:55:57 +0000] "GET /Home/Willkommen--10.html HTTP/1.1" 200 20694 "http://www.buehlerhof-lana.it/" "Mozilla/4.0 (compatible; MSIE 6.0; Windows XP)"
213.156.45.15 - - [14/Jul/2004:06:23:55 +0000] "GET /Home/Willkommen--10.html HTTP/1.1" 200 20694 "" "Mozilla/4.05 [en]"
65.54.164.49 - - [14/Jul/2004:07:28:44 +0000] "GET /Home/Wohnen/Appartments--92.html HTTP/1.1" 200 22555 "" "msnbot/0.11 (+http://search.msn.com/msnbot.htm)"
83.129.193.123 - - [14/Jul/2004:08:12:47 +0000] "GET /Home/Willkommen--10.html HTTP/1.1" 200 20694 "http://www.suedtirol-ferien.it/hotel/Burgstall_dt.shtml" "Mozilla/4.0 (compatible; MSIE 6.0; Windows NT 5.1; .NET CLR 1.0.3705; .NET CLR 1.1.4322)"
83.129.193.123 - - [14/Jul/2004:08:12:57 +0000] "GET /Home/Preise___Angebote/Zimmer--31.html HTTP/1.1" 200 20191 "http://www.buehlerhof-lana.it/" "Mozilla/4.0 (compatible; MSIE 6.0; Windows NT 5.1; .NET CLR 1.0.3705; .NET CLR 1.1.4322)"
65.54.164.49 - - [14/Jul/2004:08:14:47 +0000] "GET /Home/Impressionen/Schnappsch_sse--91.html HTTP/1.1" 200 20424 "" "msnbot/0.11 (+http://search.msn.com/msnbot.htm)"
217.4.96.79 - - [14/Jul/2004:08:30:31 +0000] "GET /Home/Willkommen--10.html HTTP/1.1" 200 20694 "" "Mozilla/4.0 (compatible; MSIE 6.0; Windows NT 5.1; .NET CLR 1.1.4322)"
217.4.96.79 - - [14/Jul/2004:08:31:02 +0000] "GET /Home/Impressionen--6.html HTTP/1.1" 200 41336 "http://www.buehlerhof-lana.it" "Mozilla/4.0 (compatible; MSIE 6.0; Windows NT 5.1; .NET CLR 1.1.4322)"
217.4.96.79 - - [14/Jul/2004:08:31:14 +0000] "GET /Home/Impressionen/Schnappsch_sse--91.html HTTP/1.1" 200 20818 "http://www.buehlerhof-lana.it/index.php?id=6" "Mozilla/4.0 (compatible; MSIE 6.0; Windows NT 5.1; .NET CLR 1.1.4322)"
217.4.96.79 - - [14/Jul/2004:08:31:42 +0000] "GET /Home/Ambiente/Innen--88.html HTTP/1.1" 200 23298 "http://www.buehlerhof-lana.it/index.php?id=91" "Mozilla/4.0 (compatible; MSIE 6.0; Windows NT 5.1; .NET CLR 1.1.4322)"
217.4.96.79 - - [14/Jul/2004:08:33:18 +0000] "GET /Home/Impressionen--6.html HTTP/1.1" 200 41336 "http://www.buehlerhof-lana.it/index.php?id=9" "Mozilla/4.0 (compatible; MSIE 6.0; Windows NT 5.1; .NET CLR 1.1.4322)"
217.4.96.79 - - [14/Jul/2004:08:33:28 +0000] "GET /Home/Impressionen/Schnappsch_sse--91.html HTTP/1.1" 200 20818 "http://www.buehlerhof-lana.it/index.php?id=6" "Mozilla/4.0 (compatible; MSIE 6.0; Windows NT 5.1; .NET CLR 1.1.4322)"
217.160.77.115 - - [14/Jul/2004:08:41:07 +0000] "GET /Home/Willkommen--10.html HTTP/1.1" 200 20694 "" "Webverzeichnis.de - Telefon: 01908 / 26005"
80.238.130.93 - - [14/Jul/2004:09:14:55 +0000] "GET /Home/Willkommen--10.html HTTP/1.1" 200 20694 "" "Mozilla/4.0 (compatible; MSIE 6.0; Windows NT 5.1)"
80.238.130.93 - - [14/Jul/2004:09:15:43 +0000] "GET /Home/Willkommen--10.html HTTP/1.1" 200 20694 "" "Mozilla/4.0 (compatible; MSIE 6.0; Windows NT 5.1; MSIECrawler)"
80.238.130.93 - - [14/Jul/2004:09:15:44 +0000] "GET /Home/Willkommen--10.html HTTP/1.1" 200 20694 "" "Mozilla/4.0 (compatible; MSIE 6.0; Windows NT 5.1; MSIECrawler)"
192.35.17.24 - - [14/Jul/2004:12:06:07 +0000] "GET /Home/Willkommen--10.html HTTP/1.1" 200 20694 "http://dir.web.de/Touristik+%26+Reisen/Europa/Italien/S%FCdtirol/Pensionen/" "Mozilla/4.0 (compatible; MSIE 6.0; Windows NT 5.0; .NET CLR 1.1.4322; .NET CLR 1.0.3705)"
192.35.17.24 - - [14/Jul/2004:12:06:30 +0000] "GET /Home/Preise___Angebote/Zimmer--31.html HTTP/1.1" 200 20191 "http://www.buehlerhof-lana.it/" "Mozilla/4.0 (compatible; MSIE 6.0; Windows NT 5.0; .NET CLR 1.1.4322; .NET CLR 1.0.3705)"
217.199.27.210 - - [14/Jul/2004:12:14:09 +0000] "GET /Home/Willkommen--10.html HTTP/1.1" 200 20694 "" "Mozilla/4.0 (compatible; MSIE 6.0; Windows NT 5.1; Hotbar 4.4.9.0)"
217.199.27.210 - - [14/Jul/2004:12:14:47 +0000] "GET /Home/Wohnen/Zimmer--93.html HTTP/1.1" 200 23204 "http://www.buehlerhof-lana.it" "Mozilla/4.0 (compatible; MSIE 6.0; Windows NT 5.1; Hotbar 4.4.9.0)"
217.199.27.210 - - [14/Jul/2004:12:15:28 +0000] "GET /Home/Wohnen/Appartments--92.html HTTP/1.1" 200 22555 "http://www.buehlerhof-lana.it/index.php?id=8" "Mozilla/4.0 (compatible; MSIE 6.0; Windows NT 5.1; Hotbar 4.4.9.0)"
217.199.27.210 - - [14/Jul/2004:12:17:01 +0000] "GET /Home/Ambiente/Innen--88.html HTTP/1.1" 200 23298 "http://www.buehlerhof-lana.it/index.php?id=92" "Mozilla/4.0 (compatible; MSIE 6.0; Windows NT 5.1; Hotbar 4.4.9.0)"
217.199.27.210 - - [14/Jul/2004:12:17:32 +0000] "GET /Home/G_stebuch--11.html HTTP/1.1" 200 19166 "http://www.buehlerhof-lana.it/index.php?id=9" "Mozilla/4.0 (compatible; MSIE 6.0; Windows NT 5.1; Hotbar 4.4.9.0)"
62.99.148.195 - - [14/Jul/2004:12:22:18 +0000] "GET /Home/Willkommen--10.html HTTP/1.1" 200 20694 "http://www.suedtirol-ferien.it/hotel/Voellan_dt.shtml" "Mozilla/4.0 (compatible; MSIE 5.01; Windows NT 5.0)"
62.99.148.195 - - [14/Jul/2004:12:22:35 +0000] "GET /Home/Preise___Angebote/Zimmer--31.html HTTP/1.1" 200 20191 "http://www.buehlerhof-lana.it/" "Mozilla/4.0 (compatible; MSIE 5.01; Windows NT 5.0)"
62.99.148.195 - - [14/Jul/2004:12:23:05 +0000] "GET /Home/Wohnen/Zimmer--93.html HTTP/1.1" 200 23204 "http://www.buehlerhof-lana.it/index.php?id=4" "Mozilla/4.0 (compatible; MSIE 5.01; Windows NT 5.0)"
53.122.34.115 - - [14/Jul/2004:12:52:17 +0000] "GET /Home/Willkommen--10.html HTTP/1.1" 200 20694 "http://www.suedtirol-ferien.it/hotel/Ultental_dt.shtml" "Mozilla/4.0 (compatible; MSIE 6.0; Windows NT 4.0; dcstd010)"
53.122.34.116 - - [14/Jul/2004:12:52:35 +0000] "GET /Home/Willkommen--10.html HTTP/1.1" 200 20694 "http://www.suedtirol-ferien.it/hotel/Ultental_dt.shtml" "Mozilla/4.0 (compatible; MSIE 6.0; Windows NT 4.0; dcstd010)"
53.122.34.116 - - [14/Jul/2004:12:53:14 +0000] "GET /Home/Preise___Angebote/Zimmer--31.html HTTP/1.1" 200 20191 "http://www.buehlerhof-lana.it/" "Mozilla/4.0 (compatible; MSIE 6.0; Windows NT 4.0; dcstd010)"
53.122.34.116 - - [14/Jul/2004:12:53:21 +0000] "GET /Home/Preise___Angebote/Zimmer--31.html HTTP/1.1" 200 20191 "http://www.buehlerhof-lana.it/" "Mozilla/4.0 (compatible; MSIE 6.0; Windows NT 4.0; dcstd010)"
193.194.7.92 - - [14/Jul/2004:17:31:59 +0000] "GET /Home/Willkommen--10.html HTTP/1.1" 200 20694 "http://www.google.de/search?q=hotel+lana&hl=de&lr=lang_de&ie=UTF-8&start=10&sa=N" "Mozilla/4.0 (compatible; MSIE 6.0; Windows NT 4.0; drebaIE-GS)"
193.194.7.92 - - [14/Jul/2004:17:32:16 +0000] "GET /Home/Preise___Angebote/Zimmer--31.html HTTP/1.1" 200 20191 "http://www.buehlerhof-lana.it/" "Mozilla/4.0 (compatible; MSIE 6.0; Windows NT 4.0; drebaIE-GS)"
193.194.7.92 - - [14/Jul/2004:17:32:52 +0000] "GET /Home/Ambiente/Innen--88.html HTTP/1.1" 200 23298 "http://www.buehlerhof-lana.it/index.php?id=4" "Mozilla/4.0 (compatible; MSIE 6.0; Windows NT 4.0; drebaIE-GS)"
193.194.7.92 - - [14/Jul/2004:17:33:01 +0000] "GET /Home/Ambiente/Aussen--87.html HTTP/1.1" 200 19697 "http://www.buehlerhof-lana.it/index.php?id=9" "Mozilla/4.0 (compatible; MSIE 6.0; Windows NT 4.0; drebaIE-GS)"
193.194.7.92 - - [14/Jul/2004:17:33:07 +0000] "GET /Home/Wohnen/Zimmer--93.html HTTP/1.1" 200 23204 "http://www.buehlerhof-lana.it/index.php?id=87" "Mozilla/4.0 (compatible; MSIE 6.0; Windows NT 4.0; drebaIE-GS)"
195.3.96.117 - - [14/Jul/2004:17:46:04 +0000] "GET /Home/Willkommen--10.html HTTP/1.1" 200 20694 "" "Mozilla/4.0 (compatible; MSIE 6.0; Windows NT 5.1; Q312461)"
195.3.96.113 - - [14/Jul/2004:17:46:06 +0000] "GET /Home/Willkommen--10.html HTTP/1.1" 200 20694 "" "Mozilla/4.0 (compatible; MSIE 6.0; Windows NT 5.1; Q312461)"
195.3.96.89 - - [14/Jul/2004:17:46:19 +0000] "GET /Home/Wohnen/Zimmer--93.html HTTP/1.1" 200 23204 "http://www.buehlerhof-lana.it/" "Mozilla/4.0 (compatible; MSIE 6.0; Windows NT 5.1; Q312461)"
195.3.96.113 - - [14/Jul/2004:17:46:20 +0000] "GET /Home/Willkommen--10.html HTTP/1.1" 200 20694 "" "Mozilla/4.0 (compatible; MSIE 6.0; Windows NT 5.1; Q312461)"
195.3.96.89 - - [14/Jul/2004:17:46:33 +0000] "GET /Home/Wohnen/Appartments--92.html HTTP/1.1" 200 22555 "http://www.buehlerhof-lana.it/index.php?id=8" "Mozilla/4.0 (compatible; MSIE 6.0; Windows NT 5.1; Q312461)"
195.3.96.89 - - [14/Jul/2004:17:46:34 +0000] "GET /Home/Willkommen--10.html HTTP/1.1" 200 20694 "" "Mozilla/4.0 (compatible; MSIE 6.0; Windows NT 5.1; Q312461)"
195.3.96.89 - - [14/Jul/2004:17:46:52 +0000] "GET /Home/Preise___Angebote/Zimmer--31.html HTTP/1.1" 200 20191 "http://www.buehlerhof-lana.it/index.php?id=92" "Mozilla/4.0 (compatible; MSIE 6.0; Windows NT 5.1; Q312461)"
195.3.96.89 - - [14/Jul/2004:17:46:53 +0000] "GET /Home/Willkommen--10.html HTTP/1.1" 200 20694 "" "Mozilla/4.0 (compatible; MSIE 6.0; Windows NT 5.1; Q312461)"
195.3.96.89 - - [14/Jul/2004:17:47:18 +0000] "GET /Home/Wohnen/Zimmer--93.html HTTP/1.1" 200 23204 "http://www.buehlerhof-lana.it/index.php?id=4" "Mozilla/4.0 (compatible; MSIE 6.0; Windows NT 5.1; Q312461)"
195.3.96.113 - - [14/Jul/2004:17:47:19 +0000] "GET /Home/Willkommen--10.html HTTP/1.1" 200 20694 "" "Mozilla/4.0 (compatible; MSIE 6.0; Windows NT 5.1; Q312461)"
195.3.96.113 - - [14/Jul/2004:17:47:26 +0000] "GET /Home/Aktivurlaub--66.html HTTP/1.1" 200 27054 "http://www.buehlerhof-lana.it/index.php?id=93" "Mozilla/4.0 (compatible; MSIE 6.0; Windows NT 5.1; Q312461)"
195.3.96.113 - - [14/Jul/2004:17:47:28 +0000] "GET /Home/Willkommen--10.html HTTP/1.1" 200 20694 "" "Mozilla/4.0 (compatible; MSIE 6.0; Windows NT 5.1; Q312461)"
195.3.96.115 - - [14/Jul/2004:17:58:49 +0000] "GET /Home/Willkommen--10.html HTTP/1.1" 200 20694 "" "Mozilla/4.0 (compatible; MSIE 6.0; Windows NT 5.1; Q312461)"
195.3.96.102 - - [14/Jul/2004:19:15:31 +0000] "GET /Home/Willkommen--10.html HTTP/1.1" 200 20694 "" "Mozilla/4.0 (compatible; MSIE 6.0; Windows NT 5.1)"
195.3.96.102 - - [14/Jul/2004:19:16:02 +0000] "GET /Home/Ambiente/Innen--88.html HTTP/1.1" 200 23298 "http://www.buehlerhof-lana.it/" "Mozilla/4.0 (compatible; MSIE 6.0; Windows NT 5.1)"
195.3.96.102 - - [14/Jul/2004:19:16:45 +0000] "GET /Home/Wohnen/Zimmer--93.html HTTP/1.1" 200 23204 "http://www.buehlerhof-lana.it/index.php?id=9" "Mozilla/4.0 (compatible; MSIE 6.0; Windows NT 5.1)"
195.3.96.102 - - [14/Jul/2004:19:17:12 +0000] "GET /Home/Umgebung/Badeseen--85.html HTTP/1.1" 200 22265 "http://www.buehlerhof-lana.it/index.php?id=8" "Mozilla/4.0 (compatible; MSIE 6.0; Windows NT 5.1)"
195.3.96.102 - - [14/Jul/2004:19:17:25 +0000] "GET /Home/Umgebung/Brandiswaalweg--54.html HTTP/1.1" 200 21627 "http://www.buehlerhof-lana.it/index.php?id=7" "Mozilla/4.0 (compatible; MSIE 6.0; Windows NT 5.1)"
195.3.96.115 - - [14/Jul/2004:19:17:56 +0000] "GET /Home/Wohnen/Zimmer--93.html HTTP/1.1" 200 23204 "http://www.buehlerhof-lana.it/index.php?id=54" "Mozilla/4.0 (compatible; MSIE 6.0; Windows NT 5.1)"
195.3.96.115 - - [14/Jul/2004:19:18:30 +0000] "GET /Home/Anreise/Lageplan--35.html HTTP/1.1" 200 17032 "http://www.buehlerhof-lana.it/index.php?id=8" "Mozilla/4.0 (compatible; MSIE 6.0; Windows NT 5.1)"
217.5.30.100 - - [14/Jul/2004:19:24:38 +0000] "GET /Home/Willkommen--10.html HTTP/1.1" 200 20694 "" "Mozilla/4.0 (compatible; MSIE 6.0; Windows NT 5.1)"
217.5.30.100 - - [14/Jul/2004:19:25:07 +0000] "GET /Home/Ambiente/Innen--88.html HTTP/1.1" 200 23298 "" "Mozilla/4.0 (compatible; MSIE 6.0; Windows NT 5.1)"
217.5.30.100 - - [14/Jul/2004:19:25:29 +0000] "GET /Home/Ambiente/Aussen--87.html HTTP/1.1" 200 19697 "" "Mozilla/4.0 (compatible; MSIE 6.0; Windows NT 5.1)"
217.5.30.100 - - [14/Jul/2004:19:25:40 +0000] "GET /Home/Wohnen/Zimmer--93.html HTTP/1.1" 200 23204 "" "Mozilla/4.0 (compatible; MSIE 6.0; Windows NT 5.1)"
217.5.30.100 - - [14/Jul/2004:19:26:16 +0000] "GET /Home/Umgebung/Badeseen--85.html HTTP/1.1" 200 22265 "" "Mozilla/4.0 (compatible; MSIE 6.0; Windows NT 5.1)"
217.5.30.100 - - [14/Jul/2004:19:26:25 +0000] "GET /Home/Sehenswertes/Bot._G_rten_Schloss_Trauttmann--67.html HTTP/1.1" 200 21566 "" "Mozilla/4.0 (compatible; MSIE 6.0; Windows NT 5.1)"
217.5.30.100 - - [14/Jul/2004:19:26:36 +0000] "GET /Home/Veranstaltungen/Veranstaltungen_Lana/Bl_tenfesttage--59.html HTTP/1.1" 200 21167 "" "Mozilla/4.0 (compatible; MSIE 6.0; Windows NT 5.1)"
217.5.30.100 - - [14/Jul/2004:19:26:49 +0000] "GET /Home/Preise___Angebote/Zimmer--31.html HTTP/1.1" 200 20191 "" "Mozilla/4.0 (compatible; MSIE 6.0; Windows NT 5.1)"
217.5.30.100 - - [14/Jul/2004:19:28:16 +0000] "GET /Home/Ambiente/Innen--88.html HTTP/1.1" 200 23298 "" "Mozilla/4.0 (compatible; MSIE 6.0; Windows NT 5.1)"
217.5.30.100 - - [14/Jul/2004:19:28:31 +0000] "GET /Home/Ambiente/Aussen--87.html HTTP/1.1" 200 19697 "" "Mozilla/4.0 (compatible; MSIE 6.0; Windows NT 5.1)"
