164.128.235.28 - - [09/Jul/2004:10:46:01 +0000] "GET /Home/Veranstaltungen/Veranstaltungen_Lana/Bl_tenfesttage--59.html HTTP/1.1" 200 21167 "http://www.buehlerhof-lana.it/index.php?id=8" "Mozilla/4.0 (compatible; MSIE 6.0; Windows NT 4.0)"
65.54.164.49 - - [09/Jul/2004:10:46:12 +0000] "GET /Home/Veranstaltungen/Veranstaltungen_Lana/Bl_tenfesttage--59.html HTTP/1.1" 200 21134 "" "msnbot/0.11 (+http://search.msn.com/msnbot.htm)"
164.128.235.28 - - [09/Jul/2004:10:46:28 +0000] "GET /Home/Veranstaltungen/Veranstaltungen_Lana/Bl_tenfesttage--59.html HTTP/1.1" 200 21167 "http://www.buehlerhof-lana.it/index.php?id=5" "Mozilla/4.0 (compatible; MSIE 6.0; Windows NT 4.0)"
164.128.235.28 - - [09/Jul/2004:10:46:54 +0000] "GET /Home/Veranstaltungen/Veranstaltungen_M.../Meran-Flora--63.html HTTP/1.1" 200 21660 "http://www.buehlerhof-lana.it/index.php?id=41" "Mozilla/4.0 (compatible; MSIE 6.0; Windows NT 4.0)"
212.152.30.78 - - [09/Jul/2004:11:38:29 +0000] "GET /Home/Willkommen--10.html HTTP/1.1" 200 20694 "" "Mozilla/4.0 (compatible; MSIE 6.0; Windows NT 5.1)"
212.152.30.78 - - [09/Jul/2004:11:38:58 +0000] "GET /Home/Preise___Angebote/Zimmer--31.html HTTP/1.1" 200 20191 "" "Mozilla/4.0 (compatible; MSIE 6.0; Windows NT 5.1)"
212.152.30.78 - - [09/Jul/2004:11:40:39 +0000] "GET /Home/360__Panorama--90.html HTTP/1.1" 200 17154 "" "Mozilla/4.0 (compatible; MSIE 6.0; Windows NT 5.1)"
212.152.30.78 - - [09/Jul/2004:11:42:05 +0000] "GET /Home/Wohnen/Zimmer--93.html HTTP/1.1" 200 23204 "" "Mozilla/4.0 (compatible; MSIE 6.0; Windows NT 5.1)"
212.152.30.78 - - [09/Jul/2004:11:49:38 +0000] "GET /Home/Willkommen--10.html HTTP/1.1" 200 20694 "" "Mozilla/4.0 (compatible; MSIE 6.0; Windows NT 5.1)"
212.152.30.78 - - [09/Jul/2004:11:49:53 +0000] "GET /Home/Preise___Angebote/Zimmer--31.html HTTP/1.1" 200 20191 "" "Mozilla/4.0 (compatible; MSIE 6.0; Windows NT 5.1)"
195.210.89.61 - - [09/Jul/2004:11:50:08 +0000] "GET /Home/Willkommen--10.html HTTP/1.1" 200 20694 "" "libwww-perl/5.69"
212.152.30.78 - - [09/Jul/2004:11:50:29 +0000] "GET /Home/360__Panorama--90.html HTTP/1.1" 200 17154 "" "Mozilla/4.0 (compatible; MSIE 6.0; Windows NT 5.1)"
80.58.13.237 - - [09/Jul/2004:13:35:19 +0000] "GET /Home/Willkommen--10.html HTTP/1.1" 200 20694 "" "Mozilla/4.0 (compatible; grub-client-2.3)"
82.50.92.109 - - [09/Jul/2004:14:47:16 +0000] "GET /Home/Willkommen--10.html HTTP/1.1" 200 20694 "http://www.google.de/search?q=b%C3%BChlerhof&ie=UTF-8&hl=de&meta=" "Mozilla/4.0 (compatible; MSIE 6.0; Windows NT 5.1)"
82.50.92.109 - - [09/Jul/2004:14:48:18 +0000] "GET /Home/Wohnen/Zimmer--93.html HTTP/1.1" 200 23204 "http://www.buehlerhof-lana.it/" "Mozilla/4.0 (compatible; MSIE 6.0; Windows NT 5.1)"
82.50.92.109 - - [09/Jul/2004:14:48:42 +0000] "GET /Home/Umgebung/Badeseen--85.html HTTP/1.1" 200 22265 "http://www.buehlerhof-lana.it/index.php?id=8" "Mozilla/4.0 (compatible; MSIE 6.0; Windows NT 5.1)"
82.50.92.109 - - [09/Jul/2004:14:51:51 +0000] "GET /Home/Willkommen--10.html HTTP/1.1" 200 20694 "http://www.google.de/search?q=b%C3%BChlerhof&ie=UTF-8&hl=de&meta=" "Mozilla/4.0 (compatible; MSIE 6.0; Windows NT 5.1)"
82.50.92.109 - - [09/Jul/2004:14:51:55 +0000] "GET /Home/Anfrage___Buchung--3.html HTTP/1.1" 200 26279 "http://www.buehlerhof-lana.it/" "Mozilla/4.0 (compatible; MSIE 6.0; Windows NT 5.1)"
209.202.205.1 - - [09/Jul/2004:15:18:37 +0000] "GET /Home/Willkommen--10.html HTTP/1.1" 200 20694 "" "trexmod"
65.54.164.49 - - [09/Jul/2004:15:24:36 +0000] "GET /Home/Preise___Angebote/Appartements--30.html HTTP/1.1" 200 21853 "" "msnbot/0.11 (+http://search.msn.com/msnbot.htm)"
217.251.71.194 - - [09/Jul/2004:15:31:24 +0000] "GET /Home/Willkommen--10.html HTTP/1.1" 200 20694 "http://www.google.de/search?q=Margesin+Lana&ie=UTF-8&hl=de&meta=" "Mozilla/4.0 (compatible; MSIE 5.5; Windows 98; DT)"
217.251.71.194 - - [09/Jul/2004:15:32:31 +0000] "GET /Home/Preise___Angebote/Zimmer--31.html HTTP/1.1" 200 20191 "http://www.buehlerhof-lana.it/" "Mozilla/4.0 (compatible; MSIE 5.5; Windows 98; DT)"
65.54.164.49 - - [09/Jul/2004:15:32:42 +0000] "GET /Home/Preise___Angebote/Zimmer--31.html HTTP/1.1" 200 20428 "" "msnbot/0.11 (+http://search.msn.com/msnbot.htm)"
217.251.71.194 - - [09/Jul/2004:15:34:06 +0000] "GET /Home/Ambiente/Innen--88.html HTTP/1.1" 200 23298 "http://www.buehlerhof-lana.it/" "Mozilla/4.0 (compatible; MSIE 5.5; Windows 98; DT)"
217.251.71.194 - - [09/Jul/2004:15:34:45 +0000] "GET /Home/Wohnen/Zimmer--93.html HTTP/1.1" 200 23204 "http://www.buehlerhof-lana.it/" "Mozilla/4.0 (compatible; MSIE 5.5; Windows 98; DT)"
65.54.188.97 - - [09/Jul/2004:15:44:57 +0000] "GET /Home/Willkommen--10.html HTTP/1.1" 200 20694 "" "msnbot/0.11 (+http://search.msn.com/msnbot.htm)"
217.220.107.98 - - [09/Jul/2004:16:22:48 +0000] "GET /Home/Willkommen--10.html HTTP/1.1" 200 20694 "http://www.suedtirol-ferien.it/hotel/Nonsberg_it.shtml" "Mozilla/4.0 (compatible; MSIE 6.0; Windows NT 5.0)"
217.220.107.98 - - [09/Jul/2004:16:23:15 +0000] "GET /Home/Ambiente/Innen--88.html HTTP/1.1" 200 23298 "http://www.buehlerhof-lana.it/" "Mozilla/4.0 (compatible; MSIE 6.0; Windows NT 5.0)"
217.220.107.98 - - [09/Jul/2004:16:23:28 +0000] "GET /Home/Willkommen--10.html HTTP/1.1" 200 20694 "http://www.suedtirol-ferien.it/hotel/Nonsberg_it.shtml" "Mozilla/4.0 (compatible; MSIE 6.0; Windows NT 5.0)"
80.181.241.160 - - [09/Jul/2004:17:13:48 +0000] "GET /Home/Willkommen--10.html HTTP/1.1" 200 20694 "http://www.suedtirol-ferien.it/hotel/Nonsberg_it.shtml" "Mozilla/4.0 (compatible; MSIE 6.0; Windows 98; DP1000)"
80.181.241.160 - - [09/Jul/2004:17:14:03 +0000] "GET /Home/Ambiente/Innen--88.html HTTP/1.1" 200 23298 "http://www.buehlerhof-lana.it/" "Mozilla/4.0 (compatible; MSIE 6.0; Windows 98; DP1000)"
80.181.241.160 - - [09/Jul/2004:17:14:33 +0000] "GET /Home/Preise___Angebote/Zimmer--31.html HTTP/1.1" 200 20191 "http://www.buehlerhof-lana.it/index.php?id=9" "Mozilla/4.0 (compatible; MSIE 6.0; Windows 98; DP1000)"
80.181.241.160 - - [09/Jul/2004:17:14:48 +0000] "GET /Home/Wohnen/Zimmer--93.html HTTP/1.1" 200 23204 "http://www.buehlerhof-lana.it/index.php?id=4" "Mozilla/4.0 (compatible; MSIE 6.0; Windows 98; DP1000)"
80.181.241.160 - - [09/Jul/2004:17:15:17 +0000] "GET /Home/Willkommen--10.html HTTP/1.1" 200 20694 "http://www.buehlerhof-lana.it/index.php?id=93" "Mozilla/4.0 (compatible; MSIE 6.0; Windows 98; DP1000)"
65.54.164.49 - - [09/Jul/2004:18:04:28 +0000] "GET /Home/Umgebung/Kultur-_und_Naturlehrweg_Aichb--52.html HTTP/1.1" 200 21406 "" "msnbot/0.11 (+http://search.msn.com/msnbot.htm)"
194.228.211.203 - - [09/Jul/2004:18:09:42 +0000] "GET /Home/Willkommen--10.html HTTP/1.1" 200 20694 "http://www.thebestofnet.com/cgi-bin/topsecret.cgi?6743452643" "Mozilla/4.0 (compatible; MSIE 7.01; Windows 98)"
65.54.164.49 - - [09/Jul/2004:18:10:26 +0000] "GET /Home/Umgebung/Kultur-_und_Naturlehrweg_Aichb--52.html HTTP/1.1" 200 21047 "" "msnbot/0.11 (+http://search.msn.com/msnbot.htm)"
65.54.164.49 - - [09/Jul/2004:18:14:17 +0000] "GET /Home/Umgebung/Knottn-Kino--25.html HTTP/1.1" 200 21415 "" "msnbot/0.11 (+http://search.msn.com/msnbot.htm)"
65.54.164.49 - - [09/Jul/2004:18:17:10 +0000] "GET /Home/Umgebung/Meraner_H_henweg--51.html HTTP/1.1" 200 22655 "" "msnbot/0.11 (+http://search.msn.com/msnbot.htm)"
66.196.90.76 - - [09/Jul/2004:18:21:09 +0000] "GET /Home/Willkommen--10.html HTTP/1.1" 200 20694 "" "Mozilla/5.0 (compatible; Yahoo! Slurp; http://help.yahoo.com/help/us/ysearch/slurp)"
217.249.138.51 - - [09/Jul/2004:19:16:13 +0000] "GET /Home/Willkommen--10.html HTTP/1.1" 200 20694 "http://www.suedtirol-ferien.it/hotel/Ultental_dt.shtml" "Mozilla/4.0 (compatible; MSIE 5.5; Windows 98; DT)"
217.249.138.51 - - [09/Jul/2004:19:17:55 +0000] "GET /Home/Wohnen/Zimmer--93.html HTTP/1.1" 200 23204 "http://www.buehlerhof-lana.it/" "Mozilla/4.0 (compatible; MSIE 5.5; Windows 98; DT)"
217.249.138.51 - - [09/Jul/2004:19:19:13 +0000] "GET /Home/Preise___Angebote/Zimmer--31.html HTTP/1.1" 200 20191 "http://www.buehlerhof-lana.it/index.php?id=8" "Mozilla/4.0 (compatible; MSIE 5.5; Windows 98; DT)"
217.249.138.51 - - [09/Jul/2004:19:20:48 +0000] "GET /Home/Ambiente/Innen--88.html HTTP/1.1" 200 23298 "http://www.buehlerhof-lana.it/index.php?id=4" "Mozilla/4.0 (compatible; MSIE 5.5; Windows 98; DT)"
212.75.96.79 - - [09/Jul/2004:21:37:18 +0000] "GET /Home/Willkommen--10.html HTTP/1.1" 200 20694 "http://www.buehlerhof-lana.it/" "Mozilla/4.0 (compatible; MSIE 5.0; Windows 98; DigExt)"
217.185.15.233 - - [09/Jul/2004:21:44:21 +0000] "GET /Home/Willkommen--10.html HTTP/1.1" 200 20694 "http://directory.google.com/Top/World/Deutsch/Regional/Europa/Italien/Trentino-S%C3%BCdtirol/St%C3%A4dte_und_Gemeinden/Lana/Gastgewerbe/" "Mozilla/4.0 (compatible; MSIE 6.0; Windows NT 5.1)"
217.185.15.233 - - [09/Jul/2004:21:45:13 +0000] "GET /Home/Ambiente/Innen--88.html HTTP/1.1" 200 23298 "http://www.buehlerhof-lana.it/" "Mozilla/4.0 (compatible; MSIE 6.0; Windows NT 5.1)"
217.185.15.233 - - [09/Jul/2004:21:45:51 +0000] "GET /Home/Ambiente/Aussen--87.html HTTP/1.1" 200 19697 "http://www.buehlerhof-lana.it/index.php?id=9" "Mozilla/4.0 (compatible; MSIE 6.0; Windows NT 5.1)"
217.185.15.233 - - [09/Jul/2004:21:46:09 +0000] "GET /Home/Wohnen/Zimmer--93.html HTTP/1.1" 200 23204 "http://www.buehlerhof-lana.it/index.php?id=87" "Mozilla/4.0 (compatible; MSIE 6.0; Windows NT 5.1)"
217.185.15.233 - - [09/Jul/2004:21:46:22 +0000] "GET /Home/360__Panorama--90.html HTTP/1.1" 200 17154 "http://www.buehlerhof-lana.it/index.php?id=8" "Mozilla/4.0 (compatible; MSIE 6.0; Windows NT 5.1)"
217.185.15.233 - - [09/Jul/2004:21:46:50 +0000] "GET /Home/Preise___Angebote/Zimmer--31.html HTTP/1.1" 200 20321 "http://www.buehlerhof-lana.it/index.php?id=90&L=de" "Mozilla/4.0 (compatible; MSIE 6.0; Windows NT 5.1)"
217.185.15.233 - - [09/Jul/2004:21:47:29 +0000] "GET /Home/Preise___Angebote/Appartements--30.html HTTP/1.1" 200 21853 "http://www.buehlerhof-lana.it/index.php?id=4&L=de" "Mozilla/4.0 (compatible; MSIE 6.0; Windows NT 5.1)"
217.185.15.233 - - [09/Jul/2004:21:47:52 +0000] "GET /Home/Wohnen/Appartments--92.html HTTP/1.1" 200 22003 "http://www.buehlerhof-lana.it/index.php?id=30&L=de" "Mozilla/4.0 (compatible; MSIE 6.0; Windows NT 5.1)"
217.185.15.233 - - [09/Jul/2004:21:48:33 +0000] "GET /Home/Preise___Angebote/Zimmer--31.html HTTP/1.1" 200 20321 "http://www.buehlerhof-lana.it/index.php?id=92&L=de" "Mozilla/4.0 (compatible; MSIE 6.0; Windows NT 5.1)"
217.185.15.233 - - [09/Jul/2004:21:48:46 +0000] "GET /Home/Preise___Angebote/Appartements--30.html HTTP/1.1" 200 21853 "http://www.buehlerhof-lana.it/index.php?id=4&L=de" "Mozilla/4.0 (compatible; MSIE 6.0; Windows NT 5.1)"
217.185.15.233 - - [09/Jul/2004:21:50:48 +0000] "GET /Home/Preise___Angebote/Pauschalangebote--29.html HTTP/1.1" 200 21274 "http://www.buehlerhof-lana.it/index.php?id=30&L=de" "Mozilla/4.0 (compatible; MSIE 6.0; Windows NT 5.1)"
217.50.199.51 - - [09/Jul/2004:21:59:53 +0000] "GET /Home/Willkommen--10.html HTTP/1.1" 200 20694 "http://www.suedtirol-ferien.it/cgi-bin/hoteldatei/anfrage_online.pl?dt" "Mozilla/4.0 (compatible; MSIE 5.5; Windows 98; CSO 3.0)"
217.50.199.51 - - [09/Jul/2004:22:00:10 +0000] "GET /Home/Preise___Angebote/Zimmer--31.html HTTP/1.1" 200 20191 "http://www.buehlerhof-lana.it/" "Mozilla/4.0 (compatible; MSIE 5.5; Windows 98; CSO 3.0)"
213.73.76.186 - - [09/Jul/2004:22:30:54 +0000] "GET /Home/Willkommen--10.html HTTP/1.1" 200 20694 "http://www.suedtirol-ferien.it/_pensionen/Lana_dt.html" "Mozilla/4.0 (compatible; MSIE 5.01; Windows NT 5.0)"
213.73.76.186 - - [09/Jul/2004:22:31:53 +0000] "GET /Home/Ambiente/Innen--88.html HTTP/1.1" 200 23298 "http://www.buehlerhof-lana.it/" "Mozilla/4.0 (compatible; MSIE 5.01; Windows NT 5.0)"
213.73.76.186 - - [09/Jul/2004:22:32:37 +0000] "GET /Home/Ambiente/Aussen--87.html HTTP/1.1" 200 19697 "http://www.buehlerhof-lana.it/index.php?id=9" "Mozilla/4.0 (compatible; MSIE 5.01; Windows NT 5.0)"
213.73.76.186 - - [09/Jul/2004:22:33:00 +0000] "GET /Home/Wohnen/Zimmer--93.html HTTP/1.1" 200 23204 "http://www.buehlerhof-lana.it/index.php?id=87" "Mozilla/4.0 (compatible; MSIE 5.01; Windows NT 5.0)"
213.73.76.186 - - [09/Jul/2004:22:33:46 +0000] "GET /Home/Preise___Angebote/Zimmer--31.html HTTP/1.1" 200 20191 "http://www.buehlerhof-lana.it/index.php?id=8" "Mozilla/4.0 (compatible; MSIE 5.01; Windows NT 5.0)"
212.48.11.148 - - [10/Jul/2004:00:02:40 +0000] "GET /Home/Willkommen--10.html HTTP/1.1" 200 20694 "" "PycURL"
65.54.164.49 - - [10/Jul/2004:00:16:52 +0000] "GET /Home/Umgebung/Badeseen--85.html HTTP/1.1" 200 22265 "" "msnbot/0.11 (+http://search.msn.com/msnbot.htm)"
65.54.164.49 - - [10/Jul/2004:00:32:29 +0000] "GET /Home/Veranstaltungen/Veranstaltungen_M.../Gro_er_Preis_von_Meran--61.html HTTP/1.1" 200 18204 "" "msnbot/0.11 (+http://search.msn.com/msnbot.htm)"
194.228.211.203 - - [10/Jul/2004:00:45:58 +0000] "GET /Home/Willkommen--10.html HTTP/1.1" 200 20694 "http://www.thebestofnet.com/cgi-bin/topsecret.cgi?6743452643" "Mozilla/4.0 (compatible; MSIE 7.01; Windows 98)"
65.54.164.49 - - [10/Jul/2004:00:56:20 +0000] "GET /Home/Veranstaltungen/Veranstaltungen_Lana/Kastanientage_in_V_llan_und_Ti--55.html HTTP/1.1" 200 19328 "" "msnbot/0.11 (+http://search.msn.com/msnbot.htm)"
65.54.164.49 - - [10/Jul/2004:01:41:57 +0000] "GET /Home/Veranstaltungen/Veranstaltungen_Lana/Langer_Donnerstag--57.html HTTP/1.1" 200 22241 "" "msnbot/0.11 (+http://search.msn.com/msnbot.htm)"
65.54.164.49 - - [10/Jul/2004:01:53:14 +0000] "GET /Home/Umgebung/Gaulpromenade--53.html HTTP/1.1" 200 21718 "" "msnbot/0.11 (+http://search.msn.com/msnbot.htm)"
193.76.233.29 - - [10/Jul/2004:01:55:05 +0000] "GET /Home/Willkommen--10.html HTTP/1.1" 200 20694 "" "arianna.libero.it Linux/2.4.18-3 (linux)"
213.70.2.194 - - [10/Jul/2004:02:07:28 +0000] "GET /Home/Willkommen--10.html HTTP/1.1" 200 20694 "" "Mozilla/4.0 (compatible; MSIE 5.5; Windows NT 5.0) RPT-HTTPClient/0.3-3"
65.54.164.49 - - [10/Jul/2004:02:46:24 +0000] "GET /Home/Veranstaltungen/Veranstaltungen_Lana/Freilichtspiele--56.html HTTP/1.1" 200 19555 "" "msnbot/0.11 (+http://search.msn.com/msnbot.htm)"
193.22.160.2 - - [10/Jul/2004:02:52:10 +0000] "GET /Home/Willkommen--10.html HTTP/1.1" 200 20694 "http://directory.google.com/Top/World/Deutsch/Regional/Europa/Italien/Trentino-S%C3%BCdtirol/St%C3%A4dte_und_Gemeinden/Lana/Gastgewerbe/" "Mozilla/4.0 (compatible; MSIE 5.5; Windows NT 4.0)"
193.22.160.2 - - [10/Jul/2004:02:52:24 +0000] "GET /Home/Preise___Angebote/Zimmer--31.html HTTP/1.1" 200 20191 "http://www.buehlerhof-lana.it/" "Mozilla/4.0 (compatible; MSIE 5.5; Windows NT 4.0)"
193.22.163.2 - - [10/Jul/2004:02:53:03 +0000] "GET /Home/Aktivurlaub--66.html HTTP/1.1" 200 27054 "http://www.buehlerhof-lana.it/index.php?id=4" "Mozilla/4.0 (compatible; MSIE 5.5; Windows NT 4.0)"
65.54.164.49 - - [10/Jul/2004:03:05:48 +0000] "GET /Home/Veranstaltungen/Veranstaltungen_Lana/Lana_Jazz__04--58.html HTTP/1.1" 200 19653 "" "msnbot/0.11 (+http://search.msn.com/msnbot.htm)"
65.54.164.49 - - [10/Jul/2004:03:17:18 +0000] "GET /Home/Umgebung/Vigiljoch--27.html HTTP/1.1" 200 20247 "" "msnbot/0.11 (+http://search.msn.com/msnbot.htm)"
65.54.164.49 - - [10/Jul/2004:03:54:01 +0000] "GET /Home/Veranstaltungen/Veranstaltungen_M.../Gro_er_Preis_von_Meran--61.html HTTP/1.1" 200 17908 "" "msnbot/0.11 (+http://search.msn.com/msnbot.htm)"
65.54.164.49 - - [10/Jul/2004:03:56:21 +0000] "GET /Home/Umgebung/Meraner_H_henweg--51.html HTTP/1.1" 200 22425 "" "msnbot/0.11 (+http://search.msn.com/msnbot.htm)"
65.54.164.49 - - [10/Jul/2004:04:01:26 +0000] "GET /Home/Sehenswertes/Schnatterpeckaltar--23.html HTTP/1.1" 200 18574 "" "msnbot/0.11 (+http://search.msn.com/msnbot.htm)"
65.54.164.49 - - [10/Jul/2004:04:02:30 +0000] "GET /Home/Umgebung/Brandiswaalweg--54.html HTTP/1.1" 200 21627 "" "msnbot/0.11 (+http://search.msn.com/msnbot.htm)"
207.114.174.18 - - [10/Jul/2004:09:08:59 +0000] "GET /Home/Willkommen--10.html HTTP/1.1" 200 20694 "" "Gigabot/1.0"
65.54.164.49 - - [10/Jul/2004:09:34:11 +0000] "GET /Home/Veranstaltungen/Veranstaltungen_Lana/Bl_tenfesttage--59.html HTTP/1.1" 200 21173 "" "msnbot/0.11 (+http://search.msn.com/msnbot.htm)"
217.199.27.210 - - [10/Jul/2004:11:49:30 +0000] "GET /Home/Willkommen--10.html HTTP/1.1" 200 20694 "" "Mozilla/4.0 (compatible; MSIE 6.0; Windows NT 5.1; Hotbar 4.4.9.0)"
217.199.27.210 - - [10/Jul/2004:11:49:44 +0000] "GET /Home/Impressionen--6.html HTTP/1.1" 200 41336 "http://www.buehlerhof-lana.it" "Mozilla/4.0 (compatible; MSIE 6.0; Windows NT 5.1; Hotbar 4.4.9.0)"
217.199.27.210 - - [10/Jul/2004:11:49:48 +0000] "GET /Home/Impressionen/Schnappsch_sse--91.html HTTP/1.1" 200 20818 "http://www.buehlerhof-lana.it/index.php?id=6" "Mozilla/4.0 (compatible; MSIE 6.0; Windows NT 5.1; Hotbar 4.4.9.0)"
217.233.173.128 - - [10/Jul/2004:14:31:16 +0000] "GET /Home/Willkommen--10.html HTTP/1.1" 200 20694 "http://www.suedtirol-ferien.it/hotel/Lana_dt.shtml" "Mozilla/4.0 (compatible; MSIE 6.0; Windows NT 5.1; .NET CLR 1.0.3705; .NET CLR 1.1.4322)"
65.214.36.112 - - [10/Jul/2004:16:43:47 +0000] "GET /Home/Willkommen--10.html HTTP/1.1" 200 20694 "" "Mozilla/2.0 (compatible; Ask Jeeves/Teoma)"
65.54.164.49 - - [10/Jul/2004:17:53:33 +0000] "GET /Home/Preise___Angebote/Zimmer--31.html HTTP/1.1" 200 20191 "" "msnbot/0.11 (+http://search.msn.com/msnbot.htm)"
65.54.164.49 - - [10/Jul/2004:17:58:31 +0000] "GET /Home/Umgebung/Badeseen--85.html HTTP/1.1" 200 22265 "" "msnbot/0.11 (+http://search.msn.com/msnbot.htm)"
64.246.62.98 - - [10/Jul/2004:18:55:11 +0000] "GET /Home/Willkommen--10.html HTTP/1.1" 200 20694 "" "Mozilla/4.0 (compatible; MSIE 5.5; Windows 98; )"
65.54.164.49 - - [10/Jul/2004:19:28:37 +0000] "GET /Home/Wohnen/Zimmer--93.html HTTP/1.1" 200 23204 "" "msnbot/0.11 (+http://search.msn.com/msnbot.htm)"
194.228.211.203 - - [10/Jul/2004:19:37:44 +0000] "GET /Home/Willkommen--10.html HTTP/1.1" 200 20694 "http://www.thebestofnet.com/cgi-bin/topsecret.cgi?6743452643" "Mozilla/4.0 (compatible; MSIE 7.01; Windows 98)"
62.104.221.30 - - [10/Jul/2004:19:50:56 +0000] "GET /Home/Willkommen--10.html HTTP/1.1" 200 20694 "http://search.msn.de/spresults.aspx?q=www%5c%5cB%c3%bchlerhof+Lana+It&FORM=IE5" "Mozilla/4.0 (compatible; MSIE 5.01; Windows NT 5.0)"
62.104.221.30 - - [10/Jul/2004:19:53:56 +0000] "GET /Home/Preise___Angebote/Pauschalangebote--29.html HTTP/1.1" 200 21164 "http://www.buehlerhof-lana.it/" "Mozilla/4.0 (compatible; MSIE 5.01; Windows NT 5.0)"
62.104.221.30 - - [10/Jul/2004:19:55:59 +0000] "GET /Home/Ambiente/Innen--88.html HTTP/1.1" 200 23298 "http://www.buehlerhof-lana.it/index.php?id=29" "Mozilla/4.0 (compatible; MSIE 5.01; Windows NT 5.0)"
62.104.221.30 - - [10/Jul/2004:19:57:17 +0000] "GET /Home/Ambiente/Innen--88.html HTTP/1.1" 200 23298 "http://www.buehlerhof-lana.it/index.php?id=9" "Mozilla/4.0 (compatible; MSIE 5.01; Windows NT 5.0)"
62.104.221.30 - - [10/Jul/2004:19:57:59 +0000] "GET /Home/G_stebuch--11.html HTTP/1.1" 200 18360 "http://www.buehlerhof-lana.it/index.php?id=9" "Mozilla/4.0 (compatible; MSIE 5.01; Windows NT 5.0)"
62.104.221.30 - - [10/Jul/2004:20:01:38 +0000] "GET /Home/G_stebuch--11.html HTTP/1.1" 200 19166 "http://www.buehlerhof-lana.it/index.php?id=11" "Mozilla/4.0 (compatible; MSIE 5.01; Windows NT 5.0)"
62.104.221.30 - - [10/Jul/2004:20:02:17 +0000] "GET /Home/Preise___Angebote/Zimmer--31.html HTTP/1.1" 200 20191 "http://www.buehlerhof-lana.it/index.php?id=11&no_cache=1" "Mozilla/4.0 (compatible; MSIE 5.01; Windows NT 5.0)"
62.104.221.30 - - [10/Jul/2004:20:03:53 +0000] "GET /Home/Preise___Angebote/Pauschalangebote--29.html HTTP/1.1" 200 21164 "http://www.buehlerhof-lana.it/index.php?id=4" "Mozilla/4.0 (compatible; MSIE 5.01; Windows NT 5.0)"
62.104.221.30 - - [10/Jul/2004:20:05:45 +0000] "GET /Home/G_stebuch--11.html HTTP/1.1" 200 19166 "http://www.buehlerhof-lana.it/index.php?id=29" "Mozilla/4.0 (compatible; MSIE 5.01; Windows NT 5.0)"
62.104.221.30 - - [10/Jul/2004:20:06:56 +0000] "GET /Home/Willkommen--10.html HTTP/1.1" 200 20694 "http://www.buehlerhof-lana.it/index.php?id=11" "Mozilla/4.0 (compatible; MSIE 5.01; Windows NT 5.0)"
212.48.11.148 - - [10/Jul/2004:21:34:59 +0000] "GET /Home/Willkommen--10.html HTTP/1.1" 200 20694 "" "PycURL"
62.211.159.240 - - [10/Jul/2004:23:14:17 +0000] "GET /Home/Willkommen--10.html HTTP/1.1" 200 20694 "http://www.google.it/search?q=garn%C3%AC&hl=it&lr=lang_it&ie=UTF-8&start=100&sa=N" "Mozilla/4.0 (compatible; MSIE 6.0; Windows 98; alice01)"
194.228.211.203 - - [11/Jul/2004:01:13:51 +0000] "GET /Home/Willkommen--10.html HTTP/1.1" 200 20694 "http://www.thebestofnet.com/cgi-bin/topsecret.cgi?6743452643" "Mozilla/4.0 (compatible; MSIE 7.01; Windows 98)"
212.75.96.79 - - [11/Jul/2004:07:17:30 +0000] "GET /Home/Willkommen--10.html HTTP/1.1" 200 20694 "http://www.buehlerhof-lana.it" "Mozilla/4.0 (compatible; MSIE 5.0; Windows 98; DigExt)"
172.180.247.15 - - [11/Jul/2004:08:42:14 +0000] "GET /Home/Willkommen--10.html HTTP/1.1" 200 20694 "" "Mozilla/4.0 (compatible; MSIE 6.0; Windows NT 5.1; QXW03417)"
172.180.247.15 - - [11/Jul/2004:08:43:27 +0000] "GET /Home/Impressionen--6.html HTTP/1.1" 200 41336 "http://www.buehlerhof-lana.it/" "Mozilla/4.0 (compatible; MSIE 6.0; Windows NT 5.1; QXW03417)"
172.180.247.15 - - [11/Jul/2004:08:51:08 +0000] "GET /Home/Wohnen/Zimmer--93.html HTTP/1.1" 200 23204 "http://www.buehlerhof-lana.it/index.php?id=6" "Mozilla/4.0 (compatible; MSIE 6.0; Windows NT 5.1; QXW03417)"
172.180.247.15 - - [11/Jul/2004:08:51:38 +0000] "GET /Home/Aktivurlaub--66.html HTTP/1.1" 200 27054 "http://www.buehlerhof-lana.it/index.php?id=8" "Mozilla/4.0 (compatible; MSIE 6.0; Windows NT 5.1; QXW03417)"
192.92.126.164 - - [11/Jul/2004:10:17:07 +0000] "GET /Home/Willkommen--10.html HTTP/1.1" 200 20694 "http://www.suedtirol-ferien.it/hotel/Nonsberg_it.shtml" "Mozilla/4.0 (compatible; MSIE 5.01; Windows 98)"
217.229.159.191 - - [11/Jul/2004:10:33:35 +0000] "GET /Home/Willkommen--10.html HTTP/1.1" 200 20694 "http://www.google.de/search?q=Hotel+Garni+in+Meran&ie=UTF-8&hl=de&meta=" "Mozilla/4.0 (compatible; MSIE 6.0; Windows NT 5.1)"
217.229.159.191 - - [11/Jul/2004:10:33:51 +0000] "GET /Home/Preise___Angebote/Zimmer--31.html HTTP/1.1" 200 20191 "http://www.buehlerhof-lana.it/" "Mozilla/4.0 (compatible; MSIE 6.0; Windows NT 5.1)"
217.229.159.191 - - [11/Jul/2004:10:34:13 +0000] "GET /Home/Wohnen/Zimmer--93.html HTTP/1.1" 200 23204 "http://www.buehlerhof-lana.it/index.php?id=4" "Mozilla/4.0 (compatible; MSIE 6.0; Windows NT 5.1)"
217.229.159.191 - - [11/Jul/2004:10:34:41 +0000] "GET /Home/Preise___Angebote/Zimmer--31.html HTTP/1.1" 200 20191 "http://www.buehlerhof-lana.it/" "Mozilla/4.0 (compatible; MSIE 6.0; Windows NT 5.1)"
217.229.159.191 - - [11/Jul/2004:10:35:10 +0000] "GET /Home/Willkommen--10.html HTTP/1.1" 200 20694 "http://www.google.de/search?q=Hotel+Garni+in+Meran&ie=UTF-8&hl=de&meta=" "Mozilla/4.0 (compatible; MSIE 6.0; Windows NT 5.1)"
217.253.114.247 - - [11/Jul/2004:13:40:52 +0000] "GET /Home/Willkommen--10.html HTTP/1.1" 200 20694 "" "Mozilla/4.0 (compatible; MSIE 6.0; Windows NT 5.1)"
217.253.114.247 - - [11/Jul/2004:13:41:54 +0000] "GET /Home/Wohnen/Zimmer--93.html HTTP/1.1" 200 23204 "http://www.buehlerhof-lana.it" "Mozilla/4.0 (compatible; MSIE 6.0; Windows NT 5.1)"
217.253.114.247 - - [11/Jul/2004:13:43:30 +0000] "GET /Home/Wohnen/Appartments--92.html HTTP/1.1" 200 22555 "http://www.buehlerhof-lana.it/index.php?id=8" "Mozilla/4.0 (compatible; MSIE 6.0; Windows NT 5.1)"
212.144.74.159 - - [11/Jul/2004:14:26:30 +0000] "GET /Home/Willkommen--10.html HTTP/1.1" 200 20694 "http://www.suedtirol-ferien.it/hotel/Nals_dt.shtml" "Mozilla/4.0 (compatible; MSIE 6.0; Windows 98)"
212.144.74.159 - - [11/Jul/2004:14:26:52 +0000] "GET /Home/Preise___Angebote/Zimmer--31.html HTTP/1.1" 200 20191 "http://www.buehlerhof-lana.it/" "Mozilla/4.0 (compatible; MSIE 6.0; Windows 98)"
212.144.74.159 - - [11/Jul/2004:14:27:48 +0000] "GET /Home/Wohnen/Zimmer--93.html HTTP/1.1" 200 23204 "http://www.buehlerhof-lana.it/index.php?id=4" "Mozilla/4.0 (compatible; MSIE 6.0; Windows 98)"
213.7.21.220 - - [11/Jul/2004:14:35:37 +0000] "GET /Home/Willkommen--10.html HTTP/1.1" 200 20694 "" "Mozilla/4.0 (compatible; MSIE 6.0; Windows 98)"
213.7.0.61 - - [11/Jul/2004:15:55:46 +0000] "GET /Home/Willkommen--10.html HTTP/1.1" 200 20694 "http://www.suedtirol-ferien.it/hotel/Burgstall_dt.shtml" "Mozilla/4.0 (compatible; MSIE 6.0; Windows 98)"
213.7.0.61 - - [11/Jul/2004:15:56:10 +0000] "GET /Home/Preise___Angebote/Zimmer--31.html HTTP/1.1" 200 20191 "http://www.buehlerhof-lana.it/" "Mozilla/4.0 (compatible; MSIE 6.0; Windows 98)"
213.7.0.61 - - [11/Jul/2004:15:56:14 +0000] "GET /Home/Preise___Angebote/Zimmer--31.html HTTP/1.1" 200 20191 "http://www.buehlerhof-lana.it/" "Mozilla/4.0 (compatible; MSIE 6.0; Windows 98)"
213.156.45.15 - - [11/Jul/2004:16:05:38 +0000] "GET /Home/Willkommen--10.html HTTP/1.1" 200 20694 "" "Mozilla/4.05 [en]"
194.228.211.203 - - [11/Jul/2004:16:26:20 +0000] "GET /Home/Willkommen--10.html HTTP/1.1" 200 20694 "http://www.thebestofnet.com/cgi-bin/topsecret.cgi?6743452643" "Mozilla/4.0 (compatible; MSIE 7.01; Windows 98)"
195.93.74.20 - - [11/Jul/2004:16:27:49 +0000] "GET /Home/Willkommen--10.html HTTP/1.1" 200 20694 "http://www.google.de/search?q=hotel+b%FChlerhof%2C+lana.it&ie=ISO-8859-1&hl=de&btnG=Google-Suche&meta=" "Mozilla/4.0 (compatible; MSIE 6.0; AOL 9.0; Windows 98)"
195.93.73.11 - - [11/Jul/2004:16:29:01 +0000] "GET /Home/Wohnen/Zimmer--93.html HTTP/1.1" 200 23204 "http://www.buehlerhof-lana.it/" "Mozilla/4.0 (compatible; MSIE 6.0; AOL 9.0; Windows 98)"
195.93.64.11 - - [11/Jul/2004:16:29:52 +0000] "GET /Home/Preise___Angebote/Zimmer--31.html HTTP/1.1" 200 20191 "http://www.buehlerhof-lana.it/index.php?id=8" "Mozilla/4.0 (compatible; MSIE 6.0; AOL 9.0; Windows 98)"
195.93.73.17 - - [11/Jul/2004:16:31:15 +0000] "GET /Home/Preise___Angebote/Pauschalangebote--29.html HTTP/1.1" 200 21164 "http://www.buehlerhof-lana.it/index.php?id=4" "Mozilla/4.0 (compatible; MSIE 6.0; AOL 9.0; Windows 98)"
195.93.65.7 - - [11/Jul/2004:16:31:57 +0000] "GET /Home/Anfrage___Buchung--3.html HTTP/1.1" 200 26279 "http://www.buehlerhof-lana.it/index.php?id=29" "Mozilla/4.0 (compatible; MSIE 6.0; AOL 9.0; Windows 98)"
195.93.73.11 - - [11/Jul/2004:16:32:32 +0000] "GET /Home/Umgebung/Badeseen--85.html HTTP/1.1" 200 22265 "http://www.buehlerhof-lana.it/index.php?id=3" "Mozilla/4.0 (compatible; MSIE 6.0; AOL 9.0; Windows 98)"
195.93.64.6 - - [11/Jul/2004:16:33:02 +0000] "GET /Home/360__Panorama--90.html HTTP/1.1" 200 17154 "http://www.buehlerhof-lana.it/index.php?id=7" "Mozilla/4.0 (compatible; MSIE 6.0; AOL 9.0; Windows 98)"
80.182.19.103 - - [11/Jul/2004:16:36:24 +0000] "GET /Home/Willkommen--10.html HTTP/1.1" 200 20694 "http://www.suedtirol-ferien.it/hotel/Ultental_it.shtml" "Mozilla/4.0 (compatible; MSIE 6.0; Windows NT 5.1)"
217.255.58.3 - - [11/Jul/2004:17:14:38 +0000] "GET /Home/Willkommen--10.html HTTP/1.1" 200 20694 "http://www.suedtirol-ferien.it/cgi-bin/hoteldatei/Hotels_lesen.pl?dt" "Mozilla/5.0 (Macintosh; U; PPC Mac OS X; de-de) AppleWebKit/125.2 (KHTML, like Gecko) Safari/125.7"
82.48.141.78 - - [11/Jul/2004:17:19:19 +0000] "GET /Home/Willkommen--10.html HTTP/1.1" 200 20694 "http://arianna.libero.it/search/abin/search?pag=2&query=pension%20zimmer%20meran&s=2&np=12&start=10" "Mozilla/4.0 (compatible; MSIE 6.0; Windows NT 5.1)"
82.48.141.78 - - [11/Jul/2004:17:19:35 +0000] "GET /Home/Willkommen--10.html HTTP/1.1" 200 20711 "http://www.buehlerhof-lana.it/" "Mozilla/4.0 (compatible; MSIE 6.0; Windows NT 5.1)"
82.48.141.78 - - [11/Jul/2004:17:20:19 +0000] "GET /Home/Preise___Angebote/Zimmer--31.html HTTP/1.1" 200 20428 "http://www.buehlerhof-lana.it/index.php?id=1&L=it" "Mozilla/4.0 (compatible; MSIE 6.0; Windows NT 5.1)"
195.93.74.22 - - [11/Jul/2004:17:38:11 +0000] "GET /Home/Willkommen--10.html HTTP/1.1" 200 20694 "http://www.google.de/search?hl=de&ie=ISO-8859-1&q=b%FChlerhof%2Clana&meta=" "Mozilla/4.0 (compatible; MSIE 6.0; AOL 9.0; Windows 98)"
195.93.73.16 - - [11/Jul/2004:17:39:33 +0000] "GET /Home/Preise___Angebote/Zimmer--31.html HTTP/1.1" 200 20191 "http://www.buehlerhof-lana.it/" "Mozilla/4.0 (compatible; MSIE 6.0; AOL 9.0; Windows 98)"
195.93.65.15 - - [11/Jul/2004:17:40:32 +0000] "GET /Home/G_stebuch--11.html HTTP/1.1" 200 19166 "http://www.buehlerhof-lana.it/index.php?id=4" "Mozilla/4.0 (compatible; MSIE 6.0; AOL 9.0; Windows 98)"
195.93.73.16 - - [11/Jul/2004:17:41:09 +0000] "GET /Home/Impressionen--6.html HTTP/1.1" 200 41336 "http://www.buehlerhof-lana.it/index.php?id=11" "Mozilla/4.0 (compatible; MSIE 6.0; AOL 9.0; Windows 98)"
195.93.74.6 - - [11/Jul/2004:17:41:47 +0000] "GET /Home/Aktivurlaub--66.html HTTP/1.1" 200 27054 "http://www.buehlerhof-lana.it/index.php?id=6" "Mozilla/4.0 (compatible; MSIE 6.0; AOL 9.0; Windows 98)"
195.93.73.16 - - [11/Jul/2004:17:42:44 +0000] "GET /Home/Veranstaltungen/Veranstaltungen_Lana/Bl_tenfesttage--59.html HTTP/1.1" 200 21167 "http://www.buehlerhof-lana.it/index.php?id=66" "Mozilla/4.0 (compatible; MSIE 6.0; AOL 9.0; Windows 98)"
195.93.74.6 - - [11/Jul/2004:17:43:21 +0000] "GET /Home/Weiterempfehlung--48.html HTTP/1.1" 200 17853 "http://www.buehlerhof-lana.it/index.php?id=5" "Mozilla/4.0 (compatible; MSIE 6.0; AOL 9.0; Windows 98)"
195.93.73.16 - - [11/Jul/2004:17:43:34 +0000] "GET /Home/Umgebung/Badeseen--85.html HTTP/1.1" 200 22265 "http://www.buehlerhof-lana.it/index.php?id=48" "Mozilla/4.0 (compatible; MSIE 6.0; AOL 9.0; Windows 98)"
195.93.74.6 - - [11/Jul/2004:17:44:01 +0000] "GET /Home/Umgebung/Brandiswaalweg--54.html HTTP/1.1" 200 21627 "http://www.buehlerhof-lana.it/index.php?id=7" "Mozilla/4.0 (compatible; MSIE 6.0; AOL 9.0; Windows 98)"
195.93.74.6 - - [11/Jul/2004:17:44:26 +0000] "GET /Home/Umgebung/Gaulpromenade--53.html HTTP/1.1" 200 21718 "http://www.buehlerhof-lana.it/index.php?id=54" "Mozilla/4.0 (compatible; MSIE 6.0; AOL 9.0; Windows 98)"
195.93.74.6 - - [11/Jul/2004:17:44:37 +0000] "GET /Home/Umgebung/Kultur-_und_Naturlehrweg_Aichb--52.html HTTP/1.1" 200 21406 "http://www.buehlerhof-lana.it/index.php?id=53" "Mozilla/4.0 (compatible; MSIE 6.0; AOL 9.0; Windows 98)"
195.93.74.6 - - [11/Jul/2004:17:44:51 +0000] "GET /Home/Umgebung/Meraner_H_henweg--51.html HTTP/1.1" 200 22425 "http://www.buehlerhof-lana.it/index.php?id=52" "Mozilla/4.0 (compatible; MSIE 6.0; AOL 9.0; Windows 98)"
195.93.74.6 - - [11/Jul/2004:17:45:23 +0000] "GET /Home/Umgebung/Vigiljoch--27.html HTTP/1.1" 200 20247 "http://www.buehlerhof-lana.it/index.php?id=51" "Mozilla/4.0 (compatible; MSIE 6.0; AOL 9.0; Windows 98)"
195.93.74.6 - - [11/Jul/2004:17:45:39 +0000] "GET /Home/Umgebung/Partschinser_Wasserfall--26.html HTTP/1.1" 200 19260 "http://www.buehlerhof-lana.it/index.php?id=27" "Mozilla/4.0 (compatible; MSIE 6.0; AOL 9.0; Windows 98)"
195.93.74.6 - - [11/Jul/2004:17:45:52 +0000] "GET /Home/Umgebung/Knottn-Kino--25.html HTTP/1.1" 200 21415 "http://www.buehlerhof-lana.it/index.php?id=26" "Mozilla/4.0 (compatible; MSIE 6.0; AOL 9.0; Windows 98)"
195.93.66.7 - - [11/Jul/2004:17:46:41 +0000] "GET /Home/Preise___Angebote/Pauschalangebote--29.html HTTP/1.1" 200 21164 "http://www.buehlerhof-lana.it/index.php?id=25" "Mozilla/4.0 (compatible; MSIE 6.0; AOL 9.0; Windows 98)"
195.93.73.16 - - [11/Jul/2004:17:47:24 +0000] "GET /Home/Wohnen/Zimmer--93.html HTTP/1.1" 200 23204 "http://www.buehlerhof-lana.it/index.php?id=29" "Mozilla/4.0 (compatible; MSIE 6.0; AOL 9.0; Windows 98)"
195.93.73.16 - - [11/Jul/2004:17:48:42 +0000] "GET /Home/Preise___Angebote/Zimmer--31.html HTTP/1.1" 200 20191 "http://www.buehlerhof-lana.it/index.php?id=8" "Mozilla/4.0 (compatible; MSIE 6.0; AOL 9.0; Windows 98)"
62.104.216.91 - - [11/Jul/2004:17:49:32 +0000] "GET /Home/Willkommen--10.html HTTP/1.1" 200 20694 "" "Mozilla/4.0 (compatible; MSIE 5.5; Windows 98)"
62.104.216.91 - - [11/Jul/2004:17:50:03 +0000] "GET /Home/Anreise/Lageplan--35.html HTTP/1.1" 200 17032 "http://www.buehlerhof-lana.it/" "Mozilla/4.0 (compatible; MSIE 5.5; Windows 98)"
195.93.74.22 - - [11/Jul/2004:18:02:05 +0000] "GET /Home/Willkommen--10.html HTTP/1.1" 200 20694 "http://www.google.de/search?q=b%FChlerhof%2Clana&ie=ISO-8859-1&hl=de&meta=" "Mozilla/4.0 (compatible; MSIE 6.0; AOL 9.0; Windows 98)"
195.93.73.16 - - [11/Jul/2004:18:02:35 +0000] "GET /Home/Anfrage___Buchung--3.html HTTP/1.1" 200 26279 "http://www.buehlerhof-lana.it/" "Mozilla/4.0 (compatible; MSIE 6.0; AOL 9.0; Windows 98)"
195.93.64.7 - - [11/Jul/2004:18:11:02 +0000] "GET /Home/Anfrage___Buchung/Best_tigung--86.html HTTP/1.1" 200 16403 "http://www.buehlerhof-lana.it/index.php?id=3" "Mozilla/4.0 (compatible; MSIE 6.0; AOL 9.0; Windows 98)"
80.146.23.148 - - [11/Jul/2004:18:33:13 +0000] "GET /Home/Willkommen--10.html HTTP/1.1" 200 20694 "" "Mozilla/4.0 (compatible; grub-client-1.5.3; Crawl your own stuff with http://grub.org)"
217.248.160.122 - - [11/Jul/2004:18:50:07 +0000] "GET /Home/Willkommen--10.html HTTP/1.1" 200 20694 "http://www.suedtirol-ferien.it/hotel/Nals_dt.shtml" "Mozilla/4.0 (compatible; MSIE 6.0; Windows 98; DT)"
217.248.160.122 - - [11/Jul/2004:18:50:37 +0000] "GET /Home/Preise___Angebote/Zimmer--31.html HTTP/1.1" 200 20191 "http://www.buehlerhof-lana.it/" "Mozilla/4.0 (compatible; MSIE 6.0; Windows 98; DT)"
194.138.18.131 - - [11/Jul/2004:20:16:07 +0000] "GET /Home/Willkommen--10.html HTTP/1.1" 200 20694 "http://www.suedtirol-ferien.it/cgi-bin/hoteldatei/Hotels_lesen.pl?dt" "Mozilla/4.0 (compatible; MSIE 6.0; Windows NT 5.0; .NET CLR 1.0.3705; .NET CLR 1.1.4322)"
194.138.18.131 - - [11/Jul/2004:20:17:21 +0000] "GET /Home/Preise___Angebote/Zimmer--31.html HTTP/1.1" 200 20191 "http://www.buehlerhof-lana.it/" "Mozilla/4.0 (compatible; MSIE 6.0; Windows NT 5.0; .NET CLR 1.0.3705; .NET CLR 1.1.4322)"
195.186.150.6 - - [11/Jul/2004:20:31:11 +0000] "GET /Home/Willkommen--10.html HTTP/1.1" 200 20694 "" "Mozilla/4.0 (compatible; MSIE 6.0; Windows NT 5.1)"
195.186.150.6 - - [11/Jul/2004:20:31:31 +0000] "GET /Home/Preise___Angebote/Zimmer--31.html HTTP/1.1" 200 20191 "" "Mozilla/4.0 (compatible; MSIE 6.0; Windows NT 5.1)"
195.186.150.6 - - [11/Jul/2004:20:34:01 +0000] "GET /Home/Wohnen/Zimmer--93.html HTTP/1.1" 200 23204 "" "Mozilla/4.0 (compatible; MSIE 6.0; Windows NT 5.1)"
212.48.11.148 - - [11/Jul/2004:22:09:28 +0000] "GET /Home/Willkommen--10.html HTTP/1.1" 200 20694 "" "PycURL"
195.93.74.20 - - [11/Jul/2004:22:38:56 +0000] "GET /Home/Willkommen--10.html HTTP/1.1" 200 20694 "http://www.google.de/search?q=Hotel+B%FChlerhof&ie=ISO-8859-1&hl=de&btnG=Google-Suche&meta=" "Mozilla/4.0 (compatible; MSIE 6.0; AOL 9.0; Windows 98)"
195.93.65.7 - - [11/Jul/2004:22:39:18 +0000] "GET /Home/Anfrage___Buchung--3.html HTTP/1.1" 200 26279 "http://www.buehlerhof-lana.it/" "Mozilla/4.0 (compatible; MSIE 6.0; AOL 9.0; Windows 98)"
195.93.73.9 - - [11/Jul/2004:22:42:47 +0000] "GET /Home/Newsletter--12.html HTTP/1.1" 200 18796 "http://www.buehlerhof-lana.it/index.php?id=3" "Mozilla/4.0 (compatible; MSIE 6.0; AOL 9.0; Windows 98)"
195.93.65.7 - - [11/Jul/2004:22:43:18 +0000] "GET /Home/Anfrage___Buchung--3.html HTTP/1.1" 200 26279 "http://www.buehlerhof-lana.it/index.php?id=12" "Mozilla/4.0 (compatible; MSIE 6.0; AOL 9.0; Windows 98)"
65.54.164.49 - - [12/Jul/2004:00:20:14 +0000] "GET /Home/Anreise/Wetterbericht--33.html HTTP/1.1" 200 16663 "" "msnbot/0.11 (+http://search.msn.com/msnbot.htm)"
65.54.164.49 - - [12/Jul/2004:01:12:57 +0000] "GET /Home/Impressionen--6.html HTTP/1.1" 200 38176 "" "msnbot/0.11 (+http://search.msn.com/msnbot.htm)"
65.54.164.49 - - [12/Jul/2004:01:18:47 +0000] "GET /Home/Willkommen--10.html HTTP/1.1" 200 20711 "" "msnbot/0.11 (+http://search.msn.com/msnbot.htm)"
65.54.164.49 - - [12/Jul/2004:03:03:59 +0000] "GET /Home/Willkommen--10.html HTTP/1.1" 200 20300 "" "msnbot/0.11 (+http://search.msn.com/msnbot.htm)"
217.160.212.217 - - [12/Jul/2004:07:13:08 +0000] "GET /Home/Willkommen--10.html HTTP/1.1" 200 20694 "" "PHP/4.2.2"
81.62.226.222 - - [12/Jul/2004:08:26:53 +0000] "GET /Home/Willkommen--10.html HTTP/1.1" 200 20694 "" "Mozilla/4.0 (compatible; MSIE 6.0; Windows NT 5.1; .NET CLR 1.1.4322)"
81.62.226.222 - - [12/Jul/2004:08:27:38 +0000] "GET /Home/Wohnen/Zimmer--93.html HTTP/1.1" 200 23204 "" "Mozilla/4.0 (compatible; MSIE 6.0; Windows NT 5.1; .NET CLR 1.1.4322)"
81.62.226.222 - - [12/Jul/2004:08:28:08 +0000] "GET /Home/Preise___Angebote/Zimmer--31.html HTTP/1.1" 200 20191 "" "Mozilla/4.0 (compatible; MSIE 6.0; Windows NT 5.1; .NET CLR 1.1.4322)"
81.62.226.222 - - [12/Jul/2004:08:28:58 +0000] "GET /Home/Preise___Angebote/Pauschalangebote--29.html HTTP/1.1" 200 21164 "" "Mozilla/4.0 (compatible; MSIE 6.0; Windows NT 5.1; .NET CLR 1.1.4322)"
81.62.226.222 - - [12/Jul/2004:08:30:48 +0000] "GET /Home/Willkommen--10.html HTTP/1.1" 200 20694 "" "Mozilla/4.0 (compatible; MSIE 6.0; Windows NT 5.1; .NET CLR 1.1.4322)"
195.101.94.209 - - [12/Jul/2004:09:23:11 +0000] "GET /Home/Willkommen--10.html HTTP/1.1" 200 20694 "" "Mozilla/4.0 (compatible; MSIE 5.0; Windows 95) VoilaBot BETA 1.2 (http://www.voila.com/)"
217.253.115.29 - - [12/Jul/2004:10:44:17 +0000] "GET /Home/Willkommen--10.html HTTP/1.1" 200 20694 "" "Mozilla/4.0 (compatible; MSIE 6.0; Windows NT 5.1)"
217.253.115.29 - - [12/Jul/2004:10:44:46 +0000] "GET /Home/Wohnen/Zimmer--93.html HTTP/1.1" 200 23204 "http://www.buehlerhof-lana.it" "Mozilla/4.0 (compatible; MSIE 6.0; Windows NT 5.1)"
217.253.115.29 - - [12/Jul/2004:10:46:02 +0000] "GET /Home/Wohnen/Appartments--92.html HTTP/1.1" 200 22555 "http://www.buehlerhof-lana.it/index.php?id=8" "Mozilla/4.0 (compatible; MSIE 6.0; Windows NT 5.1)"
62.146.195.100 - - [12/Jul/2004:10:52:21 +0000] "GET /Home/Willkommen--10.html HTTP/1.1" 200 20694 "" "Mozilla/4.0 (compatible; MSIE 6.0; Windows NT 5.0; S.N.O.W.2; .NET CLR 1.1.4322)"
62.146.195.100 - - [12/Jul/2004:10:56:02 +0000] "GET /Home/Wohnen/Zimmer--93.html HTTP/1.1" 200 23204 "http://www.buehlerhof-lana.it/" "Mozilla/4.0 (compatible; MSIE 6.0; Windows NT 5.0; S.N.O.W.2; .NET CLR 1.1.4322)"
65.54.164.49 - - [12/Jul/2004:10:56:07 +0000] "GET /Home/Anreise/Wetterbericht--33.html HTTP/1.1" 200 16768 "" "msnbot/0.11 (+http://search.msn.com/msnbot.htm)"
62.146.195.100 - - [12/Jul/2004:10:56:40 +0000] "GET /Home/Ambiente/Innen--88.html HTTP/1.1" 200 23298 "http://www.buehlerhof-lana.it/" "Mozilla/4.0 (compatible; MSIE 6.0; Windows NT 5.0; S.N.O.W.2; .NET CLR 1.1.4322)"
62.146.195.100 - - [12/Jul/2004:10:56:53 +0000] "GET /Home/Sehenswertes/Bot._G_rten_Schloss_Trauttmann--67.html HTTP/1.1" 200 21566 "http://www.buehlerhof-lana.it/index.php?id=9" "Mozilla/4.0 (compatible; MSIE 6.0; Windows NT 5.0; S.N.O.W.2; .NET CLR 1.1.4322)"
62.146.195.100 - - [12/Jul/2004:10:57:08 +0000] "GET /Home/Veranstaltungen/Veranstaltungen_Lana/Bl_tenfesttage--59.html HTTP/1.1" 200 21167 "http://www.buehlerhof-lana.it/index.php?id=65" "Mozilla/4.0 (compatible; MSIE 6.0; Windows NT 5.0; S.N.O.W.2; .NET CLR 1.1.4322)"
62.146.195.100 - - [12/Jul/2004:10:57:20 +0000] "GET /Home/Aktivurlaub--66.html HTTP/1.1" 200 27054 "http://www.buehlerhof-lana.it/index.php?id=5" "Mozilla/4.0 (compatible; MSIE 6.0; Windows NT 5.0; S.N.O.W.2; .NET CLR 1.1.4322)"
62.146.195.100 - - [12/Jul/2004:10:57:47 +0000] "GET /Home/Preise___Angebote/Zimmer--31.html HTTP/1.1" 200 20191 "http://www.buehlerhof-lana.it/index.php?id=66" "Mozilla/4.0 (compatible; MSIE 6.0; Windows NT 5.0; S.N.O.W.2; .NET CLR 1.1.4322)"
62.146.195.100 - - [12/Jul/2004:10:58:33 +0000] "GET /Home/Preise___Angebote/Appartements--30.html HTTP/1.1" 200 21728 "http://www.buehlerhof-lana.it/index.php?id=4" "Mozilla/4.0 (compatible; MSIE 6.0; Windows NT 5.0; S.N.O.W.2; .NET CLR 1.1.4322)"
62.146.195.100 - - [12/Jul/2004:10:58:50 +0000] "GET /Home/Anreise/Lageplan--35.html HTTP/1.1" 200 17032 "http://www.buehlerhof-lana.it/index.php?id=30" "Mozilla/4.0 (compatible; MSIE 6.0; Windows NT 5.0; S.N.O.W.2; .NET CLR 1.1.4322)"
62.146.195.100 - - [12/Jul/2004:10:59:25 +0000] "GET /Home/Newsletter--12.html HTTP/1.1" 200 18796 "http://www.buehlerhof-lana.it/index.php?id=2" "Mozilla/4.0 (compatible; MSIE 6.0; Windows NT 5.0; S.N.O.W.2; .NET CLR 1.1.4322)"
62.146.195.100 - - [12/Jul/2004:10:59:32 +0000] "GET /Home/G_stebuch--11.html HTTP/1.1" 200 19166 "http://www.buehlerhof-lana.it/index.php?id=12" "Mozilla/4.0 (compatible; MSIE 6.0; Windows NT 5.0; S.N.O.W.2; .NET CLR 1.1.4322)"
62.146.195.100 - - [12/Jul/2004:10:59:43 +0000] "GET /Home/Weiterempfehlung--48.html HTTP/1.1" 200 17853 "http://www.buehlerhof-lana.it/index.php?id=11" "Mozilla/4.0 (compatible; MSIE 6.0; Windows NT 5.0; S.N.O.W.2; .NET CLR 1.1.4322)"
62.146.195.100 - - [12/Jul/2004:10:59:54 +0000] "GET /Home/Willkommen--10.html HTTP/1.1" 200 20694 "http://www.buehlerhof-lana.it/index.php?id=12" "Mozilla/4.0 (compatible; MSIE 6.0; Windows NT 5.0; S.N.O.W.2; .NET CLR 1.1.4322)"
62.146.195.100 - - [12/Jul/2004:10:59:55 +0000] "GET /Home/Willkommen--10.html HTTP/1.1" 200 20694 "http://www.buehlerhof-lana.it/index.php?id=12" "Mozilla/4.0 (compatible; MSIE 6.0; Windows NT 5.0; S.N.O.W.2; .NET CLR 1.1.4322)"
65.54.164.49 - - [12/Jul/2004:11:03:05 +0000] "GET /Home/Anreise/Routenplaner--34.html HTTP/1.1" 200 20070 "" "msnbot/0.11 (+http://search.msn.com/msnbot.htm)"
80.143.105.202 - - [12/Jul/2004:12:01:48 +0000] "GET /Home/Willkommen--10.html HTTP/1.1" 200 20694 "http://www.suedtirol-ferien.it/hotel/Lana_dt.shtml" "Mozilla/5.0 (Macintosh; U; PPC Mac OS X; de-de) AppleWebKit/125.2 (KHTML, like Gecko) Safari/125.7"
62.146.195.100 - - [12/Jul/2004:13:12:46 +0000] "GET /Home/Willkommen--10.html HTTP/1.1" 200 20694 "" "Mozilla/4.0 (compatible; MSIE 6.0; Windows NT 5.0; S.N.O.W.2; .NET CLR 1.1.4322)"
62.146.195.100 - - [12/Jul/2004:13:13:22 +0000] "GET /Home/Wohnen/Zimmer--93.html HTTP/1.1" 200 23204 "http://www.buehlerhof-lana.it/" "Mozilla/4.0 (compatible; MSIE 6.0; Windows NT 5.0; S.N.O.W.2; .NET CLR 1.1.4322)"
62.146.195.100 - - [12/Jul/2004:13:14:07 +0000] "GET /Home/360__Panorama--90.html HTTP/1.1" 200 17154 "http://www.buehlerhof-lana.it/index.php?id=8" "Mozilla/4.0 (compatible; MSIE 6.0; Windows NT 5.0; S.N.O.W.2; .NET CLR 1.1.4322)"
62.146.195.100 - - [12/Jul/2004:13:15:20 +0000] "GET /Home/Ambiente/Innen--88.html HTTP/1.1" 200 22746 "http://www.buehlerhof-lana.it/index.php?id=90&L=de" "Mozilla/4.0 (compatible; MSIE 6.0; Windows NT 5.0; S.N.O.W.2; .NET CLR 1.1.4322)"
62.146.195.100 - - [12/Jul/2004:13:15:17 +0000] "GET /Home/Wohnen/Zimmer--93.html HTTP/1.1" 200 22652 "http://www.buehlerhof-lana.it/index.php?id=90&L=de" "Mozilla/4.0 (compatible; MSIE 6.0; Windows NT 5.0; S.N.O.W.2; .NET CLR 1.1.4322)"
62.146.195.100 - - [12/Jul/2004:13:15:41 +0000] "GET /Home/Preise___Angebote/Pauschalangebote--29.html HTTP/1.1" 200 21274 "http://www.buehlerhof-lana.it/index.php?id=9&L=de" "Mozilla/4.0 (compatible; MSIE 6.0; Windows NT 5.0; S.N.O.W.2; .NET CLR 1.1.4322)"
195.127.109.179 - - [12/Jul/2004:13:50:20 +0000] "GET /Home/Willkommen--10.html HTTP/1.1" 200 20694 "http://www.google.de/search?q=hotel+b%C3%BChlerhof&ie=UTF-8&hl=de&meta=" "Mozilla/4.0 (compatible; MSIE 6.0; Windows NT 5.1)"
213.7.24.94 - - [12/Jul/2004:13:57:24 +0000] "GET /Home/Willkommen--10.html HTTP/1.1" 200 20694 "http://www.suedtirol-ferien.it/_pensionen/Lana_dt.html" "Mozilla/4.0 (compatible; MSIE 6.0; Windows NT 5.1; .NET CLR 1.0.3705; .NET CLR 1.1.4322)"
213.7.24.94 - - [12/Jul/2004:13:57:56 +0000] "GET /Home/Preise___Angebote/Zimmer--31.html HTTP/1.1" 200 20191 "http://www.buehlerhof-lana.it/" "Mozilla/4.0 (compatible; MSIE 6.0; Windows NT 5.1; .NET CLR 1.0.3705; .NET CLR 1.1.4322)"
80.184.52.56 - - [12/Jul/2004:14:27:47 +0000] "GET /Home/Willkommen--10.html HTTP/1.1" 200 20694 "http://www.motorradhotelguide.de/u202.htm" "Mozilla/5.0 (Windows; U; Win98; de-DE; rv:1.6) Gecko/20040206 Firefox/0.8"
80.184.52.56 - - [12/Jul/2004:14:27:53 +0000] "GET /Home/Willkommen--10.html HTTP/1.1" 200 20694 "http://www.motorradhotelguide.de/u202.htm" "Mozilla/5.0 (Windows; U; Win98; de-DE; rv:1.6) Gecko/20040206 Firefox/0.8"
80.184.52.56 - - [12/Jul/2004:14:28:18 +0000] "GET /Home/Preise___Angebote/Zimmer--31.html HTTP/1.1" 200 20191 "http://www.buehlerhof-lana.it/" "Mozilla/5.0 (Windows; U; Win98; de-DE; rv:1.6) Gecko/20040206 Firefox/0.8"
194.138.18.131 - - [12/Jul/2004:14:37:48 +0000] "GET /Home/Willkommen--10.html HTTP/1.1" 200 20694 "http://www.suedtirol-ferien.it/cgi-bin/hoteldatei/Hotels_lesen.pl?dt" "Mozilla/4.0 (compatible; MSIE 6.0; Windows NT 5.0; .NET CLR 1.0.3705; .NET CLR 1.1.4322)"
194.138.18.131 - - [12/Jul/2004:14:38:35 +0000] "GET /Home/Ambiente/Innen--88.html HTTP/1.1" 200 23298 "http://www.buehlerhof-lana.it/" "Mozilla/4.0 (compatible; MSIE 6.0; Windows NT 5.0; .NET CLR 1.0.3705; .NET CLR 1.1.4322)"
194.138.18.131 - - [12/Jul/2004:14:39:24 +0000] "GET /Home/Ambiente/Aussen--87.html HTTP/1.1" 200 19697 "http://www.buehlerhof-lana.it/index.php?id=9" "Mozilla/4.0 (compatible; MSIE 6.0; Windows NT 5.0; .NET CLR 1.0.3705; .NET CLR 1.1.4322)"
194.138.18.131 - - [12/Jul/2004:14:39:58 +0000] "GET /Home/Wohnen/Zimmer--93.html HTTP/1.1" 200 23204 "http://www.buehlerhof-lana.it/index.php?id=87" "Mozilla/4.0 (compatible; MSIE 6.0; Windows NT 5.0; .NET CLR 1.0.3705; .NET CLR 1.1.4322)"
194.138.18.131 - - [12/Jul/2004:14:40:57 +0000] "GET /Home/Preise___Angebote/Zimmer--31.html HTTP/1.1" 200 20191 "http://www.buehlerhof-lana.it/index.php?id=8" "Mozilla/4.0 (compatible; MSIE 6.0; Windows NT 5.0; .NET CLR 1.0.3705; .NET CLR 1.1.4322)"
194.138.18.131 - - [12/Jul/2004:14:43:28 +0000] "GET /Home/Ambiente/Innen--88.html HTTP/1.1" 200 23298 "http://www.buehlerhof-lana.it/index.php?id=4" "Mozilla/4.0 (compatible; MSIE 6.0; Windows NT 5.0; .NET CLR 1.0.3705; .NET CLR 1.1.4322)"
194.138.18.131 - - [12/Jul/2004:14:44:00 +0000] "GET /Home/Umgebung/Badeseen--85.html HTTP/1.1" 200 22265 "http://www.buehlerhof-lana.it/index.php?id=9" "Mozilla/4.0 (compatible; MSIE 6.0; Windows NT 5.0; .NET CLR 1.0.3705; .NET CLR 1.1.4322)"
62.224.43.5 - - [12/Jul/2004:14:48:30 +0000] "GET /Home/Willkommen--10.html HTTP/1.1" 200 20694 "http://www.suedtirol-ferien.it/hotel/Ultental_dt.shtml" "Mozilla/4.0 (compatible; MSIE 6.0; Windows NT 5.0)"
62.224.43.5 - - [12/Jul/2004:14:49:13 +0000] "GET /Home/Wohnen/Zimmer--93.html HTTP/1.1" 200 23204 "http://www.buehlerhof-lana.it/" "Mozilla/4.0 (compatible; MSIE 6.0; Windows NT 5.0)"
194.138.18.131 - - [12/Jul/2004:15:13:02 +0000] "GET /Home/Willkommen--10.html HTTP/1.1" 200 20694 "http://www.suedtirol-ferien.it/cgi-bin/hoteldatei/Hotels_lesen.pl?dt" "Mozilla/4.0 (compatible; MSIE 6.0; Windows NT 5.0; .NET CLR 1.0.3705; .NET CLR 1.1.4322)"
194.138.18.131 - - [12/Jul/2004:15:18:40 +0000] "GET /Home/Ambiente/Innen--88.html HTTP/1.1" 200 23298 "http://www.buehlerhof-lana.it/" "Mozilla/4.0 (compatible; MSIE 6.0; Windows NT 5.0; .NET CLR 1.0.3705; .NET CLR 1.1.4322)"
194.138.18.131 - - [12/Jul/2004:15:19:14 +0000] "GET /Home/Preise___Angebote/Zimmer--31.html HTTP/1.1" 200 20191 "http://www.buehlerhof-lana.it/index.php?id=9" "Mozilla/4.0 (compatible; MSIE 6.0; Windows NT 5.0; .NET CLR 1.0.3705; .NET CLR 1.1.4322)"
194.138.18.131 - - [12/Jul/2004:15:21:25 +0000] "GET /Home/Wohnen/Zimmer--93.html HTTP/1.1" 200 23204 "http://www.buehlerhof-lana.it/index.php?id=4" "Mozilla/4.0 (compatible; MSIE 6.0; Windows NT 5.0; .NET CLR 1.0.3705; .NET CLR 1.1.4322)"
65.54.164.49 - - [12/Jul/2004:15:48:06 +0000] "GET /Home/Ambiente/Aussen--87.html HTTP/1.1" 200 19471 "" "msnbot/0.11 (+http://search.msn.com/msnbot.htm)"
194.138.18.131 - - [12/Jul/2004:15:56:56 +0000] "GET /Home/Willkommen--10.html HTTP/1.1" 200 20694 "" "Mozilla/4.0 (compatible; MSIE 6.0; Windows NT 5.0; .NET CLR 1.0.3705; .NET CLR 1.1.4322)"
194.138.18.131 - - [12/Jul/2004:15:58:01 +0000] "GET /Home/Wohnen/Zimmer--93.html HTTP/1.1" 200 23204 "http://www.buehlerhof-lana.it/" "Mozilla/4.0 (compatible; MSIE 6.0; Windows NT 5.0; .NET CLR 1.0.3705; .NET CLR 1.1.4322)"
194.138.18.131 - - [12/Jul/2004:15:58:25 +0000] "GET /Home/Wohnen/Appartments--92.html HTTP/1.1" 200 22555 "http://www.buehlerhof-lana.it/index.php?id=8" "Mozilla/4.0 (compatible; MSIE 6.0; Windows NT 5.0; .NET CLR 1.0.3705; .NET CLR 1.1.4322)"
194.138.18.131 - - [12/Jul/2004:15:58:37 +0000] "GET /Home/Preise___Angebote/Zimmer--31.html HTTP/1.1" 200 20191 "http://www.buehlerhof-lana.it/index.php?id=92" "Mozilla/4.0 (compatible; MSIE 6.0; Windows NT 5.0; .NET CLR 1.0.3705; .NET CLR 1.1.4322)"
194.138.18.131 - - [12/Jul/2004:15:58:58 +0000] "GET /Home/Anreise/Lageplan--35.html HTTP/1.1" 200 17032 "http://www.buehlerhof-lana.it/index.php?id=4" "Mozilla/4.0 (compatible; MSIE 6.0; Windows NT 5.0; .NET CLR 1.0.3705; .NET CLR 1.1.4322)"
65.54.164.49 - - [12/Jul/2004:16:02:36 +0000] "GET /Home/Umgebung/Knottn-Kino--25.html HTTP/1.1" 200 21056 "" "msnbot/0.11 (+http://search.msn.com/msnbot.htm)"
65.54.164.49 - - [12/Jul/2004:16:07:56 +0000] "GET /Home/Umgebung/Meraner_H_henweg--51.html HTTP/1.1" 200 22071 "" "msnbot/0.11 (+http://search.msn.com/msnbot.htm)"
217.220.107.98 - - [12/Jul/2004:16:13:53 +0000] "GET /Home/Willkommen--10.html HTTP/1.1" 200 20694 "http://www.suedtirol-ferien.it/hotel/Tscherms_it.shtml" "Mozilla/4.0 (compatible; MSIE 6.0; Windows NT 5.0)"
65.54.164.49 - - [12/Jul/2004:16:14:53 +0000] "GET /Home/Umgebung/Partschinser_Wasserfall--26.html HTTP/1.1" 200 19227 "" "msnbot/0.11 (+http://search.msn.com/msnbot.htm)"
65.54.164.49 - - [12/Jul/2004:16:23:49 +0000] "GET /Home/Umgebung/Gaulpromenade--53.html HTTP/1.1" 200 21359 "" "msnbot/0.11 (+http://search.msn.com/msnbot.htm)"
80.136.41.66 - - [12/Jul/2004:16:24:40 +0000] "GET /Home/Willkommen--10.html HTTP/1.1" 200 20694 "http://www.suedtirol-ferien.it/hotel/Lana_dt.shtml" "Mozilla/4.0 (compatible; MSIE 6.0; Windows NT 5.1; .NET CLR 1.1.4322)"
80.136.41.66 - - [12/Jul/2004:16:24:57 +0000] "GET /Home/Preise___Angebote/Zimmer--31.html HTTP/1.1" 200 20191 "http://www.buehlerhof-lana.it/" "Mozilla/4.0 (compatible; MSIE 6.0; Windows NT 5.1; .NET CLR 1.1.4322)"
57.66.42.244 - - [12/Jul/2004:16:26:00 +0000] "GET /Home/Willkommen--10.html HTTP/1.1" 200 20694 "http://www.google.at/search?q=hotel+pension+meran+lana+&ie=UTF-8&hl=de&btnG=Google-Suche&meta=" "Mozilla/4.0 (compatible; MSIE 5.5; Windows NT 5.0; WYETH)"
