65.54.188.69 - - [07/Jul/2004:12:30:10 +0000] "GET /Home/Newsletter--12.html HTTP/1.1" 200 18927 "" "msnbot/0.11 (+http://search.msn.com/msnbot.htm)"
65.54.188.69 - - [07/Jul/2004:12:31:10 +0000] "GET /Home/Umgebung/Knottn-Kino--25.html HTTP/1.1" 200 21415 "" "msnbot/0.11 (+http://search.msn.com/msnbot.htm)"
65.54.188.69 - - [07/Jul/2004:12:31:46 +0000] "GET /Home/Sehenswertes/Bot._G_rten_Schloss_Trauttmann--67.html HTTP/1.1" 200 21749 "" "msnbot/0.11 (+http://search.msn.com/msnbot.htm)"
65.54.188.69 - - [07/Jul/2004:12:32:16 +0000] "GET /Home/Anreise/Lageplan--35.html HTTP/1.1" 200 17171 "" "msnbot/0.11 (+http://search.msn.com/msnbot.htm)"
65.54.188.69 - - [07/Jul/2004:12:32:43 +0000] "GET /Home/Aktivurlaub--66.html HTTP/1.1" 200 26873 "" "msnbot/0.11 (+http://search.msn.com/msnbot.htm)"
65.54.188.69 - - [07/Jul/2004:12:33:11 +0000] "GET /Home/Veranstaltungen/Veranstaltungen_Lana/Langer_Donnerstag--57.html HTTP/1.1" 200 22241 "" "msnbot/0.11 (+http://search.msn.com/msnbot.htm)"
65.54.188.69 - - [07/Jul/2004:12:33:42 +0000] "GET /Home/Veranstaltungen/Veranstaltungen_Lana/Freilichtspiele--56.html HTTP/1.1" 200 19555 "" "msnbot/0.11 (+http://search.msn.com/msnbot.htm)"
65.54.188.69 - - [07/Jul/2004:12:34:29 +0000] "GET /Home/Veranstaltungen/Veranstaltungen_Lana/Lana_Jazz__04--58.html HTTP/1.1" 200 19653 "" "msnbot/0.11 (+http://search.msn.com/msnbot.htm)"
65.54.188.69 - - [07/Jul/2004:12:34:52 +0000] "GET /Home/Veranstaltungen/Veranstaltungen_Lana/Bl_tenfesttage--59.html HTTP/1.1" 200 21173 "" "msnbot/0.11 (+http://search.msn.com/msnbot.htm)"
65.54.188.69 - - [07/Jul/2004:12:35:25 +0000] "GET /Home/Veranstaltungen/Veranstaltungen_Lana/Kastanientage_in_V_llan_und_Ti--55.html HTTP/1.1" 200 19328 "" "msnbot/0.11 (+http://search.msn.com/msnbot.htm)"
65.54.188.69 - - [07/Jul/2004:12:36:05 +0000] "GET /Home/Veranstaltungen/Veranstaltungen_M.../Meran-Flora--63.html HTTP/1.1" 200 21787 "" "msnbot/0.11 (+http://search.msn.com/msnbot.htm)"
65.54.188.69 - - [07/Jul/2004:12:36:41 +0000] "GET /Home/Impressionen--6.html HTTP/1.1" 200 41403 "" "msnbot/0.11 (+http://search.msn.com/msnbot.htm)"
65.54.188.69 - - [07/Jul/2004:12:37:19 +0000] "GET /Home/Umgebung/Partschinser_Wasserfall--26.html HTTP/1.1" 200 19260 "" "msnbot/0.11 (+http://search.msn.com/msnbot.htm)"
65.54.188.69 - - [07/Jul/2004:12:37:50 +0000] "GET /Home/Preise___Angebote/Zimmer--31.html HTTP/1.1" 200 20321 "" "msnbot/0.11 (+http://search.msn.com/msnbot.htm)"
65.54.188.69 - - [07/Jul/2004:12:38:14 +0000] "GET /Home/Sehenswertes/Museen--68.html HTTP/1.1" 200 19075 "" "msnbot/0.11 (+http://search.msn.com/msnbot.htm)"
65.54.188.69 - - [07/Jul/2004:12:39:25 +0000] "GET /Home/Anreise/Wetterbericht--33.html HTTP/1.1" 200 16835 "" "msnbot/0.11 (+http://search.msn.com/msnbot.htm)"
65.54.188.69 - - [07/Jul/2004:12:39:50 +0000] "GET /Home/Anreise/Routenplaner--34.html HTTP/1.1" 200 20003 "" "msnbot/0.11 (+http://search.msn.com/msnbot.htm)"
65.54.188.69 - - [07/Jul/2004:12:40:20 +0000] "GET /Home/Sehenswertes/S_dtiroler_Obstbaumuseum--24.html HTTP/1.1" 200 18425 "" "msnbot/0.11 (+http://search.msn.com/msnbot.htm)"
65.54.188.69 - - [07/Jul/2004:12:41:00 +0000] "GET /Home/Sehenswertes/Schnatterpeckaltar--23.html HTTP/1.1" 200 18574 "" "msnbot/0.11 (+http://search.msn.com/msnbot.htm)"
65.54.188.69 - - [07/Jul/2004:12:41:32 +0000] "GET /Home/Veranstaltungen/Veranstaltungen_M.../Gro_er_Preis_von_Meran--61.html HTTP/1.1" 200 17908 "" "msnbot/0.11 (+http://search.msn.com/msnbot.htm)"
65.54.188.69 - - [07/Jul/2004:12:42:06 +0000] "GET /Home/Preise___Angebote/Zimmer--31.html HTTP/1.1" 200 20428 "" "msnbot/0.11 (+http://search.msn.com/msnbot.htm)"
65.54.188.69 - - [07/Jul/2004:12:43:19 +0000] "GET /Home/Weiterempfehlung--48.html HTTP/1.1" 200 17914 "" "msnbot/0.11 (+http://search.msn.com/msnbot.htm)"
65.54.188.69 - - [07/Jul/2004:12:43:55 +0000] "GET /Home/Umgebung/Kultur-_und_Naturlehrweg_Aichb--52.html HTTP/1.1" 200 21406 "" "msnbot/0.11 (+http://search.msn.com/msnbot.htm)"
65.54.188.69 - - [07/Jul/2004:12:44:23 +0000] "GET /Home/Preise___Angebote/Pauschalangebote--29.html HTTP/1.1" 200 21029 "" "msnbot/0.11 (+http://search.msn.com/msnbot.htm)"
65.54.188.69 - - [07/Jul/2004:12:44:53 +0000] "GET /Home/Umgebung/Meraner_H_henweg--51.html HTTP/1.1" 200 22425 "" "msnbot/0.11 (+http://search.msn.com/msnbot.htm)"
65.54.188.69 - - [07/Jul/2004:12:45:37 +0000] "GET /Home/Impressionen/Schnappsch_sse--91.html HTTP/1.1" 200 20905 "" "msnbot/0.11 (+http://search.msn.com/msnbot.htm)"
65.54.188.69 - - [07/Jul/2004:12:46:05 +0000] "GET /Home/Umgebung/Brandiswaalweg--54.html HTTP/1.1" 200 21627 "" "msnbot/0.11 (+http://search.msn.com/msnbot.htm)"
65.54.188.69 - - [07/Jul/2004:12:46:41 +0000] "GET /Home/Impressionen/Schnappsch_sse--91.html HTTP/1.1" 200 20424 "" "msnbot/0.11 (+http://search.msn.com/msnbot.htm)"
65.54.188.69 - - [07/Jul/2004:12:47:04 +0000] "GET /Home/Ambiente/Innen--88.html HTTP/1.1" 200 23514 "" "msnbot/0.11 (+http://search.msn.com/msnbot.htm)"
65.54.188.69 - - [07/Jul/2004:12:47:32 +0000] "GET /Home/Preise___Angebote/Zimmer--31.html HTTP/1.1" 200 20321 "" "msnbot/0.11 (+http://search.msn.com/msnbot.htm)"
65.54.188.69 - - [07/Jul/2004:12:47:55 +0000] "GET /Home/Aktivurlaub--66.html HTTP/1.1" 200 26502 "" "msnbot/0.11 (+http://search.msn.com/msnbot.htm)"
65.54.188.69 - - [07/Jul/2004:12:48:35 +0000] "GET /Home/Veranstaltungen/Veranstaltungen_M.../Gro_er_Preis_von_Meran--61.html HTTP/1.1" 200 18084 "" "msnbot/0.11 (+http://search.msn.com/msnbot.htm)"
65.54.188.69 - - [07/Jul/2004:12:49:34 +0000] "GET /Home/Anfrage___Buchung--3.html HTTP/1.1" 200 26374 "" "msnbot/0.11 (+http://search.msn.com/msnbot.htm)"
65.54.188.69 - - [07/Jul/2004:12:50:31 +0000] "GET /Home/Umgebung/Badeseen--85.html HTTP/1.1" 200 21906 "" "msnbot/0.11 (+http://search.msn.com/msnbot.htm)"
65.54.188.69 - - [07/Jul/2004:12:50:59 +0000] "GET /Home/Weiterempfehlung--48.html HTTP/1.1" 200 17953 "" "msnbot/0.11 (+http://search.msn.com/msnbot.htm)"
65.54.188.69 - - [07/Jul/2004:12:51:32 +0000] "GET /Home/Preise___Angebote/Zimmer--31.html HTTP/1.1" 200 20428 "" "msnbot/0.11 (+http://search.msn.com/msnbot.htm)"
65.54.188.69 - - [07/Jul/2004:12:52:02 +0000] "GET /Home/Ambiente/Aussen--87.html HTTP/1.1" 200 19819 "" "msnbot/0.11 (+http://search.msn.com/msnbot.htm)"
65.54.188.69 - - [07/Jul/2004:12:53:02 +0000] "GET /Home/Wohnen/Zimmer--93.html HTTP/1.1" 200 22652 "" "msnbot/0.11 (+http://search.msn.com/msnbot.htm)"
65.54.188.69 - - [07/Jul/2004:12:54:15 +0000] "GET /Home/Preise___Angebote/Appartements--30.html HTTP/1.1" 200 22036 "" "msnbot/0.11 (+http://search.msn.com/msnbot.htm)"
65.54.188.69 - - [07/Jul/2004:12:55:07 +0000] "GET /Home/Veranstaltungen/Veranstaltungen_Lana/Bl_tenfesttage--59.html HTTP/1.1" 200 21167 "" "msnbot/0.11 (+http://search.msn.com/msnbot.htm)"
65.54.188.69 - - [07/Jul/2004:12:55:31 +0000] "GET /Home/Anreise/Lageplan--35.html HTTP/1.1" 200 17032 "" "msnbot/0.11 (+http://search.msn.com/msnbot.htm)"
65.54.188.69 - - [07/Jul/2004:12:55:51 +0000] "GET /Home/Veranstaltungen/Veranstaltungen_M.../Meran-Flora--63.html HTTP/1.1" 200 21660 "" "msnbot/0.11 (+http://search.msn.com/msnbot.htm)"
65.54.188.69 - - [07/Jul/2004:12:56:16 +0000] "GET /Home/Veranstaltungen/Veranstaltungen_M.../Meran-Flora--63.html HTTP/1.1" 200 21660 "" "msnbot/0.11 (+http://search.msn.com/msnbot.htm)"
65.54.188.69 - - [07/Jul/2004:12:56:37 +0000] "GET /Home/Veranstaltungen/Veranstaltungen_M.../Meraner_Musikwochen--62.html HTTP/1.1" 200 17763 "" "msnbot/0.11 (+http://search.msn.com/msnbot.htm)"
65.54.188.69 - - [07/Jul/2004:12:57:35 +0000] "GET /Home/Veranstaltungen/Veranstaltungen_M.../Intern._Weinfestival--60.html HTTP/1.1" 200 18035 "" "msnbot/0.11 (+http://search.msn.com/msnbot.htm)"
65.54.188.69 - - [07/Jul/2004:12:57:59 +0000] "GET /Home/Preise___Angebote/Zimmer--31.html HTTP/1.1" 200 20191 "" "msnbot/0.11 (+http://search.msn.com/msnbot.htm)"
65.54.188.69 - - [07/Jul/2004:12:58:32 +0000] "GET /Home/Veranstaltungen/Veranstaltungen_Lana/Bl_tenfesttage--59.html HTTP/1.1" 200 21167 "" "msnbot/0.11 (+http://search.msn.com/msnbot.htm)"
65.54.188.69 - - [07/Jul/2004:12:58:59 +0000] "GET /Home/Newsletter--12.html HTTP/1.1" 200 18796 "" "msnbot/0.11 (+http://search.msn.com/msnbot.htm)"
65.54.188.69 - - [07/Jul/2004:12:59:22 +0000] "GET /Home/Sehenswertes/Bot._G_rten_Schloss_Trauttmann--67.html HTTP/1.1" 200 21566 "" "msnbot/0.11 (+http://search.msn.com/msnbot.htm)"
65.54.188.69 - - [07/Jul/2004:12:59:47 +0000] "GET /Home/Preise___Angebote/Pauschalangebote--29.html HTTP/1.1" 200 21164 "" "msnbot/0.11 (+http://search.msn.com/msnbot.htm)"
65.54.188.69 - - [07/Jul/2004:13:01:04 +0000] "GET /Home/Anreise/Wetterbericht--33.html HTTP/1.1" 200 16663 "" "msnbot/0.11 (+http://search.msn.com/msnbot.htm)"
65.54.188.69 - - [07/Jul/2004:13:01:48 +0000] "GET /Home/Veranstaltungen/Veranstaltungen_Lana/Langer_Donnerstag--57.html HTTP/1.1" 200 22089 "" "msnbot/0.11 (+http://search.msn.com/msnbot.htm)"
65.54.188.69 - - [07/Jul/2004:13:02:27 +0000] "GET /Home/Anreise/Routenplaner--34.html HTTP/1.1" 200 19965 "" "msnbot/0.11 (+http://search.msn.com/msnbot.htm)"
65.54.188.69 - - [07/Jul/2004:13:02:52 +0000] "GET /Home/Veranstaltungen/Veranstaltungen_Lana/Lana_Jazz__04--58.html HTTP/1.1" 200 19599 "" "msnbot/0.11 (+http://search.msn.com/msnbot.htm)"
65.54.188.69 - - [07/Jul/2004:13:03:15 +0000] "GET /Home/Veranstaltungen/Veranstaltungen_Lana/Kastanientage_in_V_llan_und_Ti--55.html HTTP/1.1" 200 19134 "" "msnbot/0.11 (+http://search.msn.com/msnbot.htm)"
65.54.188.69 - - [07/Jul/2004:13:03:36 +0000] "GET /Home/Preise___Angebote/Appartements--30.html HTTP/1.1" 200 21728 "" "msnbot/0.11 (+http://search.msn.com/msnbot.htm)"
65.54.188.69 - - [07/Jul/2004:13:04:07 +0000] "GET /Home/Veranstaltungen/Veranstaltungen_Lana/Freilichtspiele--56.html HTTP/1.1" 200 19481 "" "msnbot/0.11 (+http://search.msn.com/msnbot.htm)"
62.158.32.12 - - [07/Jul/2004:13:05:07 +0000] "GET /Home/Willkommen--10.html HTTP/1.1" 200 20694 "http://www.suedtirol-ferien.it/hotel/Tscherms_dt.shtml" "Mozilla/4.0 (compatible; MSIE 5.01; Windows NT 5.0)"
65.54.188.69 - - [07/Jul/2004:13:05:58 +0000] "GET /Home/Preise___Angebote/Zimmer--31.html HTTP/1.1" 200 20191 "" "msnbot/0.11 (+http://search.msn.com/msnbot.htm)"
62.158.32.12 - - [07/Jul/2004:13:06:27 +0000] "GET /Home/Preise___Angebote/Pauschalangebote--29.html HTTP/1.1" 200 21164 "http://www.buehlerhof-lana.it/" "Mozilla/4.0 (compatible; MSIE 5.01; Windows NT 5.0)"
65.54.188.69 - - [07/Jul/2004:13:06:39 +0000] "GET /Home/Sehenswertes/Schnatterpeckaltar--23.html HTTP/1.1" 200 18429 "" "msnbot/0.11 (+http://search.msn.com/msnbot.htm)"
194.113.40.222 - - [07/Jul/2004:13:07:03 +0000] "GET /Home/Willkommen--10.html HTTP/1.1" 200 20694 "" "Mozilla/5.0 (Windows; U; WinNT4.0; de-AT; rv:1.6) Gecko/20040113"
65.54.188.69 - - [07/Jul/2004:13:07:11 +0000] "GET /Home/Veranstaltungen/Veranstaltungen_Lana/Bl_tenfesttage--59.html HTTP/1.1" 200 21167 "" "msnbot/0.11 (+http://search.msn.com/msnbot.htm)"
62.158.32.12 - - [07/Jul/2004:13:07:29 +0000] "GET /Home/Preise___Angebote/Zimmer--31.html HTTP/1.1" 200 20191 "http://www.buehlerhof-lana.it/" "Mozilla/4.0 (compatible; MSIE 5.01; Windows NT 5.0)"
65.54.188.69 - - [07/Jul/2004:13:07:35 +0000] "GET /Home/Sehenswertes/Museen--68.html HTTP/1.1" 200 18812 "" "msnbot/0.11 (+http://search.msn.com/msnbot.htm)"
194.113.40.222 - - [07/Jul/2004:13:07:37 +0000] "GET /Home/Preise___Angebote/Zimmer--31.html HTTP/1.1" 200 20191 "http://www.buehlerhof-lana.it/" "Mozilla/5.0 (Windows; U; WinNT4.0; de-AT; rv:1.6) Gecko/20040113"
194.113.40.222 - - [07/Jul/2004:13:07:56 +0000] "GET /Home/Wohnen/Zimmer--93.html HTTP/1.1" 200 23204 "http://www.buehlerhof-lana.it/index.php?id=4" "Mozilla/5.0 (Windows; U; WinNT4.0; de-AT; rv:1.6) Gecko/20040113"
65.54.188.69 - - [07/Jul/2004:13:08:09 +0000] "GET /Home/Anreise/Lageplan--35.html HTTP/1.1" 200 17032 "" "msnbot/0.11 (+http://search.msn.com/msnbot.htm)"
65.54.188.69 - - [07/Jul/2004:13:08:43 +0000] "GET /Home/Sehenswertes/S_dtiroler_Obstbaumuseum--24.html HTTP/1.1" 200 18368 "" "msnbot/0.11 (+http://search.msn.com/msnbot.htm)"
65.54.188.69 - - [07/Jul/2004:13:12:09 +0000] "GET /Home/Sehenswertes/Bot._G_rten_Schloss_Trauttmann--67.html HTTP/1.1" 200 21566 "" "msnbot/0.11 (+http://search.msn.com/msnbot.htm)"
62.158.32.12 - - [07/Jul/2004:13:33:41 +0000] "GET /Home/Willkommen--10.html HTTP/1.1" 200 20694 "http://www.hoteltip.net/cgi-bin/clickstat/stat.pl?Nals,http://www.kroesshof.com" "Mozilla/4.0 (compatible; MSIE 5.01; Windows NT 5.0)"
82.88.19.76 - - [07/Jul/2004:14:07:51 +0000] "GET /Home/Willkommen--10.html HTTP/1.1" 200 20694 "http://www.suedtirol-ferien.it/_pensionen/Lana_it.html" "Mozilla/4.0 (compatible; MSIE 6.0; Windows NT 5.1)"
82.88.19.76 - - [07/Jul/2004:14:07:59 +0000] "GET /Home/Willkommen--10.html HTTP/1.1" 200 20711 "http://www.buehlerhof-lana.it/" "Mozilla/4.0 (compatible; MSIE 6.0; Windows NT 5.1)"
62.181.135.114 - - [07/Jul/2004:14:21:15 +0000] "GET /Home/Willkommen--10.html HTTP/1.1" 200 20694 "" "Mozilla/4.0 (compatible; MSIE 5.5; Windows NT 4.0)"
62.181.135.114 - - [07/Jul/2004:14:22:37 +0000] "GET /Home/Preise___Angebote/Pauschalangebote--29.html HTTP/1.1" 200 21164 "http://www.buehlerhof-lana.it/" "Mozilla/4.0 (compatible; MSIE 5.5; Windows NT 4.0)"
62.181.135.114 - - [07/Jul/2004:14:23:16 +0000] "GET /Home/Willkommen--10.html HTTP/1.1" 200 20694 "http://www.buehlerhof-lana.it/index.php?id=29" "Mozilla/4.0 (compatible; MSIE 5.5; Windows NT 4.0)"
62.181.135.114 - - [07/Jul/2004:14:23:25 +0000] "GET /Home/Ambiente/Innen--88.html HTTP/1.1" 200 23298 "http://www.buehlerhof-lana.it/index.php?id=10" "Mozilla/4.0 (compatible; MSIE 5.5; Windows NT 4.0)"
62.181.135.114 - - [07/Jul/2004:14:24:13 +0000] "GET /Home/Ambiente/Aussen--87.html HTTP/1.1" 200 19697 "http://www.buehlerhof-lana.it/index.php?id=9" "Mozilla/4.0 (compatible; MSIE 5.5; Windows NT 4.0)"
62.181.135.114 - - [07/Jul/2004:14:24:30 +0000] "GET /Home/Wohnen/Zimmer--93.html HTTP/1.1" 200 23204 "http://www.buehlerhof-lana.it/index.php?id=87" "Mozilla/4.0 (compatible; MSIE 5.5; Windows NT 4.0)"
62.181.135.114 - - [07/Jul/2004:14:25:08 +0000] "GET /Home/Wohnen/Appartments--92.html HTTP/1.1" 200 22555 "http://www.buehlerhof-lana.it/index.php?id=8" "Mozilla/4.0 (compatible; MSIE 5.5; Windows NT 4.0)"
62.181.135.114 - - [07/Jul/2004:14:25:43 +0000] "GET /Home/Umgebung/Badeseen--85.html HTTP/1.1" 200 22265 "http://www.buehlerhof-lana.it/index.php?id=92" "Mozilla/4.0 (compatible; MSIE 5.5; Windows NT 4.0)"
62.181.135.114 - - [07/Jul/2004:14:26:03 +0000] "GET /Home/Preise___Angebote/Zimmer--31.html HTTP/1.1" 200 20191 "http://www.buehlerhof-lana.it/index.php?id=7" "Mozilla/4.0 (compatible; MSIE 5.5; Windows NT 4.0)"
62.181.135.114 - - [07/Jul/2004:14:26:40 +0000] "GET /Home/360__Panorama--90.html HTTP/1.1" 200 17154 "http://www.buehlerhof-lana.it/index.php?id=4" "Mozilla/4.0 (compatible; MSIE 5.5; Windows NT 4.0)"
62.181.135.114 - - [07/Jul/2004:14:26:59 +0000] "GET /Home/Ambiente/Innen--88.html HTTP/1.1" 200 22746 "http://www.buehlerhof-lana.it/index.php?id=90&L=de" "Mozilla/4.0 (compatible; MSIE 5.5; Windows NT 4.0)"
217.94.186.50 - - [07/Jul/2004:14:28:29 +0000] "GET /Home/Willkommen--10.html HTTP/1.1" 200 20694 "http://www.suedtirol-ferien.it/hotel/Lana_dt.shtml" "Mozilla/4.0 (compatible; MSIE 6.0; Windows NT 5.1)"
217.94.186.50 - - [07/Jul/2004:14:28:37 +0000] "GET /Home/Preise___Angebote/Zimmer--31.html HTTP/1.1" 200 20191 "http://www.buehlerhof-lana.it/" "Mozilla/4.0 (compatible; MSIE 6.0; Windows NT 5.1)"
80.144.111.125 - - [07/Jul/2004:14:46:18 +0000] "GET /Home/Willkommen--10.html HTTP/1.1" 200 20694 "" "Mozilla/4.0 (compatible; MSIE 6.0; Windows NT 5.1)"
62.181.135.114 - - [07/Jul/2004:16:00:49 +0000] "GET /Home/Anreise/Lageplan--35.html HTTP/1.1" 200 17032 "http://www.buehlerhof-lana.it" "Mozilla/4.0 (compatible; MSIE 5.5; Windows NT 4.0)"
62.181.135.114 - - [07/Jul/2004:16:01:19 +0000] "GET /Home/Anreise/Wetterbericht--33.html HTTP/1.1" 200 16663 "http://www.buehlerhof-lana.it/index.php?id=2" "Mozilla/4.0 (compatible; MSIE 5.5; Windows NT 4.0)"
62.181.135.114 - - [07/Jul/2004:16:03:08 +0000] "GET /Home/Impressionen--6.html HTTP/1.1" 200 41336 "http://www.buehlerhof-lana.it/index.php?id=33" "Mozilla/4.0 (compatible; MSIE 5.5; Windows NT 4.0)"
62.181.135.114 - - [07/Jul/2004:16:04:06 +0000] "GET /Home/Veranstaltungen/Veranstaltungen_Lana/Bl_tenfesttage--59.html HTTP/1.1" 200 21167 "http://www.buehlerhof-lana.it/index.php?id=6" "Mozilla/4.0 (compatible; MSIE 5.5; Windows NT 4.0)"
81.169.158.146 - - [07/Jul/2004:16:17:55 +0000] "GET /Home/Willkommen--10.html HTTP/1.1" 200 20694 "" "Links SQL (http://gossamer-threads.com/scripts/links-sql/)"
65.54.164.49 - - [07/Jul/2004:16:48:35 +0000] "GET /Home/Weiterempfehlung--48.html HTTP/1.1" 200 17853 "" "msnbot/0.11 (+http://search.msn.com/msnbot.htm)"
65.54.164.49 - - [07/Jul/2004:17:00:38 +0000] "GET /Home/Anreise/Lageplan--35.html HTTP/1.1" 200 17032 "" "msnbot/0.11 (+http://search.msn.com/msnbot.htm)"
80.129.35.148 - - [07/Jul/2004:17:52:48 +0000] "GET /Home/Willkommen--10.html HTTP/1.1" 200 20694 "http://www.suedtirol-ferien.it/cgi-bin/hoteldatei/anfrage_online.pl?dt" "Mozilla/4.0 (compatible; MSIE 6.0; Windows NT 5.1; .NET CLR 1.1.4322)"
80.129.35.148 - - [07/Jul/2004:17:53:25 +0000] "GET /Home/Preise___Angebote/Pauschalangebote--29.html HTTP/1.1" 200 21164 "http://www.buehlerhof-lana.it/" "Mozilla/4.0 (compatible; MSIE 6.0; Windows NT 5.1; .NET CLR 1.1.4322)"
80.129.35.148 - - [07/Jul/2004:17:53:50 +0000] "GET /Home/Preise___Angebote/Pauschalangebote--29.html HTTP/1.1" 200 21164 "http://www.buehlerhof-lana.it/" "Mozilla/4.0 (compatible; MSIE 6.0; Windows NT 5.1; .NET CLR 1.1.4322)"
80.129.35.148 - - [07/Jul/2004:17:55:16 +0000] "GET /Home/Preise___Angebote/Pauschalangebote--29.html HTTP/1.1" 200 21164 "http://www.buehlerhof-lana.it/" "Mozilla/4.0 (compatible; MSIE 6.0; Windows NT 5.1; .NET CLR 1.1.4322)"
80.129.35.148 - - [07/Jul/2004:17:56:42 +0000] "GET /Home/Sehenswertes/Bot._G_rten_Schloss_Trauttmann--67.html HTTP/1.1" 200 21566 "http://www.buehlerhof-lana.it/index.php?id=29" "Mozilla/4.0 (compatible; MSIE 6.0; Windows NT 5.1; .NET CLR 1.1.4322)"
80.129.35.148 - - [07/Jul/2004:17:59:43 +0000] "GET /Home/Preise___Angebote/Pauschalangebote--29.html HTTP/1.1" 200 21164 "http://www.buehlerhof-lana.it/" "Mozilla/4.0 (compatible; MSIE 6.0; Windows NT 5.1; .NET CLR 1.1.4322)"
80.129.35.148 - - [07/Jul/2004:17:59:46 +0000] "GET /Home/Willkommen--10.html HTTP/1.1" 200 20694 "http://www.suedtirol-ferien.it/cgi-bin/hoteldatei/anfrage_online.pl?dt" "Mozilla/4.0 (compatible; MSIE 6.0; Windows NT 5.1; .NET CLR 1.1.4322)"
65.54.164.49 - - [07/Jul/2004:18:06:16 +0000] "GET /Home/Wohnen/Zimmer--93.html HTTP/1.1" 200 23204 "" "msnbot/0.11 (+http://search.msn.com/msnbot.htm)"
65.54.164.49 - - [07/Jul/2004:18:19:23 +0000] "GET /Home/Umgebung/Partschinser_Wasserfall--26.html HTTP/1.1" 200 19260 "" "msnbot/0.11 (+http://search.msn.com/msnbot.htm)"
129.187.254.138 - - [07/Jul/2004:19:36:10 +0000] "GET /Home/Willkommen--10.html HTTP/1.1" 200 20694 "" "wwwster/1.2 (Beta)"
212.144.136.230 - - [07/Jul/2004:19:40:03 +0000] "GET /Home/Willkommen--10.html HTTP/1.1" 200 20694 "" "Mozilla/4.0 (compatible; MSIE 6.0; Windows 98; Win 9x 4.90)"
212.144.136.230 - - [07/Jul/2004:19:41:01 +0000] "GET /Home/Ambiente/Innen--88.html HTTP/1.1" 200 23298 "http://www.buehlerhof-lana.it/" "Mozilla/4.0 (compatible; MSIE 6.0; Windows 98; Win 9x 4.90)"
212.144.136.230 - - [07/Jul/2004:19:41:31 +0000] "GET /Home/Ambiente/Aussen--87.html HTTP/1.1" 200 19697 "http://www.buehlerhof-lana.it/index.php?id=9" "Mozilla/4.0 (compatible; MSIE 6.0; Windows 98; Win 9x 4.90)"
212.144.136.230 - - [07/Jul/2004:19:42:02 +0000] "GET /Home/Wohnen/Zimmer--93.html HTTP/1.1" 200 23204 "http://www.buehlerhof-lana.it/index.php?id=87" "Mozilla/4.0 (compatible; MSIE 6.0; Windows 98; Win 9x 4.90)"
212.144.136.230 - - [07/Jul/2004:19:42:32 +0000] "GET /Home/Umgebung/Badeseen--85.html HTTP/1.1" 200 22265 "http://www.buehlerhof-lana.it/index.php?id=8" "Mozilla/4.0 (compatible; MSIE 6.0; Windows 98; Win 9x 4.90)"
212.144.136.230 - - [07/Jul/2004:19:42:51 +0000] "GET /Home/Sehenswertes/Bot._G_rten_Schloss_Trauttmann--67.html HTTP/1.1" 200 21566 "http://www.buehlerhof-lana.it/index.php?id=7" "Mozilla/4.0 (compatible; MSIE 6.0; Windows 98; Win 9x 4.90)"
212.144.136.230 - - [07/Jul/2004:19:43:13 +0000] "GET /Home/Aktivurlaub--66.html HTTP/1.1" 200 27054 "http://www.buehlerhof-lana.it/index.php?id=65" "Mozilla/4.0 (compatible; MSIE 6.0; Windows 98; Win 9x 4.90)"
212.144.136.230 - - [07/Jul/2004:19:43:31 +0000] "GET /Home/Impressionen--6.html HTTP/1.1" 200 41336 "http://www.buehlerhof-lana.it/index.php?id=66" "Mozilla/4.0 (compatible; MSIE 6.0; Windows 98; Win 9x 4.90)"
212.144.136.230 - - [07/Jul/2004:19:45:32 +0000] "GET /Home/Impressionen/Schnappsch_sse--91.html HTTP/1.1" 200 20818 "http://www.buehlerhof-lana.it/index.php?id=6" "Mozilla/4.0 (compatible; MSIE 6.0; Windows 98; Win 9x 4.90)"
65.54.164.49 - - [07/Jul/2004:19:46:11 +0000] "GET /Home/Willkommen--10.html HTTP/1.1" 200 20694 "" "msnbot/0.11 (+http://search.msn.com/msnbot.htm)"
212.144.136.230 - - [07/Jul/2004:19:46:38 +0000] "GET /Home/G_stebuch--11.html HTTP/1.1" 200 18360 "http://www.buehlerhof-lana.it/index.php?id=91" "Mozilla/4.0 (compatible; MSIE 6.0; Windows 98; Win 9x 4.90)"
212.144.136.230 - - [07/Jul/2004:19:46:51 +0000] "GET /Home/Weiterempfehlung--48.html HTTP/1.1" 200 17853 "http://www.buehlerhof-lana.it/index.php?id=11" "Mozilla/4.0 (compatible; MSIE 6.0; Windows 98; Win 9x 4.90)"
212.144.136.230 - - [07/Jul/2004:19:47:08 +0000] "GET /Home/Impressionen--6.html HTTP/1.1" 200 41336 "http://www.buehlerhof-lana.it/index.php?id=48" "Mozilla/4.0 (compatible; MSIE 6.0; Windows 98; Win 9x 4.90)"
212.144.136.230 - - [07/Jul/2004:19:48:15 +0000] "GET /Home/Willkommen--10.html HTTP/1.1" 200 20694 "http://www.buehlerhof-lana.it/index.php?id=6" "Mozilla/4.0 (compatible; MSIE 6.0; Windows 98; Win 9x 4.90)"
212.144.134.132 - - [07/Jul/2004:20:09:24 +0000] "GET /Home/Ambiente/Aussen--87.html HTTP/1.1" 200 19697 "http://www.buehlerhof-lana.it/index.php?id=9" "Mozilla/4.0 (compatible; MSIE 6.0; Windows 98; Win 9x 4.90)"
212.144.134.132 - - [07/Jul/2004:20:09:29 +0000] "GET /Home/Ambiente/Innen--88.html HTTP/1.1" 200 23298 "http://www.buehlerhof-lana.it/index.php?id=10" "Mozilla/4.0 (compatible; MSIE 6.0; Windows 98; Win 9x 4.90)"
65.54.164.49 - - [07/Jul/2004:20:39:40 +0000] "GET /Home/Preise___Angebote/Appartements--30.html HTTP/1.1" 200 21728 "" "msnbot/0.11 (+http://search.msn.com/msnbot.htm)"
80.129.35.148 - - [07/Jul/2004:21:04:19 +0000] "GET /Home/Preise___Angebote/Pauschalangebote--29.html HTTP/1.1" 200 21164 "" "Mozilla/4.0 (compatible; MSIE 6.0; Windows NT 5.1; .NET CLR 1.1.4322)"
80.129.35.148 - - [07/Jul/2004:21:04:22 +0000] "GET /Home/Preise___Angebote/Pauschalangebote--29.html HTTP/1.1" 200 21164 "" "Mozilla/4.0 (compatible; MSIE 6.0; Windows NT 5.1; .NET CLR 1.1.4322)"
80.129.35.148 - - [07/Jul/2004:21:04:49 +0000] "GET /Home/Preise___Angebote/Zimmer--31.html HTTP/1.1" 200 20191 "http://www.buehlerhof-lana.it/index.php?id=29" "Mozilla/4.0 (compatible; MSIE 6.0; Windows NT 5.1; .NET CLR 1.1.4322)"
80.129.35.148 - - [07/Jul/2004:21:05:11 +0000] "GET /Home/Preise___Angebote/Pauschalangebote--29.html HTTP/1.1" 200 21164 "http://www.buehlerhof-lana.it/index.php?id=4" "Mozilla/4.0 (compatible; MSIE 6.0; Windows NT 5.1; .NET CLR 1.1.4322)"
80.129.35.148 - - [07/Jul/2004:21:05:57 +0000] "GET /Home/Wohnen/Zimmer--93.html HTTP/1.1" 200 23204 "http://www.buehlerhof-lana.it/index.php?id=29" "Mozilla/4.0 (compatible; MSIE 6.0; Windows NT 5.1; .NET CLR 1.1.4322)"
80.129.35.148 - - [07/Jul/2004:21:05:59 +0000] "GET /Home/Wohnen/Zimmer--93.html HTTP/1.1" 200 23204 "http://www.buehlerhof-lana.it/index.php?id=29" "Mozilla/4.0 (compatible; MSIE 6.0; Windows NT 5.1; .NET CLR 1.1.4322)"
217.199.27.36 - - [07/Jul/2004:21:12:04 +0000] "GET /Home/Willkommen--10.html HTTP/1.1" 200 20694 "" "Mozilla/4.0 (compatible; MSIE 6.0; Windows NT 5.1; Hotbar 4.4.9.0)"
217.199.27.36 - - [07/Jul/2004:21:12:25 +0000] "GET /Home/Wohnen/Zimmer--93.html HTTP/1.1" 200 23204 "http://www.buehlerhof-lana.it/" "Mozilla/4.0 (compatible; MSIE 6.0; Windows NT 5.1; Hotbar 4.4.9.0)"
217.199.27.36 - - [07/Jul/2004:21:12:30 +0000] "GET /Home/Wohnen/Appartments--92.html HTTP/1.1" 200 22555 "http://www.buehlerhof-lana.it/index.php?id=8" "Mozilla/4.0 (compatible; MSIE 6.0; Windows NT 5.1; Hotbar 4.4.9.0)"
217.199.27.36 - - [07/Jul/2004:21:12:59 +0000] "GET /Home/Impressionen--6.html HTTP/1.1" 200 41336 "http://www.buehlerhof-lana.it/index.php?id=92" "Mozilla/4.0 (compatible; MSIE 6.0; Windows NT 5.1; Hotbar 4.4.9.0)"
217.199.27.36 - - [07/Jul/2004:21:13:02 +0000] "GET /Home/Impressionen/Schnappsch_sse--91.html HTTP/1.1" 200 20818 "http://www.buehlerhof-lana.it/index.php?id=6" "Mozilla/4.0 (compatible; MSIE 6.0; Windows NT 5.1; Hotbar 4.4.9.0)"
65.54.164.49 - - [07/Jul/2004:22:47:04 +0000] "GET /Home/Veranstaltungen/Veranstaltungen_Lana/Freilichtspiele--56.html HTTP/1.1" 200 19481 "" "msnbot/0.11 (+http://search.msn.com/msnbot.htm)"
65.54.164.49 - - [07/Jul/2004:22:58:16 +0000] "GET /Home/Veranstaltungen/Veranstaltungen_Lana/Bl_tenfesttage--59.html HTTP/1.1" 200 21167 "" "msnbot/0.11 (+http://search.msn.com/msnbot.htm)"
212.48.11.148 - - [07/Jul/2004:23:04:17 +0000] "GET /Home/Willkommen--10.html HTTP/1.1" 200 20694 "" "PycURL"
65.54.164.49 - - [07/Jul/2004:23:04:32 +0000] "GET /Home/Anreise/Routenplaner--34.html HTTP/1.1" 200 19965 "" "msnbot/0.11 (+http://search.msn.com/msnbot.htm)"
213.255.76.151 - - [07/Jul/2004:23:44:59 +0000] "GET /Home/Willkommen--10.html HTTP/1.1" 200 20694 "http://www.italiadream.it/ita/trentino_hotel.htm" "Mozilla/4.0 (compatible; MSIE 6.0; Windows NT 5.1; InterFREE Kit)"
65.54.164.49 - - [08/Jul/2004:00:02:55 +0000] "GET /Home/Veranstaltungen/Veranstaltungen_Lana/Kastanientage_in_V_llan_und_Ti--55.html HTTP/1.1" 200 19134 "" "msnbot/0.11 (+http://search.msn.com/msnbot.htm)"
151.30.240.155 - - [08/Jul/2004:00:25:35 +0000] "GET /Home/Willkommen--10.html HTTP/1.1" 200 20694 "http://www.montagnavacanze.it/" "Mozilla/4.0 (compatible; MSIE 6.0; Windows NT 5.1)"
151.30.240.155 - - [08/Jul/2004:00:26:17 +0000] "GET /Home/Willkommen--10.html HTTP/1.1" 200 20711 "http://www.buehlerhof-lana.it/" "Mozilla/4.0 (compatible; MSIE 6.0; Windows NT 5.1)"
151.30.240.155 - - [08/Jul/2004:00:26:50 +0000] "GET /Home/Wohnen/Zimmer--93.html HTTP/1.1" 200 23415 "http://www.buehlerhof-lana.it/index.php?id=1&L=it" "Mozilla/4.0 (compatible; MSIE 6.0; Windows NT 5.1)"
151.30.240.155 - - [08/Jul/2004:00:27:10 +0000] "GET /Home/Wohnen/Appartments--92.html HTTP/1.1" 200 22757 "http://www.buehlerhof-lana.it/index.php?id=8&L=it" "Mozilla/4.0 (compatible; MSIE 6.0; Windows NT 5.1)"
151.30.240.155 - - [08/Jul/2004:00:28:19 +0000] "GET /Home/Preise___Angebote/Pauschalangebote--29.html HTTP/1.1" 200 21029 "http://www.buehlerhof-lana.it/index.php?id=92&L=it" "Mozilla/4.0 (compatible; MSIE 6.0; Windows NT 5.1)"
151.30.240.155 - - [08/Jul/2004:00:29:06 +0000] "GET /Home/Preise___Angebote/Zimmer--31.html HTTP/1.1" 200 20428 "http://www.buehlerhof-lana.it/index.php?id=29&L=it" "Mozilla/4.0 (compatible; MSIE 6.0; Windows NT 5.1)"
65.54.164.49 - - [08/Jul/2004:00:47:28 +0000] "GET /Home/Ambiente/Aussen--87.html HTTP/1.1" 200 19697 "" "msnbot/0.11 (+http://search.msn.com/msnbot.htm)"
143.248.30.243 - - [08/Jul/2004:01:11:08 +0000] "GET /Home/Willkommen--10.html HTTP/1.1" 200 20694 "" "NutchCVS/0.05-dev (Nutch; http://www.nutch.org/docs/en/bot.html; nutch-agent@lists.sourceforge.net)"
65.54.164.49 - - [08/Jul/2004:04:51:08 +0000] "GET /Home/Wohnen/Zimmer--93.html HTTP/1.1" 200 22652 "" "msnbot/0.11 (+http://search.msn.com/msnbot.htm)"
65.54.164.49 - - [08/Jul/2004:05:05:19 +0000] "GET /Home/Willkommen--10.html HTTP/1.1" 200 20711 "" "msnbot/0.11 (+http://search.msn.com/msnbot.htm)"
65.54.164.49 - - [08/Jul/2004:05:10:43 +0000] "GET /Home/Wohnen/Zimmer--93.html HTTP/1.1" 200 23415 "" "msnbot/0.11 (+http://search.msn.com/msnbot.htm)"
65.54.164.49 - - [08/Jul/2004:05:56:09 +0000] "GET /Home/Umgebung/Badeseen--85.html HTTP/1.1" 200 22230 "" "msnbot/0.11 (+http://search.msn.com/msnbot.htm)"
65.54.164.49 - - [08/Jul/2004:06:12:40 +0000] "GET /Home/Preise___Angebote/Pauschalangebote--29.html HTTP/1.1" 200 21164 "" "msnbot/0.11 (+http://search.msn.com/msnbot.htm)"
65.54.164.49 - - [08/Jul/2004:06:14:22 +0000] "GET /Home/Anreise/Lageplan--35.html HTTP/1.1" 200 17137 "" "msnbot/0.11 (+http://search.msn.com/msnbot.htm)"
65.54.164.49 - - [08/Jul/2004:06:15:08 +0000] "GET /Home/Aktivurlaub--66.html HTTP/1.1" 200 26873 "" "msnbot/0.11 (+http://search.msn.com/msnbot.htm)"
65.54.164.49 - - [08/Jul/2004:08:06:03 +0000] "GET /Home/360__Panorama--90.html HTTP/1.1" 200 17154 "" "msnbot/0.11 (+http://search.msn.com/msnbot.htm)"
63.240.232.3 - - [08/Jul/2004:08:11:05 +0000] "GET /Home/Willkommen--10.html HTTP/1.1" 200 20694 "" "GoForIt.com"
65.54.164.49 - - [08/Jul/2004:08:12:02 +0000] "GET /Home/Wohnen/Appartments--92.html HTTP/1.1" 200 22003 "" "msnbot/0.11 (+http://search.msn.com/msnbot.htm)"
65.54.164.49 - - [08/Jul/2004:08:15:44 +0000] "GET /Home/Wohnen/Appartments--92.html HTTP/1.1" 200 22757 "" "msnbot/0.11 (+http://search.msn.com/msnbot.htm)"
65.54.164.49 - - [08/Jul/2004:09:01:57 +0000] "GET /Home/Weiterempfehlung--48.html HTTP/1.1" 200 17953 "" "msnbot/0.11 (+http://search.msn.com/msnbot.htm)"
65.54.164.49 - - [08/Jul/2004:09:08:57 +0000] "GET /Home/Sehenswertes/Bot._G_rten_Schloss_Trauttmann--67.html HTTP/1.1" 200 21749 "" "msnbot/0.11 (+http://search.msn.com/msnbot.htm)"
65.54.164.49 - - [08/Jul/2004:09:12:59 +0000] "GET /Home/Ambiente/Innen--88.html HTTP/1.1" 200 23514 "" "msnbot/0.11 (+http://search.msn.com/msnbot.htm)"
65.54.164.49 - - [08/Jul/2004:09:15:59 +0000] "GET /Home/Wohnen/Zimmer--93.html HTTP/1.1" 200 22652 "" "msnbot/0.11 (+http://search.msn.com/msnbot.htm)"
80.72.160.92 - - [08/Jul/2004:09:16:45 +0000] "GET /Home/Willkommen--10.html HTTP/1.1" 200 20694 "http://www.comuni-italiani.it/021/041/siti/index.html" "Mozilla/4.0 (compatible; MSIE 5.0; Windows 98; DigExt; Alitalia Custom)"
80.72.160.92 - - [08/Jul/2004:09:17:22 +0000] "GET /Home/360__Panorama--90.html HTTP/1.1" 200 17154 "http://www.buehlerhof-lana.it/" "Mozilla/4.0 (compatible; MSIE 5.0; Windows 98; DigExt; Alitalia Custom)"
80.72.160.92 - - [08/Jul/2004:09:17:53 +0000] "GET /Home/Willkommen--10.html HTTP/1.1" 200 20711 "http://www.buehlerhof-lana.it/index.php?id=90&L=de" "Mozilla/4.0 (compatible; MSIE 5.0; Windows 98; DigExt; Alitalia Custom)"
65.54.164.49 - - [08/Jul/2004:09:18:27 +0000] "GET /Home/Wohnen/Zimmer--93.html HTTP/1.1" 200 23415 "" "msnbot/0.11 (+http://search.msn.com/msnbot.htm)"
80.72.160.92 - - [08/Jul/2004:09:19:41 +0000] "GET /Home/360__Panorama--90.html HTTP/1.1" 200 17181 "http://www.buehlerhof-lana.it/index.php?id=1&L=it" "Mozilla/4.0 (compatible; MSIE 5.0; Windows 98; DigExt; Alitalia Custom)"
194.228.211.203 - - [08/Jul/2004:10:05:27 +0000] "GET /Home/Willkommen--10.html HTTP/1.1" 200 20694 "http://www.thebestofnet.com/cgi-bin/topsecret.cgi?6743452643" "Mozilla/4.0 (compatible; MSIE 7.01; Windows 98)"
65.54.164.49 - - [08/Jul/2004:10:54:13 +0000] "GET /Home/Preise___Angebote/Zimmer--31.html HTTP/1.1" 200 20321 "" "msnbot/0.11 (+http://search.msn.com/msnbot.htm)"
65.54.164.49 - - [08/Jul/2004:11:05:03 +0000] "GET /Home/Ambiente/Innen--88.html HTTP/1.1" 200 22746 "" "msnbot/0.11 (+http://search.msn.com/msnbot.htm)"
65.54.164.49 - - [08/Jul/2004:11:11:56 +0000] "GET /Home/Anfrage___Buchung--3.html HTTP/1.1" 200 26374 "" "msnbot/0.11 (+http://search.msn.com/msnbot.htm)"
209.237.238.173 - - [08/Jul/2004:11:25:18 +0000] "GET /Home/Wohnen/Zimmer--93.html HTTP/1.1" 200 22652 "" "ia_archiver"
65.54.164.49 - - [08/Jul/2004:13:08:14 +0000] "GET /Home/Preise___Angebote/Pauschalangebote--29.html HTTP/1.1" 200 21029 "" "msnbot/0.11 (+http://search.msn.com/msnbot.htm)"
65.54.164.49 - - [08/Jul/2004:13:18:25 +0000] "GET /Home/Preise___Angebote/Pauschalangebote--29.html HTTP/1.1" 200 21274 "" "msnbot/0.11 (+http://search.msn.com/msnbot.htm)"
65.54.164.49 - - [08/Jul/2004:13:24:43 +0000] "GET /Home/Sehenswertes/Bot._G_rten_Schloss_Trauttmann--67.html HTTP/1.1" 200 21566 "" "msnbot/0.11 (+http://search.msn.com/msnbot.htm)"
65.54.164.49 - - [08/Jul/2004:13:29:10 +0000] "GET /Home/Willkommen--10.html HTTP/1.1" 200 20694 "" "msnbot/0.11 (+http://search.msn.com/msnbot.htm)"
65.54.164.49 - - [08/Jul/2004:13:32:20 +0000] "GET /Home/Willkommen--10.html HTTP/1.1" 200 20300 "" "msnbot/0.11 (+http://search.msn.com/msnbot.htm)"
65.54.164.49 - - [08/Jul/2004:13:35:56 +0000] "GET /Home/Umgebung/Badeseen--85.html HTTP/1.1" 200 21906 "" "msnbot/0.11 (+http://search.msn.com/msnbot.htm)"
65.54.164.49 - - [08/Jul/2004:13:38:03 +0000] "GET /Home/Veranstaltungen/Veranstaltungen_Lana/Bl_tenfesttage--59.html HTTP/1.1" 200 21134 "" "msnbot/0.11 (+http://search.msn.com/msnbot.htm)"
65.54.164.49 - - [08/Jul/2004:13:39:42 +0000] "GET /Home/Sehenswertes/Bot._G_rten_Schloss_Trauttmann--67.html HTTP/1.1" 200 21187 "" "msnbot/0.11 (+http://search.msn.com/msnbot.htm)"
65.54.164.49 - - [08/Jul/2004:13:41:11 +0000] "GET /Home/Preise___Angebote/Zimmer--31.html HTTP/1.1" 200 20428 "" "msnbot/0.11 (+http://search.msn.com/msnbot.htm)"
65.54.164.49 - - [08/Jul/2004:13:42:34 +0000] "GET /Home/Veranstaltungen/Veranstaltungen_Lana/Bl_tenfesttage--59.html HTTP/1.1" 200 21173 "" "msnbot/0.11 (+http://search.msn.com/msnbot.htm)"
65.54.164.49 - - [08/Jul/2004:13:43:56 +0000] "GET /Home/Aktivurlaub--66.html HTTP/1.1" 200 26502 "" "msnbot/0.11 (+http://search.msn.com/msnbot.htm)"
65.54.164.49 - - [08/Jul/2004:13:45:52 +0000] "GET /Home/Newsletter--12.html HTTP/1.1" 200 18891 "" "msnbot/0.11 (+http://search.msn.com/msnbot.htm)"
65.54.164.49 - - [08/Jul/2004:13:46:51 +0000] "GET /Home/G_stebuch--11.html HTTP/1.1" 200 18460 "" "msnbot/0.11 (+http://search.msn.com/msnbot.htm)"
65.54.164.49 - - [08/Jul/2004:13:47:40 +0000] "GET /Home/Anreise/Lageplan--35.html HTTP/1.1" 200 17171 "" "msnbot/0.11 (+http://search.msn.com/msnbot.htm)"
65.54.164.49 - - [08/Jul/2004:13:52:11 +0000] "GET /Home/Weiterempfehlung--48.html HTTP/1.1" 200 17914 "" "msnbot/0.11 (+http://search.msn.com/msnbot.htm)"
65.54.164.49 - - [08/Jul/2004:13:52:56 +0000] "GET /Home/Impressionen--6.html HTTP/1.1" 200 41403 "" "msnbot/0.11 (+http://search.msn.com/msnbot.htm)"
65.54.164.49 - - [08/Jul/2004:13:53:28 +0000] "GET /Home/360__Panorama--90.html HTTP/1.1" 200 17181 "" "msnbot/0.11 (+http://search.msn.com/msnbot.htm)"
65.54.164.49 - - [08/Jul/2004:13:54:01 +0000] "GET /Home/G_stebuch--11.html HTTP/1.1" 200 18479 "" "msnbot/0.11 (+http://search.msn.com/msnbot.htm)"
65.54.164.49 - - [08/Jul/2004:13:54:35 +0000] "GET /Home/Anfrage___Buchung--3.html HTTP/1.1" 200 26620 "" "msnbot/0.11 (+http://search.msn.com/msnbot.htm)"
65.54.164.49 - - [08/Jul/2004:14:25:14 +0000] "GET /Home/Impressionen/Schnappsch_sse--91.html HTTP/1.1" 200 20905 "" "msnbot/0.11 (+http://search.msn.com/msnbot.htm)"
217.184.72.24 - - [08/Jul/2004:14:41:52 +0000] "GET /Home/Willkommen--10.html HTTP/1.1" 200 20694 "" "Mozilla/4.0 (compatible; MSIE 6.0; Windows NT 5.1; .NET CLR 1.1.4322)"
217.184.72.24 - - [08/Jul/2004:14:43:21 +0000] "GET /Home/Ambiente/Innen--88.html HTTP/1.1" 200 23298 "" "Mozilla/4.0 (compatible; MSIE 6.0; Windows NT 5.1; .NET CLR 1.1.4322)"
217.184.72.24 - - [08/Jul/2004:14:44:07 +0000] "GET /Home/Preise___Angebote/Zimmer--31.html HTTP/1.1" 200 20191 "" "Mozilla/4.0 (compatible; MSIE 6.0; Windows NT 5.1; .NET CLR 1.1.4322)"
213.3.194.151 - - [08/Jul/2004:14:46:44 +0000] "GET /Home/Willkommen--10.html HTTP/1.1" 200 20694 "" "Mozilla/4.0 (compatible; MSIE 6.0; Windows NT 5.1)"
213.3.194.151 - - [08/Jul/2004:14:47:50 +0000] "GET /Home/Wohnen/Zimmer--93.html HTTP/1.1" 200 23204 "" "Mozilla/4.0 (compatible; MSIE 6.0; Windows NT 5.1)"
213.3.194.151 - - [08/Jul/2004:14:48:25 +0000] "GET /Home/Wohnen/Appartments--92.html HTTP/1.1" 200 22555 "" "Mozilla/4.0 (compatible; MSIE 6.0; Windows NT 5.1)"
213.3.194.151 - - [08/Jul/2004:14:48:50 +0000] "GET /Home/Ambiente/Innen--88.html HTTP/1.1" 200 23298 "" "Mozilla/4.0 (compatible; MSIE 6.0; Windows NT 5.1)"
62.52.55.227 - - [08/Jul/2004:15:43:10 +0000] "GET /Home/Willkommen--10.html HTTP/1.1" 200 20694 "http://brisbane.t-online.de/fast-cgi/tsc?PortalLanguage=de&UserLanguage=de&device=html&dia=hdr&lang=primary&mandant=toi&num=10&ptl=&q=lana.it&start=0&tpc=themen&context=internet-tab&pe=false&adpage=1&www_start=0&www_num=10" "Mozilla/4.0 (compatible; MSIE 6.0; Windows NT 5.1)"
213.189.158.34 - - [08/Jul/2004:17:15:04 +0000] "GET /Home/Willkommen--10.html HTTP/1.1" 200 20694 "http://www.google.ch/search?hl=de&ie=UTF-8&q=lana.it&meta=lr%3Dlang_de" "Mozilla/4.0 (compatible; MSIE 6.0; Windows NT 5.1)"
213.189.158.34 - - [08/Jul/2004:17:15:17 +0000] "GET /Home/Preise___Angebote/Zimmer--31.html HTTP/1.1" 200 20191 "http://www.buehlerhof-lana.it/" "Mozilla/4.0 (compatible; MSIE 6.0; Windows NT 5.1)"
80.184.60.6 - - [08/Jul/2004:17:18:29 +0000] "GET /Home/Willkommen--10.html HTTP/1.1" 200 20694 "" "Mozilla/4.0 (compatible; MSIE 6.0; Windows NT 5.1)"
65.54.164.49 - - [08/Jul/2004:18:25:29 +0000] "GET /Home/Newsletter--12.html HTTP/1.1" 200 18927 "" "msnbot/0.11 (+http://search.msn.com/msnbot.htm)"
65.54.164.49 - - [08/Jul/2004:18:35:19 +0000] "GET /Home/Newsletter--12.html HTTP/1.1" 200 18796 "" "msnbot/0.11 (+http://search.msn.com/msnbot.htm)"
195.93.74.6 - - [08/Jul/2004:18:35:25 +0000] "GET /Home/Impressionen/Schnappsch_sse--91.html HTTP/1.1" 200 20818 "" "Mozilla/4.0 (compatible; MSIE 6.0; AOL 9.0; Windows NT 5.1; FunWebProducts)"
65.54.164.49 - - [08/Jul/2004:18:41:48 +0000] "GET /Home/Ambiente/Innen--88.html HTTP/1.1" 200 23298 "" "msnbot/0.11 (+http://search.msn.com/msnbot.htm)"
65.54.164.49 - - [08/Jul/2004:18:46:07 +0000] "GET /Home/G_stebuch--11.html HTTP/1.1" 200 18360 "" "msnbot/0.11 (+http://search.msn.com/msnbot.htm)"
65.54.164.49 - - [08/Jul/2004:19:23:47 +0000] "GET /Home/Veranstaltungen/Veranstaltungen_Lana/Bl_tenfesttage--59.html HTTP/1.1" 200 21167 "" "msnbot/0.11 (+http://search.msn.com/msnbot.htm)"
65.54.164.49 - - [08/Jul/2004:19:28:17 +0000] "GET /Home/Anfrage___Buchung--3.html HTTP/1.1" 200 26279 "" "msnbot/0.11 (+http://search.msn.com/msnbot.htm)"
65.54.164.49 - - [08/Jul/2004:20:41:30 +0000] "GET /Home/Impressionen--6.html HTTP/1.1" 200 41336 "" "msnbot/0.11 (+http://search.msn.com/msnbot.htm)"
217.199.27.210 - - [08/Jul/2004:22:21:42 +0000] "GET /Home/Willkommen--10.html HTTP/1.1" 200 20694 "" "Mozilla/4.0 (compatible; MSIE 6.0; Windows NT 5.1; Hotbar 4.4.9.0)"
217.199.27.210 - - [08/Jul/2004:22:22:20 +0000] "GET /Home/Newsletter--12.html HTTP/1.1" 200 18796 "http://www.buehlerhof-lana.it" "Mozilla/4.0 (compatible; MSIE 6.0; Windows NT 5.1; Hotbar 4.4.9.0)"
217.199.27.210 - - [08/Jul/2004:22:22:25 +0000] "GET /Home/Weiterempfehlung--48.html HTTP/1.1" 200 17853 "http://www.buehlerhof-lana.it/index.php?id=12" "Mozilla/4.0 (compatible; MSIE 6.0; Windows NT 5.1; Hotbar 4.4.9.0)"
81.2.176.228 - - [08/Jul/2004:22:23:00 +0000] "GET /Home/Willkommen--10.html HTTP/1.1" 200 20694 "" "Mozilla/4.0 (compatible: ROBOT robot)"
217.199.27.210 - - [08/Jul/2004:22:28:21 +0000] "GET /Home/Willkommen--10.html HTTP/1.1" 200 20694 "http://www.buehlerhof-lana.it/index.php?id=48" "Mozilla/4.0 (compatible; MSIE 6.0; Windows NT 5.1; Hotbar 4.4.9.0)"
217.199.27.210 - - [08/Jul/2004:22:28:26 +0000] "GET /Home/Impressionen--6.html HTTP/1.1" 200 41336 "http://www.buehlerhof-lana.it/index.php?id=10" "Mozilla/4.0 (compatible; MSIE 6.0; Windows NT 5.1; Hotbar 4.4.9.0)"
217.199.27.210 - - [08/Jul/2004:22:28:29 +0000] "GET /Home/Impressionen/Schnappsch_sse--91.html HTTP/1.1" 200 20818 "http://www.buehlerhof-lana.it/index.php?id=6" "Mozilla/4.0 (compatible; MSIE 6.0; Windows NT 5.1; Hotbar 4.4.9.0)"
217.199.27.210 - - [08/Jul/2004:22:29:00 +0000] "GET /Home/Ambiente/Innen--88.html HTTP/1.1" 200 23298 "http://www.buehlerhof-lana.it/index.php?id=91" "Mozilla/4.0 (compatible; MSIE 6.0; Windows NT 5.1; Hotbar 4.4.9.0)"
217.199.27.210 - - [08/Jul/2004:22:29:21 +0000] "GET /Home/Wohnen/Zimmer--93.html HTTP/1.1" 200 23204 "http://www.buehlerhof-lana.it/index.php?id=9" "Mozilla/4.0 (compatible; MSIE 6.0; Windows NT 5.1; Hotbar 4.4.9.0)"
217.199.27.210 - - [08/Jul/2004:22:29:42 +0000] "GET /Home/Wohnen/Appartments--92.html HTTP/1.1" 200 22555 "http://www.buehlerhof-lana.it/index.php?id=8" "Mozilla/4.0 (compatible; MSIE 6.0; Windows NT 5.1; Hotbar 4.4.9.0)"
217.199.27.210 - - [08/Jul/2004:22:30:04 +0000] "GET /Home/360__Panorama--90.html HTTP/1.1" 200 17154 "http://www.buehlerhof-lana.it/index.php?id=92" "Mozilla/4.0 (compatible; MSIE 6.0; Windows NT 5.1; Hotbar 4.4.9.0)"
217.199.27.210 - - [08/Jul/2004:22:30:47 +0000] "GET /Home/Willkommen--10.html HTTP/1.1" 200 20300 "http://www.buehlerhof-lana.it/index.php?id=90&L=de" "Mozilla/4.0 (compatible; MSIE 6.0; Windows NT 5.1; Hotbar 4.4.9.0)"
213.119.63.206 - - [08/Jul/2004:22:41:01 +0000] "GET /Home/Willkommen--10.html HTTP/1.1" 200 20694 "http://www.suedtirol-ferien.it/hotel/Lana_dt.shtml" "Mozilla/4.0 (compatible; MSIE 6.0; Windows NT 5.1)"
82.48.82.198 - - [08/Jul/2004:22:44:01 +0000] "GET /Home/Willkommen--10.html HTTP/1.1" 200 20694 "http://www.meranerland.it/html/Lana_it.html" "Mozilla/4.0 (compatible; MSIE 6.0; Windows NT 5.1)"
82.48.82.198 - - [08/Jul/2004:22:44:15 +0000] "GET /Home/Ambiente/Innen--88.html HTTP/1.1" 200 23298 "http://www.buehlerhof-lana.it/" "Mozilla/4.0 (compatible; MSIE 6.0; Windows NT 5.1)"
65.54.164.49 - - [08/Jul/2004:22:47:00 +0000] "GET /Home/Impressionen/Schnappsch_sse--91.html HTTP/1.1" 200 20818 "" "msnbot/0.11 (+http://search.msn.com/msnbot.htm)"
65.54.164.49 - - [08/Jul/2004:23:14:00 +0000] "GET /Home/Umgebung/Badeseen--85.html HTTP/1.1" 200 22230 "" "msnbot/0.11 (+http://search.msn.com/msnbot.htm)"
65.54.164.49 - - [08/Jul/2004:23:20:39 +0000] "GET /Home/Umgebung/Badeseen--85.html HTTP/1.1" 200 21906 "" "msnbot/0.11 (+http://search.msn.com/msnbot.htm)"
65.54.164.49 - - [08/Jul/2004:23:25:38 +0000] "GET /Home/Preise___Angebote/Appartements--30.html HTTP/1.1" 200 22036 "" "msnbot/0.11 (+http://search.msn.com/msnbot.htm)"
65.54.164.49 - - [08/Jul/2004:23:29:36 +0000] "GET /Home/Preise___Angebote/Zimmer--31.html HTTP/1.1" 200 20321 "" "msnbot/0.11 (+http://search.msn.com/msnbot.htm)"
213.119.63.206 - - [09/Jul/2004:00:07:26 +0000] "GET /Home/Willkommen--10.html HTTP/1.1" 200 20694 "http://www.suedtirol-ferien.it/hotel/Tisens_dt.shtml" "Mozilla/4.0 (compatible; MSIE 6.0; Windows NT 5.1)"
213.119.63.206 - - [09/Jul/2004:00:07:09 +0000] "GET /Home/Willkommen--10.html HTTP/1.1" 200 20694 "http://www.suedtirol-ferien.it/hotel/Tisens_dt.shtml" "Mozilla/4.0 (compatible; MSIE 6.0; Windows NT 5.1)"
213.119.63.206 - - [09/Jul/2004:00:07:31 +0000] "GET /Home/Willkommen--10.html HTTP/1.1" 200 20694 "http://www.suedtirol-ferien.it/hotel/Tisens_dt.shtml" "Mozilla/4.0 (compatible; MSIE 6.0; Windows NT 5.1)"
213.119.63.206 - - [09/Jul/2004:00:07:44 +0000] "GET /Home/Preise___Angebote/Zimmer--31.html HTTP/1.1" 200 20191 "http://www.buehlerhof-lana.it/" "Mozilla/4.0 (compatible; MSIE 6.0; Windows NT 5.1)"
212.48.11.148 - - [09/Jul/2004:00:18:24 +0000] "GET /Home/Willkommen--10.html HTTP/1.1" 200 20694 "" "PycURL"
65.54.164.49 - - [09/Jul/2004:00:36:09 +0000] "GET /Home/Sehenswertes/Museen--68.html HTTP/1.1" 200 19075 "" "msnbot/0.11 (+http://search.msn.com/msnbot.htm)"
65.54.164.49 - - [09/Jul/2004:00:40:50 +0000] "GET /Home/Ambiente/Aussen--87.html HTTP/1.1" 200 19819 "" "msnbot/0.11 (+http://search.msn.com/msnbot.htm)"
65.54.164.49 - - [09/Jul/2004:00:54:33 +0000] "GET /Home/Veranstaltungen/Veranstaltungen_Lana/Lana_Jazz__04--58.html HTTP/1.1" 200 19561 "" "msnbot/0.11 (+http://search.msn.com/msnbot.htm)"
65.54.164.49 - - [09/Jul/2004:01:08:39 +0000] "GET /Home/Sehenswertes/S_dtiroler_Obstbaumuseum--24.html HTTP/1.1" 200 18425 "" "msnbot/0.11 (+http://search.msn.com/msnbot.htm)"
209.202.205.1 - - [09/Jul/2004:02:28:18 +0000] "GET /Home/Willkommen--10.html HTTP/1.1" 200 20694 "" "trexmod"
65.54.164.49 - - [09/Jul/2004:05:29:21 +0000] "GET /Home/Umgebung/Gaulpromenade--53.html HTTP/1.1" 200 21938 "" "msnbot/0.11 (+http://search.msn.com/msnbot.htm)"
65.54.164.49 - - [09/Jul/2004:06:10:33 +0000] "GET /Home/Umgebung/Kultur-_und_Naturlehrweg_Aichb--52.html HTTP/1.1" 200 21534 "" "msnbot/0.11 (+http://search.msn.com/msnbot.htm)"
65.54.164.49 - - [09/Jul/2004:06:14:22 +0000] "GET /Home/Umgebung/Brandiswaalweg--54.html HTTP/1.1" 200 21715 "" "msnbot/0.11 (+http://search.msn.com/msnbot.htm)"
208.181.115.1 - - [09/Jul/2004:06:18:18 +0000] "GET /Home/Willkommen--10.html HTTP/1.1" 200 20694 "" ""
65.54.164.49 - - [09/Jul/2004:07:23:43 +0000] "GET /Home/Veranstaltungen/Veranstaltungen_Lana/Bl_tenfesttage--59.html HTTP/1.1" 200 21173 "" "msnbot/0.11 (+http://search.msn.com/msnbot.htm)"
65.54.164.49 - - [09/Jul/2004:07:28:54 +0000] "GET /Home/Umgebung/Partschinser_Wasserfall--26.html HTTP/1.1" 200 19240 "" "msnbot/0.11 (+http://search.msn.com/msnbot.htm)"
65.54.164.49 - - [09/Jul/2004:07:32:52 +0000] "GET /Home/Veranstaltungen/Veranstaltungen_M.../Meran-Flora--63.html HTTP/1.1" 200 21291 "" "msnbot/0.11 (+http://search.msn.com/msnbot.htm)"
65.54.164.49 - - [09/Jul/2004:07:36:11 +0000] "GET /Home/Veranstaltungen/Veranstaltungen_Lana/Bl_tenfesttage--59.html HTTP/1.1" 200 21134 "" "msnbot/0.11 (+http://search.msn.com/msnbot.htm)"
194.228.211.203 - - [09/Jul/2004:07:36:45 +0000] "GET /Home/Willkommen--10.html HTTP/1.1" 200 20694 "http://www.thebestofnet.com/cgi-bin/topsecret.cgi?6743452643" "Mozilla/4.0 (compatible; MSIE 7.01; Windows 98)"
65.54.164.49 - - [09/Jul/2004:07:41:58 +0000] "GET /Home/Umgebung/Vigiljoch--27.html HTTP/1.1" 200 20392 "" "msnbot/0.11 (+http://search.msn.com/msnbot.htm)"
65.54.164.49 - - [09/Jul/2004:07:44:06 +0000] "GET /Home/Umgebung/Knottn-Kino--25.html HTTP/1.1" 200 21568 "" "msnbot/0.11 (+http://search.msn.com/msnbot.htm)"
213.193.30.242 - - [09/Jul/2004:08:34:34 +0000] "GET /Home/Willkommen--10.html HTTP/1.1" 200 20694 "" "Firefly/1.0 (compatible; Mozilla 4.0; MSIE 5.5)"
62.180.212.13 - - [09/Jul/2004:08:54:39 +0000] "GET /Home/Willkommen--10.html HTTP/1.1" 200 20694 "" "Mozilla/4.0 (compatible; MSIE 6.0; Windows NT 5.1)"
62.180.212.13 - - [09/Jul/2004:08:55:36 +0000] "GET /Home/360__Panorama--90.html HTTP/1.1" 200 17154 "http://www.buehlerhof-lana.it" "Mozilla/4.0 (compatible; MSIE 6.0; Windows NT 5.1)"
62.180.212.13 - - [09/Jul/2004:08:57:12 +0000] "GET /Home/Ambiente/Innen--88.html HTTP/1.1" 200 23298 "http://www.buehlerhof-lana.it" "Mozilla/4.0 (compatible; MSIE 6.0; Windows NT 5.1)"
62.180.212.13 - - [09/Jul/2004:08:57:46 +0000] "GET /Home/Wohnen/Zimmer--93.html HTTP/1.1" 200 23204 "http://www.buehlerhof-lana.it/index.php?id=9" "Mozilla/4.0 (compatible; MSIE 6.0; Windows NT 5.1)"
62.180.212.13 - - [09/Jul/2004:08:58:13 +0000] "GET /Home/Wohnen/Appartments--92.html HTTP/1.1" 200 22555 "http://www.buehlerhof-lana.it/index.php?id=8" "Mozilla/4.0 (compatible; MSIE 6.0; Windows NT 5.1)"
62.180.212.13 - - [09/Jul/2004:08:59:49 +0000] "GET /Home/Ambiente/Innen--88.html HTTP/1.1" 200 23298 "http://www.buehlerhof-lana.it/index.php?id=92" "Mozilla/4.0 (compatible; MSIE 6.0; Windows NT 5.1)"
62.180.212.13 - - [09/Jul/2004:08:59:54 +0000] "GET /Home/Ambiente/Aussen--87.html HTTP/1.1" 200 19697 "http://www.buehlerhof-lana.it/index.php?id=9" "Mozilla/4.0 (compatible; MSIE 6.0; Windows NT 5.1)"
65.54.164.49 - - [09/Jul/2004:09:04:02 +0000] "GET /Home/Veranstaltungen/Veranstaltungen_M.../Meran-Flora--63.html HTTP/1.1" 200 21787 "" "msnbot/0.11 (+http://search.msn.com/msnbot.htm)"
65.54.164.49 - - [09/Jul/2004:09:07:43 +0000] "GET /Home/Veranstaltungen/Veranstaltungen_Lana/Langer_Donnerstag--57.html HTTP/1.1" 200 21725 "" "msnbot/0.11 (+http://search.msn.com/msnbot.htm)"
65.54.164.49 - - [09/Jul/2004:09:10:30 +0000] "GET /Home/Veranstaltungen/Veranstaltungen_Lana/Freilichtspiele--56.html HTTP/1.1" 200 19443 "" "msnbot/0.11 (+http://search.msn.com/msnbot.htm)"
65.54.164.49 - - [09/Jul/2004:09:12:53 +0000] "GET /Home/Veranstaltungen/Veranstaltungen_Lana/Kastanientage_in_V_llan_und_Ti--55.html HTTP/1.1" 200 19259 "" "msnbot/0.11 (+http://search.msn.com/msnbot.htm)"
217.227.86.144 - - [09/Jul/2004:09:43:12 +0000] "GET /Home/Willkommen--10.html HTTP/1.1" 200 20694 "http://www.google.de/search?q=b%FChlerhof+lana&ie=ISO-8859-1&hl=de&meta=" "Mozilla/4.0 (compatible; MSIE 5.01; Windows NT 5.0)"
217.227.86.144 - - [09/Jul/2004:09:47:16 +0000] "GET /Home/Willkommen--10.html HTTP/1.1" 200 20694 "" "Mozilla/4.0 (compatible; MSIE 5.01; Windows NT 5.0)"
62.227.117.199 - - [09/Jul/2004:10:03:57 +0000] "GET /Home/Willkommen--10.html HTTP/1.1" 200 20694 "" "Mozilla/4.0 (compatible; MSIE 6.0; Windows 98; Win 9x 4.90; 1 & 1 Internet AG)"
65.54.164.49 - - [09/Jul/2004:10:42:32 +0000] "GET /Home/Sehenswertes/Bot._G_rten_Schloss_Trauttmann--67.html HTTP/1.1" 200 21749 "" "msnbot/0.11 (+http://search.msn.com/msnbot.htm)"
164.128.235.28 - - [09/Jul/2004:10:43:48 +0000] "GET /Home/Willkommen--10.html HTTP/1.1" 200 20694 "http://www.google.it/search?q=lana.it&hl=it&lr=&ie=UTF-8&start=130&sa=N" "Mozilla/4.0 (compatible; MSIE 6.0; Windows NT 4.0)"
164.128.235.28 - - [09/Jul/2004:10:45:18 +0000] "GET /Home/Willkommen--10.html HTTP/1.1" 200 20694 "http://www.google.it/search?q=lana.it&hl=it&lr=&ie=UTF-8&start=130&sa=N" "Mozilla/4.0 (compatible; MSIE 6.0; Windows NT 4.0)"
164.128.235.28 - - [09/Jul/2004:10:45:26 +0000] "GET /Home/Ambiente/Innen--88.html HTTP/1.1" 200 23298 "http://www.buehlerhof-lana.it/" "Mozilla/4.0 (compatible; MSIE 6.0; Windows NT 4.0)"
164.128.235.28 - - [09/Jul/2004:10:45:44 +0000] "GET /Home/Wohnen/Zimmer--93.html HTTP/1.1" 200 23204 "http://www.buehlerhof-lana.it/index.php?id=9" "Mozilla/4.0 (compatible; MSIE 6.0; Windows NT 4.0)"
