195.93.72.10 - - [14/Jul/2004:19:52:02 +0000] "GET /Home/Willkommen--10.html HTTP/1.1" 200 20694 "http://sucheaol.aol.de/suche/search.jsp?prev_safe=off&sg=Suche&q=www.buehlerhof-lana.it&wo=1&x=18&y=15" "Mozilla/4.0 (compatible; MSIE 6.0; AOL 9.0; Windows 98)"
195.93.74.7 - - [14/Jul/2004:19:52:12 +0000] "GET /Home/Wohnen/Zimmer--93.html HTTP/1.1" 200 23204 "http://www.buehlerhof-lana.it/" "Mozilla/4.0 (compatible; MSIE 6.0; AOL 9.0; Windows 98)"
195.93.73.17 - - [14/Jul/2004:19:53:02 +0000] "GET /Home/Wohnen/Appartments--92.html HTTP/1.1" 200 22555 "http://www.buehlerhof-lana.it/index.php?id=8" "Mozilla/4.0 (compatible; MSIE 6.0; AOL 9.0; Windows 98)"
195.93.72.11 - - [14/Jul/2004:19:55:05 +0000] "GET /Home/Wohnen/Zimmer--93.html HTTP/1.1" 200 23204 "http://www.buehlerhof-lana.it/index.php?id=92" "Mozilla/4.0 (compatible; MSIE 6.0; AOL 9.0; Windows 98)"
195.93.72.10 - - [14/Jul/2004:19:56:04 +0000] "GET /Home/Willkommen--10.html HTTP/1.1" 200 20694 "http://sucheaol.aol.de/suche/search.jsp?prev_safe=off&sg=Suche&q=www.buehlerhof-lana.it&wo=1&x=18&y=15" "Mozilla/4.0 (compatible; MSIE 6.0; AOL 9.0; Windows 98)"
195.93.74.7 - - [14/Jul/2004:19:56:22 +0000] "GET /Home/Wohnen/Zimmer--93.html HTTP/1.1" 200 23204 "http://www.buehlerhof-lana.it/" "Mozilla/4.0 (compatible; MSIE 6.0; AOL 9.0; Windows 98)"
195.93.73.17 - - [14/Jul/2004:19:56:27 +0000] "GET /Home/Wohnen/Appartments--92.html HTTP/1.1" 200 22555 "http://www.buehlerhof-lana.it/index.php?id=8" "Mozilla/4.0 (compatible; MSIE 6.0; AOL 9.0; Windows 98)"
195.93.72.6 - - [14/Jul/2004:19:57:30 +0000] "GET /Home/Preise___Angebote/Zimmer--31.html HTTP/1.1" 200 20191 "http://www.buehlerhof-lana.it/index.php?id=92" "Mozilla/4.0 (compatible; MSIE 6.0; AOL 9.0; Windows 98)"
195.93.73.7 - - [14/Jul/2004:20:00:35 +0000] "GET /Home/Preise___Angebote/Appartements--30.html HTTP/1.1" 200 21728 "http://www.buehlerhof-lana.it/index.php?id=4" "Mozilla/4.0 (compatible; MSIE 6.0; AOL 9.0; Windows 98)"
217.248.164.127 - - [14/Jul/2004:20:06:55 +0000] "GET /Home/Willkommen--10.html HTTP/1.1" 200 20694 "http://www.suedtirol-ferien.it/hotel/Nals_dt.shtml" "Mozilla/4.0 (compatible; MSIE 6.0; Windows 98; DT)"
217.248.164.127 - - [14/Jul/2004:20:07:45 +0000] "GET /Home/Ambiente/Innen--88.html HTTP/1.1" 200 23298 "http://www.buehlerhof-lana.it/" "Mozilla/4.0 (compatible; MSIE 6.0; Windows 98; DT)"
217.248.164.127 - - [14/Jul/2004:20:10:20 +0000] "GET /Home/Preise___Angebote/Pauschalangebote--29.html HTTP/1.1" 200 21164 "http://www.buehlerhof-lana.it/index.php?id=9" "Mozilla/4.0 (compatible; MSIE 6.0; Windows 98; DT)"
217.248.164.127 - - [14/Jul/2004:20:10:48 +0000] "GET /Home/Preise___Angebote/Zimmer--31.html HTTP/1.1" 200 20191 "http://www.buehlerhof-lana.it/index.php?id=29" "Mozilla/4.0 (compatible; MSIE 6.0; Windows 98; DT)"
80.202.221.109 - - [14/Jul/2004:20:13:34 +0000] "GET /Home/Willkommen--10.html HTTP/1.1" 200 20694 "" "boitho.com-dc/0.51 ( http://www.boitho.com/dcbot.html )"
195.93.73.7 - - [14/Jul/2004:20:15:37 +0000] "GET /Home/Preise___Angebote/Appartements--30.html HTTP/1.1" 200 21728 "" "Mozilla/4.0 (compatible; MSIE 6.0; AOL 9.0; Windows 98)"
195.93.74.7 - - [14/Jul/2004:20:16:58 +0000] "GET /Home/Wohnen/Zimmer--93.html HTTP/1.1" 200 23204 "http://www.buehlerhof-lana.it/index.php?id=30" "Mozilla/4.0 (compatible; MSIE 6.0; AOL 9.0; Windows 98)"
195.93.73.17 - - [14/Jul/2004:20:17:06 +0000] "GET /Home/Wohnen/Appartments--92.html HTTP/1.1" 200 22555 "http://www.buehlerhof-lana.it/index.php?id=8" "Mozilla/4.0 (compatible; MSIE 6.0; AOL 9.0; Windows 98)"
195.93.72.11 - - [14/Jul/2004:20:20:32 +0000] "GET /Home/Wohnen/Zimmer--93.html HTTP/1.1" 200 23204 "http://www.buehlerhof-lana.it/index.php?id=92" "Mozilla/4.0 (compatible; MSIE 6.0; AOL 9.0; Windows 98)"
195.93.64.14 - - [14/Jul/2004:20:21:22 +0000] "GET /Home/Willkommen--10.html HTTP/1.1" 200 20694 "http://www.buehlerhof-lana.it/index.php?id=93" "Mozilla/4.0 (compatible; MSIE 6.0; AOL 9.0; Windows 98)"
195.93.73.9 - - [14/Jul/2004:20:21:55 +0000] "GET /Home/Ambiente/Innen--88.html HTTP/1.1" 200 23298 "http://www.buehlerhof-lana.it/index.php?id=10" "Mozilla/4.0 (compatible; MSIE 6.0; AOL 9.0; Windows 98)"
195.93.72.11 - - [14/Jul/2004:20:22:16 +0000] "GET /Home/Weiterempfehlung--48.html HTTP/1.1" 200 17853 "http://www.buehlerhof-lana.it/index.php?id=9" "Mozilla/4.0 (compatible; MSIE 6.0; AOL 9.0; Windows 98)"
195.93.64.9 - - [14/Jul/2004:20:22:27 +0000] "GET /Home/Impressionen--6.html HTTP/1.1" 200 41336 "http://www.buehlerhof-lana.it/index.php?id=48" "Mozilla/4.0 (compatible; MSIE 6.0; AOL 9.0; Windows 98)"
195.93.72.11 - - [14/Jul/2004:20:22:38 +0000] "GET /Home/Aktivurlaub--66.html HTTP/1.1" 200 27054 "http://www.buehlerhof-lana.it/index.php?id=6" "Mozilla/4.0 (compatible; MSIE 6.0; AOL 9.0; Windows 98)"
217.185.23.25 - - [14/Jul/2004:22:14:15 +0000] "GET /Home/Willkommen--10.html HTTP/1.1" 200 20694 "" "Mozilla/4.0 (compatible; MSIE 6.0; Windows NT 5.1)"
217.185.23.25 - - [14/Jul/2004:22:14:27 +0000] "GET /Home/Preise___Angebote/Zimmer--31.html HTTP/1.1" 200 20191 "http://www.buehlerhof-lana.it/" "Mozilla/4.0 (compatible; MSIE 6.0; Windows NT 5.1)"
217.185.23.25 - - [14/Jul/2004:22:15:19 +0000] "GET /Home/Preise___Angebote/Pauschalangebote--29.html HTTP/1.1" 200 21164 "http://www.buehlerhof-lana.it/index.php?id=4" "Mozilla/4.0 (compatible; MSIE 6.0; Windows NT 5.1)"
217.185.23.25 - - [14/Jul/2004:22:15:56 +0000] "GET /Home/Wohnen/Zimmer--93.html HTTP/1.1" 200 23204 "http://www.buehlerhof-lana.it/index.php?id=29" "Mozilla/4.0 (compatible; MSIE 6.0; Windows NT 5.1)"
217.185.23.25 - - [14/Jul/2004:22:16:03 +0000] "GET /Home/Wohnen/Appartments--92.html HTTP/1.1" 200 22555 "http://www.buehlerhof-lana.it/index.php?id=8" "Mozilla/4.0 (compatible; MSIE 6.0; Windows NT 5.1)"
217.185.23.25 - - [14/Jul/2004:22:16:29 +0000] "GET /Home/360__Panorama--90.html HTTP/1.1" 200 17154 "http://www.buehlerhof-lana.it/index.php?id=92" "Mozilla/4.0 (compatible; MSIE 6.0; Windows NT 5.1)"
217.185.23.25 - - [14/Jul/2004:22:17:02 +0000] "GET /Home/Impressionen--6.html HTTP/1.1" 200 41336 "http://www.buehlerhof-lana.it/index.php?id=92" "Mozilla/4.0 (compatible; MSIE 6.0; Windows NT 5.1)"
217.185.23.25 - - [14/Jul/2004:22:17:37 +0000] "GET /Home/Ambiente/Innen--88.html HTTP/1.1" 200 23298 "http://www.buehlerhof-lana.it/index.php?id=6" "Mozilla/4.0 (compatible; MSIE 6.0; Windows NT 5.1)"
217.185.23.25 - - [14/Jul/2004:22:18:00 +0000] "GET /Home/Wohnen/Zimmer--93.html HTTP/1.1" 200 23204 "http://www.buehlerhof-lana.it/index.php?id=9" "Mozilla/4.0 (compatible; MSIE 6.0; Windows NT 5.1)"
217.185.23.25 - - [14/Jul/2004:22:18:26 +0000] "GET /Home/Wohnen/Appartments--92.html HTTP/1.1" 200 22555 "http://www.buehlerhof-lana.it/index.php?id=8" "Mozilla/4.0 (compatible; MSIE 6.0; Windows NT 5.1)"
217.185.23.25 - - [14/Jul/2004:22:18:58 +0000] "GET /Home/G_stebuch--11.html HTTP/1.1" 200 19166 "http://www.buehlerhof-lana.it/index.php?id=92" "Mozilla/4.0 (compatible; MSIE 6.0; Windows NT 5.1)"
217.185.23.25 - - [14/Jul/2004:22:19:22 +0000] "GET /Home/Umgebung/Badeseen--85.html HTTP/1.1" 200 22265 "http://www.buehlerhof-lana.it/index.php?id=11" "Mozilla/4.0 (compatible; MSIE 6.0; Windows NT 5.1)"
217.185.23.25 - - [14/Jul/2004:22:19:50 +0000] "GET /Home/Umgebung/Brandiswaalweg--54.html HTTP/1.1" 200 21627 "http://www.buehlerhof-lana.it/index.php?id=7" "Mozilla/4.0 (compatible; MSIE 6.0; Windows NT 5.1)"
217.185.23.25 - - [14/Jul/2004:22:20:16 +0000] "GET /Home/Umgebung/Partschinser_Wasserfall--26.html HTTP/1.1" 200 19260 "http://www.buehlerhof-lana.it/index.php?id=54" "Mozilla/4.0 (compatible; MSIE 6.0; Windows NT 5.1)"
212.48.11.148 - - [14/Jul/2004:22:20:18 +0000] "GET /Home/Willkommen--10.html HTTP/1.1" 200 20694 "" "PycURL"
217.185.23.25 - - [14/Jul/2004:22:20:37 +0000] "GET /Home/Umgebung/Meraner_H_henweg--51.html HTTP/1.1" 200 22425 "http://www.buehlerhof-lana.it/index.php?id=26" "Mozilla/4.0 (compatible; MSIE 6.0; Windows NT 5.1)"
217.185.23.25 - - [14/Jul/2004:22:21:04 +0000] "GET /Home/Umgebung/Gaulpromenade--53.html HTTP/1.1" 200 21718 "http://www.buehlerhof-lana.it/index.php?id=51" "Mozilla/4.0 (compatible; MSIE 6.0; Windows NT 5.1)"
217.185.23.25 - - [14/Jul/2004:22:21:29 +0000] "GET /Home/Wohnen/Zimmer--93.html HTTP/1.1" 200 23204 "http://www.buehlerhof-lana.it/index.php?id=53" "Mozilla/4.0 (compatible; MSIE 6.0; Windows NT 5.1)"
217.185.23.25 - - [14/Jul/2004:22:21:39 +0000] "GET /Home/Preise___Angebote/Zimmer--31.html HTTP/1.1" 200 20191 "http://www.buehlerhof-lana.it/index.php?id=8" "Mozilla/4.0 (compatible; MSIE 6.0; Windows NT 5.1)"
217.185.23.25 - - [14/Jul/2004:22:21:56 +0000] "GET /Home/Preise___Angebote/Appartements--30.html HTTP/1.1" 200 21728 "http://www.buehlerhof-lana.it/index.php?id=4" "Mozilla/4.0 (compatible; MSIE 6.0; Windows NT 5.1)"
217.185.23.25 - - [14/Jul/2004:22:22:58 +0000] "GET /Home/Preise___Angebote/Pauschalangebote--29.html HTTP/1.1" 200 21164 "http://www.buehlerhof-lana.it/index.php?id=30" "Mozilla/4.0 (compatible; MSIE 6.0; Windows NT 5.1)"
80.129.169.63 - - [14/Jul/2004:23:20:04 +0000] "GET /Home/Willkommen--10.html HTTP/1.1" 200 20694 "http://www.suedtirol-ferien.it/hotel/Tscherms_dt.shtml" "Mozilla/4.0 (compatible; MSIE 6.0; Windows 98; &id;)"
80.129.169.63 - - [14/Jul/2004:23:21:24 +0000] "GET /Home/360__Panorama--90.html HTTP/1.1" 200 17154 "http://www.buehlerhof-lana.it/" "Mozilla/4.0 (compatible; MSIE 6.0; Windows 98; &id;)"
80.129.169.63 - - [14/Jul/2004:23:23:19 +0000] "GET /Home/Wohnen/Zimmer--93.html HTTP/1.1" 200 22652 "http://www.buehlerhof-lana.it/index.php?id=90&L=de" "Mozilla/4.0 (compatible; MSIE 6.0; Windows 98; &id;)"
80.129.169.63 - - [14/Jul/2004:23:25:00 +0000] "GET /Home/Preise___Angebote/Zimmer--31.html HTTP/1.1" 200 20321 "http://www.buehlerhof-lana.it/index.php?id=8&L=de" "Mozilla/4.0 (compatible; MSIE 6.0; Windows 98; &id;)"
80.129.169.63 - - [14/Jul/2004:23:27:03 +0000] "GET /Home/Preise___Angebote/Appartements--30.html HTTP/1.1" 200 21853 "http://www.buehlerhof-lana.it/index.php?id=4&L=de" "Mozilla/4.0 (compatible; MSIE 6.0; Windows 98; &id;)"
80.129.169.63 - - [14/Jul/2004:23:28:45 +0000] "GET /Home/Preise___Angebote/Pauschalangebote--29.html HTTP/1.1" 200 21274 "http://www.buehlerhof-lana.it/index.php?id=30&L=de" "Mozilla/4.0 (compatible; MSIE 6.0; Windows 98; &id;)"
80.129.169.63 - - [14/Jul/2004:23:30:10 +0000] "GET /Home/Wohnen/Zimmer--93.html HTTP/1.1" 200 22652 "http://www.buehlerhof-lana.it/index.php?id=90&L=de" "Mozilla/4.0 (compatible; MSIE 6.0; Windows 98; &id;)"
213.70.2.194 - - [15/Jul/2004:01:24:00 +0000] "GET /Home/Willkommen--10.html HTTP/1.1" 200 20694 "" "Mozilla/4.0 (compatible; MSIE 5.5; Windows NT 5.0) RPT-HTTPClient/0.3-3"
66.196.90.170 - - [15/Jul/2004:05:20:01 +0000] "GET /Home/Sehenswertes/Bot._G_rten_Schloss_Trauttmann--67.html HTTP/1.1" 200 21566 "" "Mozilla/5.0 (compatible; Yahoo! Slurp; http://help.yahoo.com/help/us/ysearch/slurp)"
66.196.90.198 - - [15/Jul/2004:05:22:04 +0000] "GET /Home/Preise___Angebote/Pauschalangebote--29.html HTTP/1.1" 200 21164 "" "Mozilla/5.0 (compatible; Yahoo! Slurp; http://help.yahoo.com/help/us/ysearch/slurp)"
66.196.90.96 - - [15/Jul/2004:05:22:16 +0000] "GET /Home/Aktivurlaub--66.html HTTP/1.1" 200 27054 "" "Mozilla/5.0 (compatible; Yahoo! Slurp; http://help.yahoo.com/help/us/ysearch/slurp)"
66.196.90.139 - - [15/Jul/2004:05:24:16 +0000] "GET /Home/Preise___Angebote/Zimmer--31.html HTTP/1.1" 200 20191 "" "Mozilla/5.0 (compatible; Yahoo! Slurp; http://help.yahoo.com/help/us/ysearch/slurp)"
66.196.90.183 - - [15/Jul/2004:07:38:57 +0000] "GET /Home/Anfrage___Buchung--3.html HTTP/1.1" 200 26279 "" "Mozilla/5.0 (compatible; Yahoo! Slurp; http://help.yahoo.com/help/us/ysearch/slurp)"
66.196.90.186 - - [15/Jul/2004:08:56:08 +0000] "GET /Home/Anreise/Lageplan--35.html HTTP/1.1" 200 17032 "" "Mozilla/5.0 (compatible; Yahoo! Slurp; http://help.yahoo.com/help/us/ysearch/slurp)"
213.203.152.71 - - [15/Jul/2004:09:43:35 +0000] "GET /Home/Willkommen--10.html HTTP/1.1" 200 20694 "http://www.suedtirol-ferien.it/x_Lana_it.html" "Mozilla/4.0 (compatible; MSIE 6.0; Windows NT 5.0; MyIE2)"
213.203.152.71 - - [15/Jul/2004:09:44:12 +0000] "GET /Home/Willkommen--10.html HTTP/1.1" 200 20711 "http://www.buehlerhof-lana.it/" "Mozilla/4.0 (compatible; MSIE 6.0; Windows NT 5.0; MyIE2)"
213.203.152.71 - - [15/Jul/2004:09:46:32 +0000] "GET /Home/Preise___Angebote/Zimmer--31.html HTTP/1.1" 200 20428 "http://www.buehlerhof-lana.it/index.php?id=1&L=it" "Mozilla/4.0 (compatible; MSIE 6.0; Windows NT 5.0; MyIE2)"
195.93.73.9 - - [15/Jul/2004:10:05:30 +0000] "GET /Home/Ambiente/Innen--88.html HTTP/1.1" 200 23298 "" "Mozilla/4.0 (compatible; MSIE 6.0; AOL 9.0; Windows NT 5.1; .NET CLR 1.0.3705)"
195.93.72.11 - - [15/Jul/2004:10:05:52 +0000] "GET /Home/Aktivurlaub--66.html HTTP/1.1" 200 27054 "" "Mozilla/4.0 (compatible; MSIE 6.0; AOL 9.0; Windows NT 5.1; .NET CLR 1.0.3705)"
195.93.73.9 - - [15/Jul/2004:10:06:28 +0000] "GET /Home/Anreise/Lageplan--35.html HTTP/1.1" 200 17032 "" "Mozilla/4.0 (compatible; MSIE 6.0; AOL 9.0; Windows NT 5.1; .NET CLR 1.0.3705)"
195.93.72.6 - - [15/Jul/2004:10:07:06 +0000] "GET /Home/Anreise/Wetterbericht--33.html HTTP/1.1" 200 16663 "" "Mozilla/4.0 (compatible; MSIE 6.0; AOL 9.0; Windows NT 5.1; .NET CLR 1.0.3705)"
65.54.164.49 - - [15/Jul/2004:10:20:17 +0000] "GET /Home/Wohnen/Appartments--92.html HTTP/1.1" 200 22003 "" "msnbot/0.11 (+http://search.msn.com/msnbot.htm)"
65.54.164.49 - - [15/Jul/2004:10:56:41 +0000] "GET /Home/Wohnen/Appartments--92.html HTTP/1.1" 200 22757 "" "msnbot/0.11 (+http://search.msn.com/msnbot.htm)"
62.154.142.163 - - [15/Jul/2004:10:59:06 +0000] "GET /Home/Willkommen--10.html HTTP/1.1" 200 20694 "http://search.msn.de/results.aspx?cp=1252&PI=9483&DI=108&FORM=MSNH&q=Pension+Margesin+Lana" "Mozilla/4.0 (compatible; MSIE 5.5; Windows NT 4.0)"
62.154.142.163 - - [15/Jul/2004:11:00:11 +0000] "GET /Home/360__Panorama--90.html HTTP/1.1" 200 17154 "http://www.buehlerhof-lana.it/" "Mozilla/4.0 (compatible; MSIE 5.5; Windows NT 4.0)"
62.154.142.163 - - [15/Jul/2004:11:00:26 +0000] "GET /Home/Preise___Angebote/Zimmer--31.html HTTP/1.1" 200 20321 "http://www.buehlerhof-lana.it/index.php?id=90&L=de" "Mozilla/4.0 (compatible; MSIE 5.5; Windows NT 4.0)"
62.154.142.163 - - [15/Jul/2004:11:01:23 +0000] "GET /Home/Preise___Angebote/Appartements--30.html HTTP/1.1" 200 21853 "http://www.buehlerhof-lana.it/index.php?id=4&L=de" "Mozilla/4.0 (compatible; MSIE 5.5; Windows NT 4.0)"
62.154.142.163 - - [15/Jul/2004:11:03:59 +0000] "GET /Home/Willkommen--10.html HTTP/1.1" 200 20694 "" "Mozilla/4.0 (compatible; MSIE 5.01; Windows NT)"
62.154.142.163 - - [15/Jul/2004:11:04:49 +0000] "GET /Home/Wohnen/Zimmer--93.html HTTP/1.1" 200 23204 "http://www.buehlerhof-lana.it/" "Mozilla/4.0 (compatible; MSIE 5.01; Windows NT)"
66.196.90.174 - - [15/Jul/2004:11:32:52 +0000] "GET /Home/G_stebuch--11.html HTTP/1.1" 200 19166 "" "Mozilla/5.0 (compatible; Yahoo! Slurp; http://help.yahoo.com/help/us/ysearch/slurp)"
217.236.204.158 - - [15/Jul/2004:11:36:07 +0000] "GET /Home/Willkommen--10.html HTTP/1.1" 200 20694 "" "Mozilla/4.0 (compatible; MSIE 6.0; Windows NT 5.1; .NET CLR 1.1.4322)"
217.236.204.158 - - [15/Jul/2004:11:36:46 +0000] "GET /Home/Ambiente/Innen--88.html HTTP/1.1" 200 23298 "http://www.buehlerhof-lana.it/" "Mozilla/4.0 (compatible; MSIE 6.0; Windows NT 5.1; .NET CLR 1.1.4322)"
217.236.204.158 - - [15/Jul/2004:11:37:11 +0000] "GET /Home/Ambiente/Aussen--87.html HTTP/1.1" 200 19697 "http://www.buehlerhof-lana.it/index.php?id=9" "Mozilla/4.0 (compatible; MSIE 6.0; Windows NT 5.1; .NET CLR 1.1.4322)"
217.236.204.158 - - [15/Jul/2004:11:37:19 +0000] "GET /Home/Wohnen/Zimmer--93.html HTTP/1.1" 200 23204 "http://www.buehlerhof-lana.it/index.php?id=87" "Mozilla/4.0 (compatible; MSIE 6.0; Windows NT 5.1; .NET CLR 1.1.4322)"
217.236.204.158 - - [15/Jul/2004:11:37:46 +0000] "GET /Home/Preise___Angebote/Zimmer--31.html HTTP/1.1" 200 20191 "http://www.buehlerhof-lana.it/index.php?id=8" "Mozilla/4.0 (compatible; MSIE 6.0; Windows NT 5.1; .NET CLR 1.1.4322)"
217.236.204.158 - - [15/Jul/2004:11:39:39 +0000] "GET /Home/Preise___Angebote/Appartements--30.html HTTP/1.1" 200 21728 "http://www.buehlerhof-lana.it/index.php?id=4" "Mozilla/4.0 (compatible; MSIE 6.0; Windows NT 5.1; .NET CLR 1.1.4322)"
217.236.204.158 - - [15/Jul/2004:11:41:00 +0000] "GET /Home/Wohnen/Appartments--92.html HTTP/1.1" 200 22555 "http://www.buehlerhof-lana.it/index.php?id=30" "Mozilla/4.0 (compatible; MSIE 6.0; Windows NT 5.1; .NET CLR 1.1.4322)"
217.236.204.158 - - [15/Jul/2004:11:41:33 +0000] "GET /Home/Anfrage___Buchung--3.html HTTP/1.1" 200 26279 "http://www.buehlerhof-lana.it/index.php?id=30" "Mozilla/4.0 (compatible; MSIE 6.0; Windows NT 5.1; .NET CLR 1.1.4322)"
65.54.164.49 - - [15/Jul/2004:11:53:32 +0000] "GET /Home/Wohnen/Zimmer--93.html HTTP/1.1" 200 23415 "" "msnbot/0.11 (+http://search.msn.com/msnbot.htm)"
65.54.164.49 - - [15/Jul/2004:12:03:43 +0000] "GET /Home/Wohnen/Zimmer--93.html HTTP/1.1" 200 22652 "" "msnbot/0.11 (+http://search.msn.com/msnbot.htm)"
217.199.27.210 - - [15/Jul/2004:12:08:50 +0000] "GET /Home/Willkommen--10.html HTTP/1.1" 200 20694 "" "Mozilla/4.0 (compatible; MSIE 6.0; Windows NT 5.1; Hotbar 4.4.9.0)"
217.199.27.210 - - [15/Jul/2004:12:09:01 +0000] "GET /Home/G_stebuch--11.html HTTP/1.1" 200 19166 "http://www.buehlerhof-lana.it" "Mozilla/4.0 (compatible; MSIE 6.0; Windows NT 5.1; Hotbar 4.4.9.0)"
194.25.81.47 - - [15/Jul/2004:12:13:55 +0000] "GET /Home/Willkommen--10.html HTTP/1.1" 200 20694 "http://search.msn.de/results.aspx?FORM=SMCRT&q=Meran%20Lana%20B%C3%BChlerhof" "Mozilla/4.0 (compatible; MSIE 5.5; Windows NT 4.0)"
194.25.81.47 - - [15/Jul/2004:12:16:34 +0000] "GET /Home/Willkommen--10.html HTTP/1.1" 200 20694 "http://www.suedtirol-ferien.it/x_Lana_dt.html" "Mozilla/4.0 (compatible; MSIE 5.5; Windows NT 4.0)"
194.25.81.47 - - [15/Jul/2004:12:16:42 +0000] "GET /Home/Preise___Angebote/Zimmer--31.html HTTP/1.1" 200 20191 "http://www.buehlerhof-lana.it/" "Mozilla/4.0 (compatible; MSIE 5.5; Windows NT 4.0)"
194.25.81.47 - - [15/Jul/2004:12:17:12 +0000] "GET /Home/Wohnen/Zimmer--93.html HTTP/1.1" 200 23204 "http://www.buehlerhof-lana.it/index.php?id=4" "Mozilla/4.0 (compatible; MSIE 5.5; Windows NT 4.0)"
80.141.152.107 - - [15/Jul/2004:12:44:54 +0000] "GET /Home/Willkommen--10.html HTTP/1.1" 200 20694 "http://www.hoteltip.net/cgi-bin/clickstat/stat.pl?Lana,http://www.buehlerhof-lana.it" "Mozilla/4.0 (compatible; MSIE 5.14; Mac_PowerPC)"
80.141.152.107 - - [15/Jul/2004:12:45:28 +0000] "GET /Home/Wohnen/Zimmer--93.html HTTP/1.1" 200 23204 "http://www.buehlerhof-lana.it/" "Mozilla/4.0 (compatible; MSIE 5.14; Mac_PowerPC)"
80.141.152.107 - - [15/Jul/2004:12:46:05 +0000] "GET /Home/Preise___Angebote/Zimmer--31.html HTTP/1.1" 200 20191 "http://www.buehlerhof-lana.it/index.php?id=8" "Mozilla/4.0 (compatible; MSIE 5.14; Mac_PowerPC)"
145.254.101.43 - - [15/Jul/2004:12:58:49 +0000] "GET /Home/Willkommen--10.html HTTP/1.1" 200 20694 "http://www.suedtirol-ferien.it/hotel/Tscherms_dt.shtml" "Mozilla/5.0 (Windows; U; Win98; de-DE; rv:1.4) Gecko/20030619 Netscape/7.1 (ax)"
145.254.101.43 - - [15/Jul/2004:13:00:20 +0000] "GET /Home/Preise___Angebote/Zimmer--31.html HTTP/1.1" 200 20191 "http://www.buehlerhof-lana.it/" "Mozilla/5.0 (Windows; U; Win98; de-DE; rv:1.4) Gecko/20030619 Netscape/7.1 (ax)"
145.254.101.43 - - [15/Jul/2004:13:01:44 +0000] "GET /Home/Wohnen/Zimmer--93.html HTTP/1.1" 200 23204 "http://www.buehlerhof-lana.it/index.php?id=4" "Mozilla/5.0 (Windows; U; Win98; de-DE; rv:1.4) Gecko/20030619 Netscape/7.1 (ax)"
66.196.90.95 - - [15/Jul/2004:14:13:12 +0000] "GET /Home/Willkommen--10.html HTTP/1.1" 200 20711 "" "Mozilla/5.0 (compatible; Yahoo! Slurp; http://help.yahoo.com/help/us/ysearch/slurp)"
217.1.104.36 - - [15/Jul/2004:14:46:45 +0000] "GET /Home/Willkommen--10.html HTTP/1.1" 200 20694 "" "Mozilla/4.0 (compatible; MSIE 5.5; Windows 98; Win 9x 4.90)"
217.1.104.36 - - [15/Jul/2004:14:47:34 +0000] "GET /Home/Wohnen/Zimmer--93.html HTTP/1.1" 200 23204 "http://www.buehlerhof-lana.it/" "Mozilla/4.0 (compatible; MSIE 5.5; Windows 98; Win 9x 4.90)"
217.1.104.36 - - [15/Jul/2004:14:48:27 +0000] "GET /Home/Preise___Angebote/Zimmer--31.html HTTP/1.1" 200 20191 "http://www.buehlerhof-lana.it/index.php?id=8" "Mozilla/4.0 (compatible; MSIE 5.5; Windows 98; Win 9x 4.90)"
217.1.104.36 - - [15/Jul/2004:14:49:26 +0000] "GET /Home/Preise___Angebote/Appartements--30.html HTTP/1.1" 200 21728 "http://www.buehlerhof-lana.it/index.php?id=4" "Mozilla/4.0 (compatible; MSIE 5.5; Windows 98; Win 9x 4.90)"
217.1.104.36 - - [15/Jul/2004:14:51:17 +0000] "GET /Home/Willkommen--10.html HTTP/1.1" 200 20694 "http://www.buehlerhof-lana.it/index.php?id=30" "Mozilla/4.0 (compatible; MSIE 5.5; Windows 98; Win 9x 4.90)"
217.1.104.36 - - [15/Jul/2004:15:00:15 +0000] "GET /Home/Wohnen/Zimmer--93.html HTTP/1.1" 200 23204 "http://www.buehlerhof-lana.it/index.php?id=10" "Mozilla/4.0 (compatible; MSIE 5.5; Windows 98; Win 9x 4.90)"
217.1.104.36 - - [15/Jul/2004:15:00:27 +0000] "GET /Home/Wohnen/Zimmer--93.html HTTP/1.1" 200 23204 "http://www.buehlerhof-lana.it/index.php?id=8" "Mozilla/4.0 (compatible; MSIE 5.5; Windows 98; Win 9x 4.90)"
217.1.104.36 - - [15/Jul/2004:15:00:46 +0000] "GET /Home/Wohnen/Appartments--92.html HTTP/1.1" 200 22555 "http://www.buehlerhof-lana.it/index.php?id=8" "Mozilla/4.0 (compatible; MSIE 5.5; Windows 98; Win 9x 4.90)"
217.1.104.36 - - [15/Jul/2004:15:02:30 +0000] "GET /Home/Umgebung/Badeseen--85.html HTTP/1.1" 200 22265 "http://www.buehlerhof-lana.it/index.php?id=92" "Mozilla/4.0 (compatible; MSIE 5.5; Windows 98; Win 9x 4.90)"
217.1.104.36 - - [15/Jul/2004:15:03:12 +0000] "GET /Home/Willkommen--10.html HTTP/1.1" 200 20694 "http://www.buehlerhof-lana.it/index.php?id=7" "Mozilla/4.0 (compatible; MSIE 5.5; Windows 98; Win 9x 4.90)"
217.1.104.36 - - [15/Jul/2004:15:03:51 +0000] "GET /Home/Preise___Angebote/Zimmer--31.html HTTP/1.1" 200 20191 "http://www.buehlerhof-lana.it/index.php?id=10" "Mozilla/4.0 (compatible; MSIE 5.5; Windows 98; Win 9x 4.90)"
217.1.104.36 - - [15/Jul/2004:15:04:08 +0000] "GET /Home/Preise___Angebote/Appartements--30.html HTTP/1.1" 200 21728 "http://www.buehlerhof-lana.it/index.php?id=4" "Mozilla/4.0 (compatible; MSIE 5.5; Windows 98; Win 9x 4.90)"
62.80.69.165 - - [15/Jul/2004:15:11:36 +0000] "GET /Home/Willkommen--10.html HTTP/1.1" 200 20694 "http://www.suedtirol-ferien.it/hotel/Nals_dt.shtml" "Mozilla/4.0 (compatible; MSIE 5.01; Windows 98)"
62.80.69.165 - - [15/Jul/2004:15:12:16 +0000] "GET /Home/Preise___Angebote/Zimmer--31.html HTTP/1.1" 200 20191 "http://www.buehlerhof-lana.it/" "Mozilla/4.0 (compatible; MSIE 5.01; Windows 98)"
62.80.69.165 - - [15/Jul/2004:15:13:45 +0000] "GET /Home/Wohnen/Zimmer--93.html HTTP/1.1" 200 23204 "http://www.buehlerhof-lana.it/index.php?id=4" "Mozilla/4.0 (compatible; MSIE 5.01; Windows 98)"
217.229.164.84 - - [15/Jul/2004:15:36:58 +0000] "GET /Home/Willkommen--10.html HTTP/1.1" 200 20694 "http://www.google.de/search?q=buehlerhof+lana&ie=UTF-8&hl=de&btnG=Google-Suche&meta=" "Mozilla/5.0 (Windows; U; Win 9x 4.90; en-US; rv:1.7) Gecko/20040707 Firefox/0.8"
62.80.69.165 - - [15/Jul/2004:15:47:31 +0000] "GET /Home/Willkommen--10.html HTTP/1.1" 200 20694 "http://www.suedtirol-ferien.it/hotel/Nals_dt.shtml" "Mozilla/4.0 (compatible; MSIE 5.01; Windows 98)"
62.80.69.165 - - [15/Jul/2004:15:48:01 +0000] "GET /Home/Wohnen/Zimmer--93.html HTTP/1.1" 200 23204 "http://www.buehlerhof-lana.it/" "Mozilla/4.0 (compatible; MSIE 5.01; Windows 98)"
62.80.69.165 - - [15/Jul/2004:15:49:24 +0000] "GET /Home/Preise___Angebote/Zimmer--31.html HTTP/1.1" 200 20191 "http://www.buehlerhof-lana.it/index.php?id=8" "Mozilla/4.0 (compatible; MSIE 5.01; Windows 98)"
193.159.160.135 - - [15/Jul/2004:16:03:09 +0000] "GET /Home/Willkommen--10.html HTTP/1.1" 200 20694 "http://www.suedtirol-ferien.it/hotel/Marling_dt.shtml" "Mozilla/4.0 (compatible; MSIE 5.0; Windows NT; DigExt)"
193.159.160.135 - - [15/Jul/2004:16:03:39 +0000] "GET /Home/Willkommen--10.html HTTP/1.1" 200 20694 "http://www.suedtirol-ferien.it/hotel/Marling_dt.shtml" "Mozilla/4.0 (compatible; MSIE 5.0; Windows NT; DigExt)"
193.159.160.135 - - [15/Jul/2004:16:03:53 +0000] "GET /Home/Ambiente/Innen--88.html HTTP/1.1" 200 23298 "http://www.buehlerhof-lana.it/" "Mozilla/4.0 (compatible; MSIE 5.0; Windows NT; DigExt)"
193.159.160.135 - - [15/Jul/2004:16:04:52 +0000] "GET /Home/Preise___Angebote/Pauschalangebote--29.html HTTP/1.1" 200 21164 "http://www.buehlerhof-lana.it/index.php?id=9" "Mozilla/4.0 (compatible; MSIE 5.0; Windows NT; DigExt)"
193.159.160.135 - - [15/Jul/2004:16:05:36 +0000] "GET /Home/Wohnen/Zimmer--93.html HTTP/1.1" 200 23204 "http://www.buehlerhof-lana.it/index.php?id=29" "Mozilla/4.0 (compatible; MSIE 5.0; Windows NT; DigExt)"
193.159.160.135 - - [15/Jul/2004:16:06:03 +0000] "GET /Home/Preise___Angebote/Zimmer--31.html HTTP/1.1" 200 20191 "http://www.buehlerhof-lana.it/index.php?id=8" "Mozilla/4.0 (compatible; MSIE 5.0; Windows NT; DigExt)"
193.159.160.135 - - [15/Jul/2004:16:06:13 +0000] "GET /Home/Preise___Angebote/Zimmer--31.html HTTP/1.1" 200 20191 "http://www.buehlerhof-lana.it/index.php?id=8" "Mozilla/4.0 (compatible; MSIE 5.0; Windows NT; DigExt)"
194.25.81.47 - - [15/Jul/2004:17:47:26 +0000] "GET /Home/Willkommen--10.html HTTP/1.1" 200 20694 "" "Mozilla/4.0 (compatible; MSIE 5.5; Windows NT 4.0)"
65.54.164.49 - - [15/Jul/2004:17:49:40 +0000] "GET /Home/Impressionen/Schnappsch_sse--91.html HTTP/1.1" 200 20905 "" "msnbot/0.11 (+http://search.msn.com/msnbot.htm)"
65.54.164.49 - - [15/Jul/2004:18:16:04 +0000] "GET /Home/Preise___Angebote/Zimmer--31.html HTTP/1.1" 200 20191 "" "msnbot/0.11 (+http://search.msn.com/msnbot.htm)"
65.54.164.49 - - [15/Jul/2004:18:19:55 +0000] "GET /Home/Umgebung/Badeseen--85.html HTTP/1.1" 200 22265 "" "msnbot/0.11 (+http://search.msn.com/msnbot.htm)"
217.251.245.86 - - [15/Jul/2004:18:38:44 +0000] "GET /Home/Willkommen--10.html HTTP/1.1" 200 20694 "" "Mozilla/4.0 (compatible; MSIE 6.0; Windows 98)"
217.251.245.86 - - [15/Jul/2004:18:40:11 +0000] "GET /Home/Ambiente/Innen--88.html HTTP/1.1" 200 23298 "http://www.buehlerhof-lana.it/" "Mozilla/4.0 (compatible; MSIE 6.0; Windows 98)"
217.251.245.86 - - [15/Jul/2004:18:40:56 +0000] "GET /Home/Wohnen/Zimmer--93.html HTTP/1.1" 200 23204 "http://www.buehlerhof-lana.it/index.php?id=9" "Mozilla/4.0 (compatible; MSIE 6.0; Windows 98)"
217.251.245.86 - - [15/Jul/2004:18:41:44 +0000] "GET /Home/Wohnen/Appartments--92.html HTTP/1.1" 200 22555 "http://www.buehlerhof-lana.it/index.php?id=8" "Mozilla/4.0 (compatible; MSIE 6.0; Windows 98)"
62.225.194.89 - - [15/Jul/2004:19:05:16 +0000] "GET /Home/Willkommen--10.html HTTP/1.1" 200 20694 "http://www.suedtirol-ferien.it/x_Lana_dt.html" "Mozilla/4.0 (compatible; MSIE 6.0; Windows NT 5.1)"
62.225.194.89 - - [15/Jul/2004:19:06:57 +0000] "GET /Home/Wohnen/Zimmer--93.html HTTP/1.1" 200 23204 "http://www.buehlerhof-lana.it/" "Mozilla/4.0 (compatible; MSIE 6.0; Windows NT 5.1)"
62.225.194.89 - - [15/Jul/2004:19:07:23 +0000] "GET /Home/Willkommen--10.html HTTP/1.1" 200 20694 "http://www.suedtirol-ferien.it/x_Lana_dt.html" "Mozilla/4.0 (compatible; MSIE 6.0; Windows NT 5.1)"
80.129.35.23 - - [15/Jul/2004:19:11:19 +0000] "GET /Home/Preise___Angebote/Pauschalangebote--29.html HTTP/1.1" 200 21164 "" "Mozilla/4.0 (compatible; MSIE 6.0; Windows NT 5.1; .NET CLR 1.1.4322)"
80.129.35.23 - - [15/Jul/2004:19:11:55 +0000] "GET /Home/Preise___Angebote/Pauschalangebote--29.html HTTP/1.1" 200 21164 "http://www.buehlerhof-lana.it/index.php?id=29" "Mozilla/4.0 (compatible; MSIE 6.0; Windows NT 5.1; .NET CLR 1.1.4322)"
80.129.35.23 - - [15/Jul/2004:19:12:42 +0000] "GET /Home/Anreise/Lageplan--35.html HTTP/1.1" 200 17032 "http://www.buehlerhof-lana.it/index.php?id=29" "Mozilla/4.0 (compatible; MSIE 6.0; Windows NT 5.1; .NET CLR 1.1.4322)"
80.129.35.23 - - [15/Jul/2004:19:14:05 +0000] "GET /Home/Preise___Angebote/Zimmer--31.html HTTP/1.1" 200 20191 "http://www.buehlerhof-lana.it/index.php?id=2" "Mozilla/4.0 (compatible; MSIE 6.0; Windows NT 5.1; .NET CLR 1.1.4322)"
62.246.52.198 - - [15/Jul/2004:19:49:39 +0000] "GET /Home/Willkommen--10.html HTTP/1.1" 200 20694 "http://www.suedtirol-ferien.it/hotel/Tisens_dt.shtml" "Mozilla/4.0 (compatible; MSIE 6.0; Windows NT 5.0)"
62.246.52.198 - - [15/Jul/2004:19:50:25 +0000] "GET /Home/Preise___Angebote/Zimmer--31.html HTTP/1.1" 200 20191 "http://www.buehlerhof-lana.it/" "Mozilla/4.0 (compatible; MSIE 6.0; Windows NT 5.0)"
62.246.52.198 - - [15/Jul/2004:19:51:08 +0000] "GET /Home/Preise___Angebote/Appartements--30.html HTTP/1.1" 200 21728 "http://www.buehlerhof-lana.it/index.php?id=4" "Mozilla/4.0 (compatible; MSIE 6.0; Windows NT 5.0)"
217.224.55.195 - - [15/Jul/2004:21:06:13 +0000] "GET /Home/Willkommen--10.html HTTP/1.1" 200 20694 "http://www.suedtirol-ferien.it/hotel/Voellan_dt.shtml" "Mozilla/4.0 (compatible; MSIE 6.0; Windows NT 5.1; .NET CLR 1.1.4322)"
217.224.55.195 - - [15/Jul/2004:21:06:25 +0000] "GET /Home/Preise___Angebote/Zimmer--31.html HTTP/1.1" 200 20191 "http://www.buehlerhof-lana.it/" "Mozilla/4.0 (compatible; MSIE 6.0; Windows NT 5.1; .NET CLR 1.1.4322)"
217.224.55.195 - - [15/Jul/2004:21:07:04 +0000] "GET /Home/Preise___Angebote/Pauschalangebote--29.html HTTP/1.1" 200 21164 "http://www.buehlerhof-lana.it/index.php?id=4" "Mozilla/4.0 (compatible; MSIE 6.0; Windows NT 5.1; .NET CLR 1.1.4322)"
194.228.211.203 - - [15/Jul/2004:21:31:53 +0000] "GET /Home/Willkommen--10.html HTTP/1.1" 200 20694 "http://www.thebestofnet.com/cgi-bin/topsecret.cgi?6743452643" "Mozilla/4.0 (compatible; MSIE 7.01; Windows 98)"
217.93.185.95 - - [15/Jul/2004:22:07:31 +0000] "GET /Home/Willkommen--10.html HTTP/1.1" 200 20694 "" "Mozilla/4.0 (compatible; MSIE 6.0; Windows NT 5.1; ESB{61E87030-705F-425E-AE30-2CF4B4971FAA}; .NET CLR 1.0.3705)"
217.93.185.95 - - [15/Jul/2004:22:07:42 +0000] "GET /Home/Preise___Angebote/Zimmer--31.html HTTP/1.1" 200 20191 "" "Mozilla/4.0 (compatible; MSIE 6.0; Windows NT 5.1; ESB{61E87030-705F-425E-AE30-2CF4B4971FAA}; .NET CLR 1.0.3705)"
217.93.185.95 - - [15/Jul/2004:22:08:06 +0000] "GET /Home/Wohnen/Zimmer--93.html HTTP/1.1" 200 23204 "" "Mozilla/4.0 (compatible; MSIE 6.0; Windows NT 5.1; ESB{61E87030-705F-425E-AE30-2CF4B4971FAA}; .NET CLR 1.0.3705)"
65.54.164.49 - - [15/Jul/2004:22:42:55 +0000] "GET /Home/Wohnen/Zimmer--93.html HTTP/1.1" 200 23204 "" "msnbot/0.11 (+http://search.msn.com/msnbot.htm)"
212.48.11.148 - - [15/Jul/2004:23:34:56 +0000] "GET /Home/Willkommen--10.html HTTP/1.1" 200 20694 "" "PycURL"
80.136.10.115 - - [15/Jul/2004:23:47:18 +0000] "GET /Home/Willkommen--10.html HTTP/1.1" 200 20694 "" "Mozilla/4.0 (compatible; MSIE 6.0; Windows NT 5.1; .NET CLR 1.1.4322)"
80.136.10.115 - - [15/Jul/2004:23:48:18 +0000] "GET /Home/Anreise/Lageplan--35.html HTTP/1.1" 200 17032 "http://www.buehlerhof-lana.it/" "Mozilla/4.0 (compatible; MSIE 6.0; Windows NT 5.1; .NET CLR 1.1.4322)"
80.136.10.115 - - [15/Jul/2004:23:48:48 +0000] "GET /Home/Willkommen--10.html HTTP/1.1" 200 20694 "http://www.buehlerhof-lana.it/index.php?id=2" "Mozilla/4.0 (compatible; MSIE 6.0; Windows NT 5.1; .NET CLR 1.1.4322)"
80.136.10.115 - - [15/Jul/2004:23:49:20 +0000] "GET /Home/Ambiente/Innen--88.html HTTP/1.1" 200 23298 "http://www.buehlerhof-lana.it/index.php?id=10" "Mozilla/4.0 (compatible; MSIE 6.0; Windows NT 5.1; .NET CLR 1.1.4322)"
80.136.10.115 - - [15/Jul/2004:23:49:56 +0000] "GET /Home/Wohnen/Zimmer--93.html HTTP/1.1" 200 23204 "http://www.buehlerhof-lana.it/index.php?id=9" "Mozilla/4.0 (compatible; MSIE 6.0; Windows NT 5.1; .NET CLR 1.1.4322)"
80.136.10.115 - - [15/Jul/2004:23:50:23 +0000] "GET /Home/Wohnen/Appartments--92.html HTTP/1.1" 200 22555 "http://www.buehlerhof-lana.it/index.php?id=8" "Mozilla/4.0 (compatible; MSIE 6.0; Windows NT 5.1; .NET CLR 1.1.4322)"
80.136.10.115 - - [15/Jul/2004:23:50:57 +0000] "GET /Home/Preise___Angebote/Zimmer--31.html HTTP/1.1" 200 20191 "http://www.buehlerhof-lana.it/index.php?id=92" "Mozilla/4.0 (compatible; MSIE 6.0; Windows NT 5.1; .NET CLR 1.1.4322)"
80.136.10.115 - - [15/Jul/2004:23:51:52 +0000] "GET /Home/Preise___Angebote/Appartements--30.html HTTP/1.1" 200 21728 "http://www.buehlerhof-lana.it/index.php?id=4" "Mozilla/4.0 (compatible; MSIE 6.0; Windows NT 5.1; .NET CLR 1.1.4322)"
80.136.10.115 - - [15/Jul/2004:23:52:36 +0000] "GET /Home/Wohnen/Appartments--92.html HTTP/1.1" 200 22555 "http://www.buehlerhof-lana.it/index.php?id=30" "Mozilla/4.0 (compatible; MSIE 6.0; Windows NT 5.1; .NET CLR 1.1.4322)"
65.54.164.49 - - [16/Jul/2004:00:17:34 +0000] "GET /Home/Impressionen/Schnappsch_sse--91.html HTTP/1.1" 200 20818 "" "msnbot/0.11 (+http://search.msn.com/msnbot.htm)"
69.19.5.204 - - [16/Jul/2004:00:17:47 +0000] "GET /Home/Willkommen--10.html HTTP/1.1" 200 20694 "" "Mozilla/4.0 (compatible; grub-client-2.3)"
65.54.164.49 - - [16/Jul/2004:01:36:07 +0000] "GET /Home/Aktivurlaub--66.html HTTP/1.1" 200 27054 "" "msnbot/0.11 (+http://search.msn.com/msnbot.htm)"
65.54.164.49 - - [16/Jul/2004:01:57:07 +0000] "GET /Home/Preise___Angebote/Zimmer--31.html HTTP/1.1" 200 20191 "" "msnbot/0.11 (+http://search.msn.com/msnbot.htm)"
213.70.2.194 - - [16/Jul/2004:02:02:29 +0000] "GET /Home/Willkommen--10.html HTTP/1.1" 200 20694 "" "Mozilla/4.0 (compatible; MSIE 5.5; Windows NT 5.0) RPT-HTTPClient/0.3-3"
194.25.81.47 - - [16/Jul/2004:08:00:07 +0000] "GET /Home/Willkommen--10.html HTTP/1.1" 200 20694 "" "Mozilla/4.0 (compatible; MSIE 5.5; Windows NT 4.0)"
194.25.81.47 - - [16/Jul/2004:08:00:27 +0000] "GET /Home/Preise___Angebote/Zimmer--31.html HTTP/1.1" 200 20191 "http://www.buehlerhof-lana.it/" "Mozilla/4.0 (compatible; MSIE 5.5; Windows NT 4.0)"
194.25.81.47 - - [16/Jul/2004:08:00:41 +0000] "GET /Home/360__Panorama--90.html HTTP/1.1" 200 17154 "http://www.buehlerhof-lana.it/index.php?id=4" "Mozilla/4.0 (compatible; MSIE 5.5; Windows NT 4.0)"
194.25.81.47 - - [16/Jul/2004:08:01:33 +0000] "GET /Home/Preise___Angebote/Zimmer--31.html HTTP/1.1" 200 20321 "http://www.buehlerhof-lana.it/index.php?id=90&L=de" "Mozilla/4.0 (compatible; MSIE 5.5; Windows NT 4.0)"
194.25.81.47 - - [16/Jul/2004:08:02:00 +0000] "GET /Home/Wohnen/Zimmer--93.html HTTP/1.1" 200 22652 "http://www.buehlerhof-lana.it/index.php?id=4&L=de" "Mozilla/4.0 (compatible; MSIE 5.5; Windows NT 4.0)"
194.25.81.47 - - [16/Jul/2004:08:05:34 +0000] "GET /Home/Anreise/Lageplan--35.html HTTP/1.1" 200 17137 "http://www.buehlerhof-lana.it/index.php?id=93&L=de" "Mozilla/4.0 (compatible; MSIE 5.5; Windows NT 4.0)"
194.25.81.47 - - [16/Jul/2004:08:06:02 +0000] "GET /Home/Anreise/Routenplaner--34.html HTTP/1.1" 200 20070 "http://www.buehlerhof-lana.it/index.php?id=2&L=de" "Mozilla/4.0 (compatible; MSIE 5.5; Windows NT 4.0)"
213.193.30.242 - - [16/Jul/2004:08:51:01 +0000] "GET /Home/Willkommen--10.html HTTP/1.1" 200 20694 "" "Firefly/1.0 (compatible; Mozilla 4.0; MSIE 5.5)"
217.236.204.198 - - [16/Jul/2004:10:00:17 +0000] "GET /Home/Willkommen--10.html HTTP/1.1" 200 20694 "" "Mozilla/4.0 (compatible; MSIE 6.0; Windows NT 5.1; .NET CLR 1.1.4322)"
217.236.204.198 - - [16/Jul/2004:10:00:34 +0000] "GET /Home/Ambiente/Innen--88.html HTTP/1.1" 200 23298 "http://www.buehlerhof-lana.it/" "Mozilla/4.0 (compatible; MSIE 6.0; Windows NT 5.1; .NET CLR 1.1.4322)"
217.221.85.87 - - [16/Jul/2004:10:48:32 +0000] "GET /Home/Willkommen--10.html HTTP/1.1" 200 20694 "http://www.italiadream.it/ita/trentino_hotel.htm" "Mozilla/4.0 (compatible; MSIE 6.0; Windows NT 5.1)"
217.221.85.87 - - [16/Jul/2004:10:48:55 +0000] "GET /Home/Willkommen--10.html HTTP/1.1" 200 20711 "http://www.buehlerhof-lana.it/" "Mozilla/4.0 (compatible; MSIE 6.0; Windows NT 5.1)"
217.221.85.87 - - [16/Jul/2004:10:49:04 +0000] "GET /Home/Preise___Angebote/Zimmer--31.html HTTP/1.1" 200 20428 "http://www.buehlerhof-lana.it/index.php?id=1&L=it" "Mozilla/4.0 (compatible; MSIE 6.0; Windows NT 5.1)"
217.221.85.87 - - [16/Jul/2004:10:49:54 +0000] "GET /Home/Wohnen/Zimmer--93.html HTTP/1.1" 200 23415 "http://www.buehlerhof-lana.it/index.php?id=4&L=it" "Mozilla/4.0 (compatible; MSIE 6.0; Windows NT 5.1)"
217.221.85.87 - - [16/Jul/2004:10:50:37 +0000] "GET /Home/Preise___Angebote/Zimmer--31.html HTTP/1.1" 200 20428 "http://www.buehlerhof-lana.it/index.php?id=1&L=it" "Mozilla/4.0 (compatible; MSIE 6.0; Windows NT 5.1)"
217.221.85.87 - - [16/Jul/2004:10:50:39 +0000] "GET /Home/Willkommen--10.html HTTP/1.1" 200 20711 "http://www.buehlerhof-lana.it/" "Mozilla/4.0 (compatible; MSIE 6.0; Windows NT 5.1)"
217.221.85.87 - - [16/Jul/2004:10:50:47 +0000] "GET /Home/Preise___Angebote/Zimmer--31.html HTTP/1.1" 200 20428 "http://www.buehlerhof-lana.it/index.php?id=1&L=it" "Mozilla/4.0 (compatible; MSIE 6.0; Windows NT 5.1)"
217.221.85.87 - - [16/Jul/2004:10:50:55 +0000] "GET /Home/Wohnen/Zimmer--93.html HTTP/1.1" 200 23415 "http://www.buehlerhof-lana.it/index.php?id=4&L=it" "Mozilla/4.0 (compatible; MSIE 6.0; Windows NT 5.1)"
80.58.36.239 - - [16/Jul/2004:11:08:13 +0000] "GET /Home/Willkommen--10.html HTTP/1.1" 200 20694 "" "Mozilla/4.0 (compatible; MSIE 6.0; Windows 98)"
81.74.28.110 - - [16/Jul/2004:11:38:52 +0000] "GET /Home/Willkommen--10.html HTTP/1.1" 200 20694 "" "Mozilla/4.0 (compatible; MSIE 6.0; Windows NT 5.1; i-NavFourF)"
81.74.28.110 - - [16/Jul/2004:11:39:14 +0000] "GET /Home/Ambiente/Innen--88.html HTTP/1.1" 200 23298 "http://www.buehlerhof-lana.it/" "Mozilla/4.0 (compatible; MSIE 6.0; Windows NT 5.1; i-NavFourF)"
81.74.28.110 - - [16/Jul/2004:11:39:29 +0000] "GET /Home/Sehenswertes/Bot._G_rten_Schloss_Trauttmann--67.html HTTP/1.1" 200 21566 "http://www.buehlerhof-lana.it/index.php?id=9" "Mozilla/4.0 (compatible; MSIE 6.0; Windows NT 5.1; i-NavFourF)"
64.242.88.10 - - [16/Jul/2004:12:20:24 +0000] "GET /Home/Ambiente/Innen--88.html HTTP/1.1" 200 23298 "" "Mozilla/4.0 compatible ZyBorg/1.0 (wn-2.zyborg@looksmart.net; http://www.WISEnutbot.com)"
62.146.195.100 - - [16/Jul/2004:13:47:19 +0000] "GET /Home/Willkommen--10.html HTTP/1.1" 200 20694 "" "Mozilla/4.0 (compatible; MSIE 6.0; Windows NT 5.0; S.N.O.W.2; .NET CLR 1.1.4322)"
62.146.195.100 - - [16/Jul/2004:13:47:32 +0000] "GET /Home/Wohnen/Zimmer--93.html HTTP/1.1" 200 23204 "http://www.buehlerhof-lana.it/" "Mozilla/4.0 (compatible; MSIE 6.0; Windows NT 5.0; S.N.O.W.2; .NET CLR 1.1.4322)"
80.136.15.43 - - [16/Jul/2004:14:04:32 +0000] "GET /Home/Willkommen--10.html HTTP/1.1" 200 20694 "" "Mozilla/4.0 (compatible; MSIE 6.0; Windows 98)"
80.136.15.43 - - [16/Jul/2004:14:05:57 +0000] "GET /Home/Anreise/Lageplan--35.html HTTP/1.1" 200 17032 "" "Mozilla/4.0 (compatible; MSIE 6.0; Windows 98)"
64.242.88.10 - - [16/Jul/2004:14:23:53 +0000] "GET /Home/Sehenswertes/Bot._G_rten_Schloss_Trauttmann--67.html HTTP/1.1" 200 21566 "" "Mozilla/4.0 compatible ZyBorg/1.0 (wn-2.zyborg@looksmart.net; http://www.WISEnutbot.com)"
64.242.88.10 - - [16/Jul/2004:14:26:13 +0000] "GET /Home/Willkommen--10.html HTTP/1.1" 200 20694 "" "Mozilla/4.0 compatible ZyBorg/1.0 (wn-2.zyborg@looksmart.net; http://www.WISEnutbot.com)"
80.136.15.43 - - [16/Jul/2004:14:26:52 +0000] "GET /Home/Wohnen/Zimmer--93.html HTTP/1.1" 200 23204 "" "Mozilla/4.0 (compatible; MSIE 6.0; Windows 98)"
80.136.15.43 - - [16/Jul/2004:14:27:07 +0000] "GET /Home/Wohnen/Appartments--92.html HTTP/1.1" 200 22555 "" "Mozilla/4.0 (compatible; MSIE 6.0; Windows 98)"
64.242.88.10 - - [16/Jul/2004:14:27:38 +0000] "GET /Home/Anreise/Lageplan--35.html HTTP/1.1" 200 17032 "" "Mozilla/4.0 compatible ZyBorg/1.0 (wn-2.zyborg@looksmart.net; http://www.WISEnutbot.com)"
217.1.101.125 - - [16/Jul/2004:14:28:57 +0000] "GET /Home/Willkommen--10.html HTTP/1.1" 200 20694 "" "Mozilla/4.0 (compatible; MSIE 5.5; Windows 98; Win 9x 4.90)"
217.1.101.125 - - [16/Jul/2004:14:29:31 +0000] "GET /Home/Preise___Angebote/Zimmer--31.html HTTP/1.1" 200 20191 "http://www.buehlerhof-lana.it/" "Mozilla/4.0 (compatible; MSIE 5.5; Windows 98; Win 9x 4.90)"
217.1.101.125 - - [16/Jul/2004:14:30:20 +0000] "GET /Home/Preise___Angebote/Appartements--30.html HTTP/1.1" 200 21728 "http://www.buehlerhof-lana.it/index.php?id=4" "Mozilla/4.0 (compatible; MSIE 5.5; Windows 98; Win 9x 4.90)"
217.1.101.125 - - [16/Jul/2004:14:34:40 +0000] "GET /Home/Wohnen/Zimmer--93.html HTTP/1.1" 200 23204 "http://www.buehlerhof-lana.it/index.php?id=30" "Mozilla/4.0 (compatible; MSIE 5.5; Windows 98; Win 9x 4.90)"
217.1.101.125 - - [16/Jul/2004:14:36:55 +0000] "GET /Home/Anfrage___Buchung--3.html HTTP/1.1" 200 26279 "http://www.buehlerhof-lana.it/index.php?id=8" "Mozilla/4.0 (compatible; MSIE 5.5; Windows 98; Win 9x 4.90)"
217.1.101.125 - - [16/Jul/2004:14:38:58 +0000] "GET /Home/Wohnen/Zimmer--93.html HTTP/1.1" 200 23204 "http://www.buehlerhof-lana.it/index.php?id=3" "Mozilla/4.0 (compatible; MSIE 5.5; Windows 98; Win 9x 4.90)"
217.1.101.125 - - [16/Jul/2004:14:41:00 +0000] "GET /Home/Wohnen/Appartments--92.html HTTP/1.1" 200 22555 "http://www.buehlerhof-lana.it/index.php?id=8" "Mozilla/4.0 (compatible; MSIE 5.5; Windows 98; Win 9x 4.90)"
217.1.101.125 - - [16/Jul/2004:14:43:23 +0000] "GET /Home/Preise___Angebote/Zimmer--31.html HTTP/1.1" 200 20191 "http://www.buehlerhof-lana.it/index.php?id=92" "Mozilla/4.0 (compatible; MSIE 5.5; Windows 98; Win 9x 4.90)"
217.1.101.125 - - [16/Jul/2004:14:43:47 +0000] "GET /Home/Preise___Angebote/Appartements--30.html HTTP/1.1" 200 21728 "http://www.buehlerhof-lana.it/index.php?id=4" "Mozilla/4.0 (compatible; MSIE 5.5; Windows 98; Win 9x 4.90)"
217.1.101.125 - - [16/Jul/2004:14:44:47 +0000] "GET /Home/Anfrage___Buchung--3.html HTTP/1.1" 200 26279 "http://www.buehlerhof-lana.it/index.php?id=30" "Mozilla/4.0 (compatible; MSIE 5.5; Windows 98; Win 9x 4.90)"
217.1.101.125 - - [16/Jul/2004:14:48:58 +0000] "GET /Home/Wohnen/Zimmer--93.html HTTP/1.1" 200 23204 "http://www.buehlerhof-lana.it/index.php?id=3" "Mozilla/4.0 (compatible; MSIE 5.5; Windows 98; Win 9x 4.90)"
217.1.101.125 - - [16/Jul/2004:14:49:06 +0000] "GET /Home/Wohnen/Zimmer--93.html HTTP/1.1" 200 23204 "http://www.buehlerhof-lana.it/index.php?id=3" "Mozilla/4.0 (compatible; MSIE 5.5; Windows 98; Win 9x 4.90)"
217.1.101.125 - - [16/Jul/2004:14:49:25 +0000] "GET /Home/Wohnen/Appartments--92.html HTTP/1.1" 200 22555 "http://www.buehlerhof-lana.it/index.php?id=8" "Mozilla/4.0 (compatible; MSIE 5.5; Windows 98; Win 9x 4.90)"
217.1.101.125 - - [16/Jul/2004:14:50:22 +0000] "GET /Home/Anfrage___Buchung--3.html HTTP/1.1" 200 26279 "http://www.buehlerhof-lana.it/index.php?id=92" "Mozilla/4.0 (compatible; MSIE 5.5; Windows 98; Win 9x 4.90)"
65.54.164.49 - - [16/Jul/2004:15:14:02 +0000] "GET /Home/Sehenswertes/Bot._G_rten_Schloss_Trauttmann--67.html HTTP/1.1" 200 21749 "" "msnbot/0.11 (+http://search.msn.com/msnbot.htm)"
65.54.164.49 - - [16/Jul/2004:15:43:08 +0000] "GET /Home/Veranstaltungen/Veranstaltungen_Lana/Bl_tenfesttage--59.html HTTP/1.1" 200 21134 "" "msnbot/0.11 (+http://search.msn.com/msnbot.htm)"
217.146.159.49 - - [16/Jul/2004:16:04:40 +0000] "GET /Home/Willkommen--10.html HTTP/1.1" 200 20694 "" "Mozilla/4.0 (compatible; MSIE 6.0; Windows NT 5.0; .NET CLR 1.1.4322)"
64.242.88.10 - - [16/Jul/2004:16:45:47 +0000] "GET /Home/Impressionen--6.html HTTP/1.1" 200 41336 "" "Mozilla/4.0 compatible ZyBorg/1.0 (wn-2.zyborg@looksmart.net; http://www.WISEnutbot.com)"
64.242.88.10 - - [16/Jul/2004:16:46:42 +0000] "GET /Home/Anfrage___Buchung--3.html HTTP/1.1" 200 26279 "" "Mozilla/4.0 compatible ZyBorg/1.0 (wn-2.zyborg@looksmart.net; http://www.WISEnutbot.com)"
64.242.88.10 - - [16/Jul/2004:16:56:37 +0000] "GET /Home/Newsletter--12.html HTTP/1.1" 200 18796 "" "Mozilla/4.0 compatible ZyBorg/1.0 (wn-2.zyborg@looksmart.net; http://www.WISEnutbot.com)"
64.242.88.10 - - [16/Jul/2004:18:21:30 +0000] "GET /Home/Weiterempfehlung--48.html HTTP/1.1" 200 17853 "" "Mozilla/4.0 compatible ZyBorg/1.0 (wn-2.zyborg@looksmart.net; http://www.WISEnutbot.com)"
64.242.88.10 - - [16/Jul/2004:18:26:33 +0000] "GET /Home/Willkommen--10.html HTTP/1.1" 200 20711 "" "Mozilla/4.0 compatible ZyBorg/1.0 (wn-2.zyborg@looksmart.net; http://www.WISEnutbot.com)"
64.242.88.10 - - [16/Jul/2004:18:27:14 +0000] "GET /Home/Preise___Angebote/Zimmer--31.html HTTP/1.1" 200 20191 "" "Mozilla/4.0 compatible ZyBorg/1.0 (wn-2.zyborg@looksmart.net; http://www.WISEnutbot.com)"
64.242.88.10 - - [16/Jul/2004:18:31:57 +0000] "GET /Home/Umgebung/Badeseen--85.html HTTP/1.1" 200 22265 "" "Mozilla/4.0 compatible ZyBorg/1.0 (wn-2.zyborg@looksmart.net; http://www.WISEnutbot.com)"
65.54.188.69 - - [16/Jul/2004:19:21:47 +0000] "GET /Home/Preise___Angebote/Pauschalangebote--29.html HTTP/1.1" 200 21029 "" "msnbot/0.11 (+http://search.msn.com/msnbot.htm)"
65.54.188.69 - - [16/Jul/2004:19:25:21 +0000] "GET /Home/Preise___Angebote/Pauschalangebote--29.html HTTP/1.1" 200 21274 "" "msnbot/0.11 (+http://search.msn.com/msnbot.htm)"
65.54.188.69 - - [16/Jul/2004:19:28:22 +0000] "GET /Home/Willkommen--10.html HTTP/1.1" 200 20694 "" "msnbot/0.11 (+http://search.msn.com/msnbot.htm)"
65.54.188.69 - - [16/Jul/2004:19:30:46 +0000] "GET /Home/Willkommen--10.html HTTP/1.1" 200 20711 "" "msnbot/0.11 (+http://search.msn.com/msnbot.htm)"
65.54.188.69 - - [16/Jul/2004:19:33:05 +0000] "GET /Home/360__Panorama--90.html HTTP/1.1" 200 17154 "" "msnbot/0.11 (+http://search.msn.com/msnbot.htm)"
65.54.188.69 - - [16/Jul/2004:19:35:08 +0000] "GET /Home/Preise___Angebote/Zimmer--31.html HTTP/1.1" 200 20191 "" "msnbot/0.11 (+http://search.msn.com/msnbot.htm)"
65.54.188.69 - - [16/Jul/2004:19:37:23 +0000] "GET /Home/Veranstaltungen/Veranstaltungen_Lana/Bl_tenfesttage--59.html HTTP/1.1" 200 21167 "" "msnbot/0.11 (+http://search.msn.com/msnbot.htm)"
65.54.188.69 - - [16/Jul/2004:19:39:29 +0000] "GET /Home/Umgebung/Badeseen--85.html HTTP/1.1" 200 22265 "" "msnbot/0.11 (+http://search.msn.com/msnbot.htm)"
65.54.188.69 - - [16/Jul/2004:19:41:17 +0000] "GET /Home/Anreise/Lageplan--35.html HTTP/1.1" 200 17032 "" "msnbot/0.11 (+http://search.msn.com/msnbot.htm)"
65.54.188.69 - - [16/Jul/2004:19:43:22 +0000] "GET /Home/Wohnen/Zimmer--93.html HTTP/1.1" 200 23204 "" "msnbot/0.11 (+http://search.msn.com/msnbot.htm)"
65.54.188.69 - - [16/Jul/2004:19:45:19 +0000] "GET /Home/Weiterempfehlung--48.html HTTP/1.1" 200 17853 "" "msnbot/0.11 (+http://search.msn.com/msnbot.htm)"
65.54.188.69 - - [16/Jul/2004:19:47:23 +0000] "GET /Home/Aktivurlaub--66.html HTTP/1.1" 200 27054 "" "msnbot/0.11 (+http://search.msn.com/msnbot.htm)"
65.54.188.69 - - [16/Jul/2004:19:49:16 +0000] "GET /Home/Ambiente/Innen--88.html HTTP/1.1" 200 23298 "" "msnbot/0.11 (+http://search.msn.com/msnbot.htm)"
64.242.88.10 - - [16/Jul/2004:19:50:41 +0000] "GET /Home/360__Panorama--90.html HTTP/1.1" 200 17154 "" "Mozilla/4.0 compatible ZyBorg/1.0 (wn-2.zyborg@looksmart.net; http://www.WISEnutbot.com)"
65.54.188.69 - - [16/Jul/2004:19:50:52 +0000] "GET /Home/Impressionen--6.html HTTP/1.1" 200 41336 "" "msnbot/0.11 (+http://search.msn.com/msnbot.htm)"
65.54.188.69 - - [16/Jul/2004:19:52:41 +0000] "GET /Home/Anfrage___Buchung--3.html HTTP/1.1" 200 26279 "" "msnbot/0.11 (+http://search.msn.com/msnbot.htm)"
65.54.188.69 - - [16/Jul/2004:19:54:24 +0000] "GET /Home/Willkommen--10.html HTTP/1.1" 200 20694 "" "msnbot/0.11 (+http://search.msn.com/msnbot.htm)"
65.54.188.69 - - [16/Jul/2004:19:55:56 +0000] "GET /Home/G_stebuch--11.html HTTP/1.1" 200 19166 "" "msnbot/0.11 (+http://search.msn.com/msnbot.htm)"
65.54.188.69 - - [16/Jul/2004:19:57:18 +0000] "GET /Home/Willkommen--10.html HTTP/1.1" 200 20300 "" "msnbot/0.11 (+http://search.msn.com/msnbot.htm)"
65.54.188.69 - - [16/Jul/2004:19:58:36 +0000] "GET /Home/Umgebung/Badeseen--85.html HTTP/1.1" 200 22230 "" "msnbot/0.11 (+http://search.msn.com/msnbot.htm)"
65.54.188.69 - - [16/Jul/2004:20:00:00 +0000] "GET /Home/Preise___Angebote/Zimmer--31.html HTTP/1.1" 200 20428 "" "msnbot/0.11 (+http://search.msn.com/msnbot.htm)"
65.54.188.69 - - [16/Jul/2004:20:01:23 +0000] "GET /Home/Veranstaltungen/Veranstaltungen_Lana/Bl_tenfesttage--59.html HTTP/1.1" 200 21173 "" "msnbot/0.11 (+http://search.msn.com/msnbot.htm)"
65.54.188.69 - - [16/Jul/2004:20:02:38 +0000] "GET /Home/Sehenswertes/Bot._G_rten_Schloss_Trauttmann--67.html HTTP/1.1" 200 21749 "" "msnbot/0.11 (+http://search.msn.com/msnbot.htm)"
65.54.188.69 - - [16/Jul/2004:20:04:03 +0000] "GET /Home/Preise___Angebote/Pauschalangebote--29.html HTTP/1.1" 200 21164 "" "msnbot/0.11 (+http://search.msn.com/msnbot.htm)"
65.54.188.69 - - [16/Jul/2004:20:06:59 +0000] "GET /Home/Sehenswertes/Bot._G_rten_Schloss_Trauttmann--67.html HTTP/1.1" 200 21566 "" "msnbot/0.11 (+http://search.msn.com/msnbot.htm)"
65.54.188.69 - - [16/Jul/2004:20:08:56 +0000] "GET /Home/Newsletter--12.html HTTP/1.1" 200 18796 "" "msnbot/0.11 (+http://search.msn.com/msnbot.htm)"
65.54.188.69 - - [16/Jul/2004:20:10:35 +0000] "GET /Home/Anreise/Lageplan--35.html HTTP/1.1" 200 17171 "" "msnbot/0.11 (+http://search.msn.com/msnbot.htm)"
65.54.188.69 - - [16/Jul/2004:20:12:02 +0000] "GET /Home/Aktivurlaub--66.html HTTP/1.1" 200 26873 "" "msnbot/0.11 (+http://search.msn.com/msnbot.htm)"
65.54.188.69 - - [16/Jul/2004:20:13:33 +0000] "GET /Home/Impressionen--6.html HTTP/1.1" 200 41403 "" "msnbot/0.11 (+http://search.msn.com/msnbot.htm)"
65.54.188.69 - - [16/Jul/2004:20:14:52 +0000] "GET /Home/Ambiente/Innen--88.html HTTP/1.1" 200 23514 "" "msnbot/0.11 (+http://search.msn.com/msnbot.htm)"
65.54.188.69 - - [16/Jul/2004:20:16:13 +0000] "GET /Home/Newsletter--12.html HTTP/1.1" 200 18927 "" "msnbot/0.11 (+http://search.msn.com/msnbot.htm)"
65.54.188.69 - - [16/Jul/2004:20:17:38 +0000] "GET /Home/Wohnen/Zimmer--93.html HTTP/1.1" 200 23415 "" "msnbot/0.11 (+http://search.msn.com/msnbot.htm)"
65.54.188.69 - - [16/Jul/2004:20:19:04 +0000] "GET /Home/Weiterempfehlung--48.html HTTP/1.1" 200 17914 "" "msnbot/0.11 (+http://search.msn.com/msnbot.htm)"
65.54.188.69 - - [16/Jul/2004:20:20:13 +0000] "GET /Home/Willkommen--10.html HTTP/1.1" 200 20711 "" "msnbot/0.11 (+http://search.msn.com/msnbot.htm)"
65.54.188.69 - - [16/Jul/2004:20:21:30 +0000] "GET /Home/Anfrage___Buchung--3.html HTTP/1.1" 200 26620 "" "msnbot/0.11 (+http://search.msn.com/msnbot.htm)"
