217.185.2.82 - - [02/Jul/2004:22:32:54 +0000] "GET /Home/Ambiente/Innen--88.html HTTP/1.1" 200 23298 "http://www.buehlerhof-lana.it/" "Mozilla/4.0 (compatible; MSIE 6.0; Windows NT 5.1)"
217.185.2.82 - - [02/Jul/2004:22:33:32 +0000] "GET /Home/360__Panorama--90.html HTTP/1.1" 200 17154 "http://www.buehlerhof-lana.it/index.php?id=9" "Mozilla/4.0 (compatible; MSIE 6.0; Windows NT 5.1)"
217.185.2.82 - - [02/Jul/2004:22:34:04 +0000] "GET /Home/Wohnen/Zimmer--93.html HTTP/1.1" 200 23204 "http://www.buehlerhof-lana.it/" "Mozilla/4.0 (compatible; MSIE 6.0; Windows NT 5.1)"
217.185.2.82 - - [02/Jul/2004:22:34:54 +0000] "GET /Home/Wohnen/Appartments--92.html HTTP/1.1" 200 22555 "http://www.buehlerhof-lana.it/index.php?id=8" "Mozilla/4.0 (compatible; MSIE 6.0; Windows NT 5.1)"
217.185.2.82 - - [02/Jul/2004:22:35:12 +0000] "GET /Home/Umgebung/Badeseen--85.html HTTP/1.1" 200 22265 "http://www.buehlerhof-lana.it/index.php?id=92" "Mozilla/4.0 (compatible; MSIE 6.0; Windows NT 5.1)"
217.185.2.82 - - [02/Jul/2004:22:35:59 +0000] "GET /Home/Umgebung/Vigiljoch--27.html HTTP/1.1" 200 20247 "http://www.buehlerhof-lana.it/index.php?id=7" "Mozilla/4.0 (compatible; MSIE 6.0; Windows NT 5.1)"
217.185.2.82 - - [02/Jul/2004:22:36:17 +0000] "GET /Home/Umgebung/Meraner_H_henweg--51.html HTTP/1.1" 200 22425 "http://www.buehlerhof-lana.it/index.php?id=27" "Mozilla/4.0 (compatible; MSIE 6.0; Windows NT 5.1)"
217.185.2.82 - - [02/Jul/2004:22:36:32 +0000] "GET /Home/Sehenswertes/Bot._G_rten_Schloss_Trauttmann--67.html HTTP/1.1" 200 21566 "http://www.buehlerhof-lana.it/index.php?id=51" "Mozilla/4.0 (compatible; MSIE 6.0; Windows NT 5.1)"
62.104.210.98 - - [02/Jul/2004:22:36:53 +0000] "GET /Home/Willkommen--10.html HTTP/1.1" 200 20694 "http://www.zip-code.it/html/Lana_dt.html" "Mozilla/4.0 (compatible; MSIE 5.5; Windows NT 4.0)"
217.185.2.82 - - [02/Jul/2004:22:36:57 +0000] "GET /Home/Aktivurlaub--66.html HTTP/1.1" 200 27054 "http://www.buehlerhof-lana.it/index.php?id=65" "Mozilla/4.0 (compatible; MSIE 6.0; Windows NT 5.1)"
217.185.2.82 - - [02/Jul/2004:22:37:40 +0000] "GET /Home/Preise___Angebote/Zimmer--31.html HTTP/1.1" 200 20191 "http://www.buehlerhof-lana.it/index.php?id=66" "Mozilla/4.0 (compatible; MSIE 6.0; Windows NT 5.1)"
62.104.210.98 - - [02/Jul/2004:22:37:56 +0000] "GET /Home/Wohnen/Zimmer--93.html HTTP/1.1" 200 23204 "http://www.buehlerhof-lana.it/" "Mozilla/4.0 (compatible; MSIE 5.5; Windows NT 4.0)"
62.104.210.98 - - [02/Jul/2004:22:38:26 +0000] "GET /Home/Wohnen/Appartments--92.html HTTP/1.1" 200 22555 "http://www.buehlerhof-lana.it/index.php?id=8" "Mozilla/4.0 (compatible; MSIE 5.5; Windows NT 4.0)"
212.48.11.148 - - [02/Jul/2004:23:07:37 +0000] "GET /Home/Willkommen--10.html HTTP/1.1" 200 20694 "" "PycURL"
217.255.98.241 - - [02/Jul/2004:23:11:36 +0000] "GET /Home/Willkommen--10.html HTTP/1.1" 200 20694 "" "Mozilla/4.0 (compatible; MSIE 6.0; Windows NT 5.1)"
217.255.98.241 - - [02/Jul/2004:23:11:58 +0000] "GET /Home/Preise___Angebote/Zimmer--31.html HTTP/1.1" 200 20191 "http://www.buehlerhof-lana.it/" "Mozilla/4.0 (compatible; MSIE 6.0; Windows NT 5.1)"
217.255.98.241 - - [02/Jul/2004:23:13:00 +0000] "GET /Home/Anfrage___Buchung--3.html HTTP/1.1" 200 26279 "http://www.buehlerhof-lana.it/index.php?id=4" "Mozilla/4.0 (compatible; MSIE 6.0; Windows NT 5.1)"
217.255.98.241 - - [02/Jul/2004:23:14:01 +0000] "GET /Home/Wohnen/Zimmer--93.html HTTP/1.1" 200 23204 "http://www.buehlerhof-lana.it/index.php?id=3" "Mozilla/4.0 (compatible; MSIE 6.0; Windows NT 5.1)"
217.255.98.241 - - [02/Jul/2004:23:14:21 +0000] "GET /Home/Willkommen--10.html HTTP/1.1" 200 20694 "http://www.buehlerhof-lana.it/index.php?id=8" "Mozilla/4.0 (compatible; MSIE 6.0; Windows NT 5.1)"
217.255.98.241 - - [02/Jul/2004:23:14:32 +0000] "GET /Home/Ambiente/Innen--88.html HTTP/1.1" 200 23298 "http://www.buehlerhof-lana.it/index.php?id=10" "Mozilla/4.0 (compatible; MSIE 6.0; Windows NT 5.1)"
217.255.98.241 - - [02/Jul/2004:23:14:45 +0000] "GET /Home/Anfrage___Buchung--3.html HTTP/1.1" 200 26279 "http://www.buehlerhof-lana.it/index.php?id=9" "Mozilla/4.0 (compatible; MSIE 6.0; Windows NT 5.1)"
217.255.98.241 - - [02/Jul/2004:23:19:59 +0000] "GET /Home/Anfrage___Buchung/Best_tigung--86.html HTTP/1.1" 200 16403 "http://www.buehlerhof-lana.it/index.php?id=3" "Mozilla/4.0 (compatible; MSIE 6.0; Windows NT 5.1)"
151.25.90.5 - - [02/Jul/2004:23:22:19 +0000] "GET /Home/Willkommen--10.html HTTP/1.1" 200 20694 "http://www.suedtirol-ferien.it/hotel/Lana_it.shtml" "Mozilla/4.0 (compatible; MSIE 5.0; Windows 98; DigExt)"
151.25.90.5 - - [02/Jul/2004:23:23:18 +0000] "GET /Home/Preise___Angebote/Zimmer--31.html HTTP/1.1" 200 20191 "http://www.buehlerhof-lana.it/" "Mozilla/4.0 (compatible; MSIE 5.0; Windows 98; DigExt)"
65.54.164.50 - - [03/Jul/2004:03:19:21 +0000] "GET /Home/Wohnen/Zimmer--93.html HTTP/1.1" 200 22652 "" "msnbot/0.11 (+http://search.msn.com/msnbot.htm)"
65.54.164.50 - - [03/Jul/2004:03:39:10 +0000] "GET /Home/Wohnen/Zimmer--93.html HTTP/1.1" 200 23415 "" "msnbot/0.11 (+http://search.msn.com/msnbot.htm)"
65.54.164.50 - - [03/Jul/2004:04:15:40 +0000] "GET /Home/Willkommen--10.html HTTP/1.1" 200 20711 "" "msnbot/0.11 (+http://search.msn.com/msnbot.htm)"
209.237.238.173 - - [03/Jul/2004:04:27:28 +0000] "GET /Home/Anfrage___Buchung--3.html HTTP/1.1" 200 26374 "" "ia_archiver"
194.228.211.203 - - [03/Jul/2004:04:33:22 +0000] "GET /Home/Willkommen--10.html HTTP/1.1" 200 20694 "http://www.thebestofnet.com/cgi-bin/topsecret.cgi?6743452643" "Mozilla/4.0 (compatible; MSIE 7.01; Windows 98)"
65.54.164.50 - - [03/Jul/2004:04:47:43 +0000] "GET /Home/Preise___Angebote/Pauschalangebote--29.html HTTP/1.1" 200 21164 "" "msnbot/0.11 (+http://search.msn.com/msnbot.htm)"
65.54.164.50 - - [03/Jul/2004:04:53:48 +0000] "GET /Home/Anreise/Lageplan--35.html HTTP/1.1" 200 17137 "" "msnbot/0.11 (+http://search.msn.com/msnbot.htm)"
65.54.164.50 - - [03/Jul/2004:04:58:21 +0000] "GET /Home/Aktivurlaub--66.html HTTP/1.1" 200 26873 "" "msnbot/0.11 (+http://search.msn.com/msnbot.htm)"
65.54.164.50 - - [03/Jul/2004:05:09:01 +0000] "GET /Home/Umgebung/Badeseen--85.html HTTP/1.1" 200 22230 "" "msnbot/0.11 (+http://search.msn.com/msnbot.htm)"
80.104.58.121 - - [03/Jul/2004:07:00:16 +0000] "GET /Home/Willkommen--10.html HTTP/1.1" 200 20694 "" "Mozilla/4.0 (compatible; MSIE 6.0; Windows 98)"
80.104.58.121 - - [03/Jul/2004:07:00:57 +0000] "GET /Home/Preise___Angebote/Zimmer--31.html HTTP/1.1" 200 20191 "http://www.buehlerhof-lana.it/" "Mozilla/4.0 (compatible; MSIE 6.0; Windows 98)"
65.54.164.50 - - [03/Jul/2004:07:41:38 +0000] "GET /Home/360__Panorama--90.html HTTP/1.1" 200 17154 "" "msnbot/0.11 (+http://search.msn.com/msnbot.htm)"
65.54.164.50 - - [03/Jul/2004:07:52:08 +0000] "GET /Home/Ambiente/Innen--88.html HTTP/1.1" 200 23514 "" "msnbot/0.11 (+http://search.msn.com/msnbot.htm)"
65.214.36.19 - - [03/Jul/2004:08:27:42 +0000] "GET /Home/Willkommen--10.html HTTP/1.1" 200 20694 "" "Mozilla/2.0 (compatible; Ask Jeeves/Teoma)"
65.54.164.50 - - [03/Jul/2004:08:29:45 +0000] "GET /Home/Sehenswertes/Bot._G_rten_Schloss_Trauttmann--67.html HTTP/1.1" 200 21749 "" "msnbot/0.11 (+http://search.msn.com/msnbot.htm)"
65.54.164.50 - - [03/Jul/2004:08:40:22 +0000] "GET /Home/Weiterempfehlung--48.html HTTP/1.1" 200 17953 "" "msnbot/0.11 (+http://search.msn.com/msnbot.htm)"
65.54.164.50 - - [03/Jul/2004:08:48:47 +0000] "GET /Home/Anfrage___Buchung--3.html HTTP/1.1" 200 26374 "" "msnbot/0.11 (+http://search.msn.com/msnbot.htm)"
65.54.164.50 - - [03/Jul/2004:09:41:36 +0000] "GET /Home/Preise___Angebote/Zimmer--31.html HTTP/1.1" 200 20321 "" "msnbot/0.11 (+http://search.msn.com/msnbot.htm)"
65.54.164.50 - - [03/Jul/2004:09:46:40 +0000] "GET /Home/Ambiente/Innen--88.html HTTP/1.1" 200 22746 "" "msnbot/0.11 (+http://search.msn.com/msnbot.htm)"
80.144.116.170 - - [03/Jul/2004:09:51:37 +0000] "GET /Home/Willkommen--10.html HTTP/1.1" 200 20694 "" "Mozilla/4.0 (compatible; MSIE 6.0; Windows NT 5.1)"
80.144.116.170 - - [03/Jul/2004:09:52:11 +0000] "GET /Home/Ambiente/Innen--88.html HTTP/1.1" 200 23298 "" "Mozilla/4.0 (compatible; MSIE 6.0; Windows NT 5.1)"
80.144.116.170 - - [03/Jul/2004:09:53:47 +0000] "GET /Home/360__Panorama--90.html HTTP/1.1" 200 17154 "" "Mozilla/4.0 (compatible; MSIE 6.0; Windows NT 5.1)"
80.144.116.170 - - [03/Jul/2004:09:53:59 +0000] "GET /Home/Ambiente/Innen--88.html HTTP/1.1" 200 22746 "" "Mozilla/4.0 (compatible; MSIE 6.0; Windows NT 5.1)"
80.144.116.170 - - [03/Jul/2004:09:54:15 +0000] "GET /Home/Wohnen/Zimmer--93.html HTTP/1.1" 200 22652 "" "Mozilla/4.0 (compatible; MSIE 6.0; Windows NT 5.1)"
80.144.116.170 - - [03/Jul/2004:09:55:12 +0000] "GET /Home/Wohnen/Appartments--92.html HTTP/1.1" 200 22003 "" "Mozilla/4.0 (compatible; MSIE 6.0; Windows NT 5.1)"
80.144.116.170 - - [03/Jul/2004:09:56:00 +0000] "GET /Home/Ambiente/Innen--88.html HTTP/1.1" 200 22746 "" "Mozilla/4.0 (compatible; MSIE 6.0; Windows NT 5.1)"
80.144.116.170 - - [03/Jul/2004:09:57:20 +0000] "GET /Home/Weiterempfehlung--48.html HTTP/1.1" 200 17953 "" "Mozilla/4.0 (compatible; MSIE 6.0; Windows NT 5.1)"
80.144.116.170 - - [03/Jul/2004:09:57:44 +0000] "GET /Home/Ambiente/Innen--88.html HTTP/1.1" 200 22746 "" "Mozilla/4.0 (compatible; MSIE 6.0; Windows NT 5.1)"
80.144.116.170 - - [03/Jul/2004:09:57:53 +0000] "GET /Home/Wohnen/Appartments--92.html HTTP/1.1" 200 22003 "" "Mozilla/4.0 (compatible; MSIE 6.0; Windows NT 5.1)"
80.144.116.170 - - [03/Jul/2004:09:57:59 +0000] "GET /Home/Wohnen/Zimmer--93.html HTTP/1.1" 200 22652 "" "Mozilla/4.0 (compatible; MSIE 6.0; Windows NT 5.1)"
80.144.116.170 - - [03/Jul/2004:09:58:07 +0000] "GET /Home/360__Panorama--90.html HTTP/1.1" 200 17154 "" "Mozilla/4.0 (compatible; MSIE 6.0; Windows NT 5.1)"
80.144.116.170 - - [03/Jul/2004:09:58:14 +0000] "GET /Home/Ambiente/Innen--88.html HTTP/1.1" 200 23298 "" "Mozilla/4.0 (compatible; MSIE 6.0; Windows NT 5.1)"
80.144.116.170 - - [03/Jul/2004:09:58:20 +0000] "GET /Home/Willkommen--10.html HTTP/1.1" 200 20694 "" "Mozilla/4.0 (compatible; MSIE 6.0; Windows NT 5.1)"
80.144.116.170 - - [03/Jul/2004:09:59:11 +0000] "GET /Home/Sehenswertes/Bot._G_rten_Schloss_Trauttmann--67.html HTTP/1.1" 200 21566 "" "Mozilla/4.0 (compatible; MSIE 6.0; Windows NT 5.1)"
80.144.116.170 - - [03/Jul/2004:09:59:33 +0000] "GET /Home/Willkommen--10.html HTTP/1.1" 200 20694 "" "Mozilla/4.0 (compatible; MSIE 6.0; Windows NT 5.1)"
217.238.191.187 - - [03/Jul/2004:10:32:04 +0000] "GET /Home/Willkommen--10.html HTTP/1.1" 200 20694 "http://suche.web.de/search/?su=+Lana+Meran+Pension&smode=&webRb=int" "Mozilla/4.0 (compatible; MSIE 6.0; Windows NT 5.1; .NET CLR 1.1.4322)"
217.238.191.187 - - [03/Jul/2004:10:32:14 +0000] "GET /Home/Anreise/Lageplan--35.html HTTP/1.1" 200 17032 "http://www.buehlerhof-lana.it/" "Mozilla/4.0 (compatible; MSIE 6.0; Windows NT 5.1; .NET CLR 1.1.4322)"
217.238.191.187 - - [03/Jul/2004:10:32:25 +0000] "GET /Home/Preise___Angebote/Zimmer--31.html HTTP/1.1" 200 20191 "http://www.buehlerhof-lana.it/index.php?id=2" "Mozilla/4.0 (compatible; MSIE 6.0; Windows NT 5.1; .NET CLR 1.1.4322)"
195.93.74.22 - - [03/Jul/2004:11:19:49 +0000] "GET /Home/Willkommen--10.html HTTP/1.1" 200 20694 "" "Mozilla/4.0 (compatible; MSIE 5.5; AOL 8.0; Windows 98)"
195.93.73.16 - - [03/Jul/2004:11:20:48 +0000] "GET /Home/Umgebung/Badeseen--85.html HTTP/1.1" 200 22265 "http://www.buehlerhof-lana.it/" "Mozilla/4.0 (compatible; MSIE 5.5; AOL 8.0; Windows 98)"
195.93.73.16 - - [03/Jul/2004:11:21:27 +0000] "GET /Home/Ambiente/Innen--88.html HTTP/1.1" 200 23298 "http://www.buehlerhof-lana.it/index.php?id=7" "Mozilla/4.0 (compatible; MSIE 5.5; AOL 8.0; Windows 98)"
195.93.74.6 - - [03/Jul/2004:11:21:48 +0000] "GET /Home/Ambiente/Aussen--87.html HTTP/1.1" 200 19697 "http://www.buehlerhof-lana.it/index.php?id=9" "Mozilla/4.0 (compatible; MSIE 5.5; AOL 8.0; Windows 98)"
195.93.74.6 - - [03/Jul/2004:11:22:13 +0000] "GET /Home/Ambiente/Innen--88.html HTTP/1.1" 200 23298 "http://www.buehlerhof-lana.it/index.php?id=87" "Mozilla/4.0 (compatible; MSIE 5.5; AOL 8.0; Windows 98)"
195.93.73.16 - - [03/Jul/2004:11:22:44 +0000] "GET /Home/Preise___Angebote/Zimmer--31.html HTTP/1.1" 200 20191 "http://www.buehlerhof-lana.it/index.php?id=88" "Mozilla/4.0 (compatible; MSIE 5.5; AOL 8.0; Windows 98)"
195.93.74.6 - - [03/Jul/2004:11:23:37 +0000] "GET /Home/Preise___Angebote/Appartements--30.html HTTP/1.1" 200 21728 "http://www.buehlerhof-lana.it/index.php?id=4" "Mozilla/4.0 (compatible; MSIE 5.5; AOL 8.0; Windows 98)"
194.228.211.203 - - [03/Jul/2004:11:24:28 +0000] "GET /Home/Willkommen--10.html HTTP/1.1" 200 20694 "http://www.thebestofnet.com/cgi-bin/topsecret.cgi?6743452643" "Mozilla/4.0 (compatible; MSIE 7.01; Windows 98)"
195.93.74.6 - - [03/Jul/2004:11:27:23 +0000] "GET /Home/Weiterempfehlung--48.html HTTP/1.1" 200 17853 "http://www.buehlerhof-lana.it/index.php?id=30" "Mozilla/4.0 (compatible; MSIE 5.5; AOL 8.0; Windows 98)"
195.93.65.15 - - [03/Jul/2004:11:27:46 +0000] "GET /Home/G_stebuch--11.html HTTP/1.1" 200 18360 "http://www.buehlerhof-lana.it/index.php?id=48" "Mozilla/4.0 (compatible; MSIE 5.5; AOL 8.0; Windows 98)"
195.93.73.16 - - [03/Jul/2004:11:28:08 +0000] "GET /Home/Impressionen--6.html HTTP/1.1" 200 41336 "http://www.buehlerhof-lana.it/index.php?id=11" "Mozilla/4.0 (compatible; MSIE 5.5; AOL 8.0; Windows 98)"
65.54.164.50 - - [03/Jul/2004:11:58:46 +0000] "GET /Home/Preise___Angebote/Pauschalangebote--29.html HTTP/1.1" 200 21029 "" "msnbot/0.11 (+http://search.msn.com/msnbot.htm)"
65.54.164.50 - - [03/Jul/2004:12:06:32 +0000] "GET /Home/Preise___Angebote/Pauschalangebote--29.html HTTP/1.1" 200 21274 "" "msnbot/0.11 (+http://search.msn.com/msnbot.htm)"
65.54.164.50 - - [03/Jul/2004:12:11:39 +0000] "GET /Home/Willkommen--10.html HTTP/1.1" 200 20300 "" "msnbot/0.11 (+http://search.msn.com/msnbot.htm)"
65.54.164.50 - - [03/Jul/2004:12:15:36 +0000] "GET /Home/Veranstaltungen/Veranstaltungen_Lana/Bl_tenfesttage--59.html HTTP/1.1" 200 21173 "" "msnbot/0.11 (+http://search.msn.com/msnbot.htm)"
80.146.118.238 - - [03/Jul/2004:12:17:02 +0000] "GET /Home/Willkommen--10.html HTTP/1.1" 200 20694 "" "Mozilla/4.0 (compatible; MSIE 6.0; Windows NT 5.1; .NET CLR 1.0.3705)"
80.146.118.238 - - [03/Jul/2004:12:17:23 +0000] "GET /Home/Ambiente/Innen--88.html HTTP/1.1" 200 23298 "" "Mozilla/4.0 (compatible; MSIE 6.0; Windows NT 5.1; .NET CLR 1.0.3705)"
80.146.118.238 - - [03/Jul/2004:12:17:41 +0000] "GET /Home/Ambiente/Aussen--87.html HTTP/1.1" 200 19697 "" "Mozilla/4.0 (compatible; MSIE 6.0; Windows NT 5.1; .NET CLR 1.0.3705)"
80.146.118.238 - - [03/Jul/2004:12:17:56 +0000] "GET /Home/Preise___Angebote/Zimmer--31.html HTTP/1.1" 200 20191 "" "Mozilla/4.0 (compatible; MSIE 6.0; Windows NT 5.1; .NET CLR 1.0.3705)"
80.146.118.238 - - [03/Jul/2004:12:18:01 +0000] "GET /Home/Wohnen/Zimmer--93.html HTTP/1.1" 200 23204 "" "Mozilla/4.0 (compatible; MSIE 6.0; Windows NT 5.1; .NET CLR 1.0.3705)"
65.54.164.50 - - [03/Jul/2004:12:18:18 +0000] "GET /Home/Preise___Angebote/Zimmer--31.html HTTP/1.1" 200 20428 "" "msnbot/0.11 (+http://search.msn.com/msnbot.htm)"
80.146.118.238 - - [03/Jul/2004:12:19:19 +0000] "GET /Home/Umgebung/Badeseen--85.html HTTP/1.1" 200 22265 "" "Mozilla/4.0 (compatible; MSIE 6.0; Windows NT 5.1; .NET CLR 1.0.3705)"
80.146.118.238 - - [03/Jul/2004:12:19:38 +0000] "GET /Home/Sehenswertes/Bot._G_rten_Schloss_Trauttmann--67.html HTTP/1.1" 200 21566 "" "Mozilla/4.0 (compatible; MSIE 6.0; Windows NT 5.1; .NET CLR 1.0.3705)"
80.146.118.238 - - [03/Jul/2004:12:19:53 +0000] "GET /Home/Impressionen--6.html HTTP/1.1" 200 41336 "" "Mozilla/4.0 (compatible; MSIE 6.0; Windows NT 5.1; .NET CLR 1.0.3705)"
65.54.164.50 - - [03/Jul/2004:12:20:03 +0000] "GET /Home/Anreise/Lageplan--35.html HTTP/1.1" 200 17171 "" "msnbot/0.11 (+http://search.msn.com/msnbot.htm)"
80.146.118.238 - - [03/Jul/2004:12:20:04 +0000] "GET /Home/Preise___Angebote/Zimmer--31.html HTTP/1.1" 200 20191 "" "Mozilla/4.0 (compatible; MSIE 6.0; Windows NT 5.1; .NET CLR 1.0.3705)"
80.146.118.238 - - [03/Jul/2004:12:20:21 +0000] "GET /Home/Wohnen/Zimmer--93.html HTTP/1.1" 200 23204 "" "Mozilla/4.0 (compatible; MSIE 6.0; Windows NT 5.1; .NET CLR 1.0.3705)"
80.146.118.238 - - [03/Jul/2004:12:21:06 +0000] "GET /Home/Preise___Angebote/Appartements--30.html HTTP/1.1" 200 21728 "" "Mozilla/4.0 (compatible; MSIE 6.0; Windows NT 5.1; .NET CLR 1.0.3705)"
65.54.164.50 - - [03/Jul/2004:12:21:24 +0000] "GET /Home/Weiterempfehlung--48.html HTTP/1.1" 200 17914 "" "msnbot/0.11 (+http://search.msn.com/msnbot.htm)"
80.146.118.238 - - [03/Jul/2004:12:21:51 +0000] "GET /Home/Preise___Angebote/Pauschalangebote--29.html HTTP/1.1" 200 21164 "" "Mozilla/4.0 (compatible; MSIE 6.0; Windows NT 5.1; .NET CLR 1.0.3705)"
65.54.164.50 - - [03/Jul/2004:12:22:19 +0000] "GET /Home/Newsletter--12.html HTTP/1.1" 200 18927 "" "msnbot/0.11 (+http://search.msn.com/msnbot.htm)"
80.146.118.238 - - [03/Jul/2004:12:22:23 +0000] "GET /Home/Anfrage___Buchung--3.html HTTP/1.1" 200 26279 "" "Mozilla/4.0 (compatible; MSIE 6.0; Windows NT 5.1; .NET CLR 1.0.3705)"
65.54.164.50 - - [03/Jul/2004:12:23:16 +0000] "GET /Home/Impressionen--6.html HTTP/1.1" 200 41403 "" "msnbot/0.11 (+http://search.msn.com/msnbot.htm)"
65.54.164.50 - - [03/Jul/2004:12:24:11 +0000] "GET /Home/360__Panorama--90.html HTTP/1.1" 200 17181 "" "msnbot/0.11 (+http://search.msn.com/msnbot.htm)"
65.54.164.50 - - [03/Jul/2004:12:24:57 +0000] "GET /Home/G_stebuch--11.html HTTP/1.1" 200 18479 "" "msnbot/0.11 (+http://search.msn.com/msnbot.htm)"
80.146.118.238 - - [03/Jul/2004:12:25:15 +0000] "GET /Home/Anfrage___Buchung/Best_tigung--86.html HTTP/1.1" 200 16403 "" "Mozilla/4.0 (compatible; MSIE 6.0; Windows NT 5.1; .NET CLR 1.0.3705)"
65.54.164.50 - - [03/Jul/2004:12:25:33 +0000] "GET /Home/Anfrage___Buchung--3.html HTTP/1.1" 200 26620 "" "msnbot/0.11 (+http://search.msn.com/msnbot.htm)"
65.54.164.50 - - [03/Jul/2004:12:26:09 +0000] "GET /Home/Sehenswertes/Bot._G_rten_Schloss_Trauttmann--67.html HTTP/1.1" 200 21566 "" "msnbot/0.11 (+http://search.msn.com/msnbot.htm)"
65.54.164.50 - - [03/Jul/2004:12:26:41 +0000] "GET /Home/Umgebung/Badeseen--85.html HTTP/1.1" 200 21906 "" "msnbot/0.11 (+http://search.msn.com/msnbot.htm)"
65.54.164.50 - - [03/Jul/2004:12:27:17 +0000] "GET /Home/Veranstaltungen/Veranstaltungen_Lana/Bl_tenfesttage--59.html HTTP/1.1" 200 21134 "" "msnbot/0.11 (+http://search.msn.com/msnbot.htm)"
65.54.164.50 - - [03/Jul/2004:12:27:48 +0000] "GET /Home/Willkommen--10.html HTTP/1.1" 200 20694 "" "msnbot/0.11 (+http://search.msn.com/msnbot.htm)"
65.54.164.50 - - [03/Jul/2004:12:28:07 +0000] "GET /Home/Sehenswertes/Bot._G_rten_Schloss_Trauttmann--67.html HTTP/1.1" 200 21187 "" "msnbot/0.11 (+http://search.msn.com/msnbot.htm)"
65.54.164.50 - - [03/Jul/2004:12:28:38 +0000] "GET /Home/Aktivurlaub--66.html HTTP/1.1" 200 26502 "" "msnbot/0.11 (+http://search.msn.com/msnbot.htm)"
65.54.164.50 - - [03/Jul/2004:12:28:57 +0000] "GET /Home/Newsletter--12.html HTTP/1.1" 200 18891 "" "msnbot/0.11 (+http://search.msn.com/msnbot.htm)"
65.54.164.50 - - [03/Jul/2004:12:29:17 +0000] "GET /Home/G_stebuch--11.html HTTP/1.1" 200 18460 "" "msnbot/0.11 (+http://search.msn.com/msnbot.htm)"
80.133.237.88 - - [03/Jul/2004:13:19:22 +0000] "GET /Home/Willkommen--10.html HTTP/1.1" 200 20694 "" "Mozilla/4.0 (compatible; MSIE 6.0; Windows NT 5.1; 1&1 Internet AG; .NET CLR 1.0.3705; .NET CLR 1.1.4322) WebWasher 3.3"
80.133.237.88 - - [03/Jul/2004:13:20:04 +0000] "GET /Home/Ambiente/Innen--88.html HTTP/1.1" 200 23298 "http://www.buehlerhof-lana.it/" "Mozilla/4.0 (compatible; MSIE 6.0; Windows NT 5.1; 1&1 Internet AG; .NET CLR 1.0.3705; .NET CLR 1.1.4322) WebWasher 3.3"
80.133.237.88 - - [03/Jul/2004:13:20:55 +0000] "GET /Home/Ambiente/Aussen--87.html HTTP/1.1" 200 19697 "http://www.buehlerhof-lana.it/index.php?id=9" "Mozilla/4.0 (compatible; MSIE 6.0; Windows NT 5.1; 1&1 Internet AG; .NET CLR 1.0.3705; .NET CLR 1.1.4322) WebWasher 3.3"
80.133.237.88 - - [03/Jul/2004:13:21:20 +0000] "GET /Home/Wohnen/Zimmer--93.html HTTP/1.1" 200 23204 "http://www.buehlerhof-lana.it/index.php?id=87" "Mozilla/4.0 (compatible; MSIE 6.0; Windows NT 5.1; 1&1 Internet AG; .NET CLR 1.0.3705; .NET CLR 1.1.4322) WebWasher 3.3"
80.133.237.88 - - [03/Jul/2004:13:21:51 +0000] "GET /Home/Wohnen/Appartments--92.html HTTP/1.1" 200 22555 "http://www.buehlerhof-lana.it/index.php?id=8" "Mozilla/4.0 (compatible; MSIE 6.0; Windows NT 5.1; 1&1 Internet AG; .NET CLR 1.0.3705; .NET CLR 1.1.4322) WebWasher 3.3"
80.133.237.88 - - [03/Jul/2004:13:22:30 +0000] "GET /Home/Preise___Angebote/Zimmer--31.html HTTP/1.1" 200 20191 "http://www.buehlerhof-lana.it/index.php?id=92" "Mozilla/4.0 (compatible; MSIE 6.0; Windows NT 5.1; 1&1 Internet AG; .NET CLR 1.0.3705; .NET CLR 1.1.4322) WebWasher 3.3"
217.199.8.153 - - [03/Jul/2004:13:39:33 +0000] "GET /Home/Willkommen--10.html HTTP/1.1" 200 20694 "" "Mozilla/4.0 (compatible; MSIE 6.0; Windows NT 5.1; i-NavFourF)"
209.237.238.173 - - [03/Jul/2004:13:58:32 +0000] "GET /Home/Weiterempfehlung--48.html HTTP/1.1" 200 17953 "" "ia_archiver"
65.54.164.50 - - [03/Jul/2004:17:02:39 +0000] "GET /Home/Newsletter--12.html HTTP/1.1" 200 18796 "" "msnbot/0.11 (+http://search.msn.com/msnbot.htm)"
65.54.164.50 - - [03/Jul/2004:17:07:10 +0000] "GET /Home/Ambiente/Innen--88.html HTTP/1.1" 200 23298 "" "msnbot/0.11 (+http://search.msn.com/msnbot.htm)"
65.54.164.50 - - [03/Jul/2004:17:21:17 +0000] "GET /Home/G_stebuch--11.html HTTP/1.1" 200 18360 "" "msnbot/0.11 (+http://search.msn.com/msnbot.htm)"
65.54.164.50 - - [03/Jul/2004:18:26:27 +0000] "GET /Home/Veranstaltungen/Veranstaltungen_Lana/Bl_tenfesttage--59.html HTTP/1.1" 200 21167 "" "msnbot/0.11 (+http://search.msn.com/msnbot.htm)"
65.54.164.50 - - [03/Jul/2004:18:33:59 +0000] "GET /Home/Wohnen/Zimmer--93.html HTTP/1.1" 200 23204 "" "msnbot/0.11 (+http://search.msn.com/msnbot.htm)"
65.54.164.50 - - [03/Jul/2004:18:38:17 +0000] "GET /Home/Aktivurlaub--66.html HTTP/1.1" 200 27054 "" "msnbot/0.11 (+http://search.msn.com/msnbot.htm)"
217.232.110.70 - - [03/Jul/2004:18:49:24 +0000] "GET /Home/Willkommen--10.html HTTP/1.1" 200 20694 "" "Mozilla/4.0 (compatible; MSIE 6.0; Windows NT 5.1)"
65.54.164.50 - - [03/Jul/2004:18:52:01 +0000] "GET /Home/Anfrage___Buchung--3.html HTTP/1.1" 200 26279 "" "msnbot/0.11 (+http://search.msn.com/msnbot.htm)"
65.54.164.50 - - [03/Jul/2004:19:04:28 +0000] "GET /Home/Impressionen--6.html HTTP/1.1" 200 41336 "" "msnbot/0.11 (+http://search.msn.com/msnbot.htm)"
83.176.118.25 - - [03/Jul/2004:19:20:30 +0000] "GET /Home/Willkommen--10.html HTTP/1.1" 200 20694 "" "Mozilla/4.0 (compatible; MSIE 6.0; Windows NT 5.1)"
80.128.183.183 - - [03/Jul/2004:19:35:22 +0000] "GET /Home/Willkommen--10.html HTTP/1.1" 200 20694 "" "Mozilla/4.0 (compatible; MSIE 6.0; Windows NT 5.1)"
209.237.238.173 - - [03/Jul/2004:22:47:53 +0000] "GET /Home/Impressionen--6.html HTTP/1.1" 200 38176 "" "ia_archiver"
212.48.11.148 - - [03/Jul/2004:22:54:25 +0000] "GET /Home/Willkommen--10.html HTTP/1.1" 200 20694 "" "PycURL"
194.228.211.203 - - [04/Jul/2004:01:02:52 +0000] "GET /Home/Willkommen--10.html HTTP/1.1" 200 20694 "http://www.thebestofnet.com/cgi-bin/topsecret.cgi?6743452643" "Mozilla/4.0 (compatible; MSIE 7.01; Windows 98)"
194.228.211.203 - - [04/Jul/2004:02:39:19 +0000] "GET /Home/Willkommen--10.html HTTP/1.1" 200 20694 "http://www.thebestofnet.com/cgi-bin/topsecret.cgi?6743452643" "Mozilla/4.0 (compatible; MSIE 7.01; Windows 98)"
209.237.238.173 - - [04/Jul/2004:06:02:06 +0000] "GET /Home/Aktivurlaub--66.html HTTP/1.1" 200 26502 "" "ia_archiver"
151.24.191.141 - - [04/Jul/2004:07:24:27 +0000] "GET /Home/Willkommen--10.html HTTP/1.1" 200 20694 "" "Mozilla/4.0 (compatible; MSIE 6.0; Windows NT 5.1)"
151.24.191.141 - - [04/Jul/2004:07:26:17 +0000] "GET /Home/Willkommen--10.html HTTP/1.1" 200 20711 "http://www.buehlerhof-lana.it/" "Mozilla/4.0 (compatible; MSIE 6.0; Windows NT 5.1)"
151.24.191.141 - - [04/Jul/2004:07:28:25 +0000] "GET /Home/Ambiente/Innen--88.html HTTP/1.1" 200 23514 "http://www.buehlerhof-lana.it/index.php?id=1&L=it" "Mozilla/4.0 (compatible; MSIE 6.0; Windows NT 5.1)"
151.24.191.141 - - [04/Jul/2004:07:29:30 +0000] "GET /Home/Ambiente/Aussen--87.html HTTP/1.1" 200 19819 "http://www.buehlerhof-lana.it/index.php?id=9&L=it" "Mozilla/4.0 (compatible; MSIE 6.0; Windows NT 5.1)"
151.24.191.141 - - [04/Jul/2004:07:30:07 +0000] "GET /Home/Wohnen/Zimmer--93.html HTTP/1.1" 200 23415 "http://www.buehlerhof-lana.it/index.php?id=87&L=it" "Mozilla/4.0 (compatible; MSIE 6.0; Windows NT 5.1)"
151.24.191.141 - - [04/Jul/2004:07:30:58 +0000] "GET /Home/Wohnen/Appartments--92.html HTTP/1.1" 200 22757 "http://www.buehlerhof-lana.it/index.php?id=8&L=it" "Mozilla/4.0 (compatible; MSIE 6.0; Windows NT 5.1)"
151.24.191.141 - - [04/Jul/2004:07:34:18 +0000] "GET /Home/Umgebung/Badeseen--85.html HTTP/1.1" 200 22230 "http://www.buehlerhof-lana.it/index.php?id=92&L=it" "Mozilla/4.0 (compatible; MSIE 6.0; Windows NT 5.1)"
151.24.191.141 - - [04/Jul/2004:07:34:51 +0000] "GET /Home/Umgebung/Brandiswaalweg--54.html HTTP/1.1" 200 21715 "http://www.buehlerhof-lana.it/index.php?id=7&L=it" "Mozilla/4.0 (compatible; MSIE 6.0; Windows NT 5.1)"
151.24.191.141 - - [04/Jul/2004:07:35:22 +0000] "GET /Home/Umgebung/Gaulpromenade--53.html HTTP/1.1" 200 21938 "http://www.buehlerhof-lana.it/index.php?id=54&L=it" "Mozilla/4.0 (compatible; MSIE 6.0; Windows NT 5.1)"
151.24.191.141 - - [04/Jul/2004:07:35:46 +0000] "GET /Home/Umgebung/Kultur-_und_Naturlehrweg_Aichb--52.html HTTP/1.1" 200 21534 "http://www.buehlerhof-lana.it/index.php?id=53&L=it" "Mozilla/4.0 (compatible; MSIE 6.0; Windows NT 5.1)"
151.24.191.141 - - [04/Jul/2004:07:36:06 +0000] "GET /Home/Umgebung/Meraner_H_henweg--51.html HTTP/1.1" 200 22655 "http://www.buehlerhof-lana.it/index.php?id=52&L=it" "Mozilla/4.0 (compatible; MSIE 6.0; Windows NT 5.1)"
151.24.191.141 - - [04/Jul/2004:07:36:35 +0000] "GET /Home/Umgebung/Vigiljoch--27.html HTTP/1.1" 200 20392 "http://www.buehlerhof-lana.it/index.php?id=51&L=it" "Mozilla/4.0 (compatible; MSIE 6.0; Windows NT 5.1)"
151.24.191.141 - - [04/Jul/2004:07:36:58 +0000] "GET /Home/Umgebung/Partschinser_Wasserfall--26.html HTTP/1.1" 200 19240 "http://www.buehlerhof-lana.it/index.php?id=27&L=it" "Mozilla/4.0 (compatible; MSIE 6.0; Windows NT 5.1)"
151.24.191.141 - - [04/Jul/2004:07:37:11 +0000] "GET /Home/Umgebung/Knottn-Kino--25.html HTTP/1.1" 200 21568 "http://www.buehlerhof-lana.it/index.php?id=26&L=it" "Mozilla/4.0 (compatible; MSIE 6.0; Windows NT 5.1)"
151.24.191.141 - - [04/Jul/2004:07:37:32 +0000] "GET /Home/Sehenswertes/Bot._G_rten_Schloss_Trauttmann--67.html HTTP/1.1" 200 21749 "http://www.buehlerhof-lana.it/index.php?id=25&L=it" "Mozilla/4.0 (compatible; MSIE 6.0; Windows NT 5.1)"
151.24.191.141 - - [04/Jul/2004:07:37:59 +0000] "GET /Home/Veranstaltungen/Veranstaltungen_Lana/Bl_tenfesttage--59.html HTTP/1.1" 200 21173 "http://www.buehlerhof-lana.it/index.php?id=65&L=it" "Mozilla/4.0 (compatible; MSIE 6.0; Windows NT 5.1)"
151.24.191.141 - - [04/Jul/2004:07:38:40 +0000] "GET /Home/Veranstaltungen/Veranstaltungen_Lana/Lana_Jazz__04--58.html HTTP/1.1" 200 19653 "http://www.buehlerhof-lana.it/index.php?id=5&L=it" "Mozilla/4.0 (compatible; MSIE 6.0; Windows NT 5.1)"
151.24.191.141 - - [04/Jul/2004:07:38:58 +0000] "GET /Home/Veranstaltungen/Veranstaltungen_Lana/Langer_Donnerstag--57.html HTTP/1.1" 200 22241 "http://www.buehlerhof-lana.it/index.php?id=58&L=it" "Mozilla/4.0 (compatible; MSIE 6.0; Windows NT 5.1)"
151.24.191.141 - - [04/Jul/2004:07:39:23 +0000] "GET /Home/Veranstaltungen/Veranstaltungen_Lana/Freilichtspiele--56.html HTTP/1.1" 200 19555 "http://www.buehlerhof-lana.it/index.php?id=57&L=it" "Mozilla/4.0 (compatible; MSIE 6.0; Windows NT 5.1)"
151.24.191.141 - - [04/Jul/2004:07:39:39 +0000] "GET /Home/Veranstaltungen/Veranstaltungen_M.../Meran-Flora--63.html HTTP/1.1" 200 21787 "http://www.buehlerhof-lana.it/index.php?id=56&L=it" "Mozilla/4.0 (compatible; MSIE 6.0; Windows NT 5.1)"
151.24.191.141 - - [04/Jul/2004:07:40:15 +0000] "GET /Home/Aktivurlaub--66.html HTTP/1.1" 200 26873 "http://www.buehlerhof-lana.it/index.php?id=40&L=it" "Mozilla/4.0 (compatible; MSIE 6.0; Windows NT 5.1)"
151.24.191.141 - - [04/Jul/2004:07:40:54 +0000] "GET /Home/Impressionen--6.html HTTP/1.1" 200 41403 "http://www.buehlerhof-lana.it/index.php?id=66&L=it" "Mozilla/4.0 (compatible; MSIE 6.0; Windows NT 5.1)"
151.24.191.141 - - [04/Jul/2004:07:42:48 +0000] "GET /Home/Impressionen/Schnappsch_sse--91.html HTTP/1.1" 200 20905 "http://www.buehlerhof-lana.it/index.php?id=6&L=it" "Mozilla/4.0 (compatible; MSIE 6.0; Windows NT 5.1)"
151.24.191.141 - - [04/Jul/2004:07:43:28 +0000] "GET /Home/Anreise/Lageplan--35.html HTTP/1.1" 200 17171 "http://www.buehlerhof-lana.it/index.php?id=91&L=it" "Mozilla/4.0 (compatible; MSIE 6.0; Windows NT 5.1)"
151.24.191.141 - - [04/Jul/2004:07:44:57 +0000] "GET /Home/Anreise/Routenplaner--34.html HTTP/1.1" 200 20003 "http://www.buehlerhof-lana.it/index.php?id=2&L=it" "Mozilla/4.0 (compatible; MSIE 6.0; Windows NT 5.1)"
151.24.191.141 - - [04/Jul/2004:07:49:25 +0000] "GET /Home/G_stebuch--11.html HTTP/1.1" 200 18479 "http://www.buehlerhof-lana.it/index.php?id=34&L=it" "Mozilla/4.0 (compatible; MSIE 6.0; Windows NT 5.1)"
151.24.191.141 - - [04/Jul/2004:07:49:41 +0000] "GET /Home/Weiterempfehlung--48.html HTTP/1.1" 200 17914 "http://www.buehlerhof-lana.it/index.php?id=11&L=it" "Mozilla/4.0 (compatible; MSIE 6.0; Windows NT 5.1)"
217.184.120.84 - - [04/Jul/2004:09:58:31 +0000] "GET /Home/Willkommen--10.html HTTP/1.1" 200 20694 "" "Mozilla/4.0 (compatible; MSIE 5.5; Windows 95)"
217.184.120.84 - - [04/Jul/2004:10:01:31 +0000] "GET /Home/Wohnen/Zimmer--93.html HTTP/1.1" 200 23204 "http://www.buehlerhof-lana.it/" "Mozilla/4.0 (compatible; MSIE 5.5; Windows 95)"
217.199.21.178 - - [04/Jul/2004:11:38:03 +0000] "GET /Home/Willkommen--10.html HTTP/1.1" 200 20694 "http://www.montagnavacanze.it/Alto%20Adige/Merano%20e%20dintorni/lana_foiana_s_vigilio.htm" "Mozilla/4.0 (compatible; MSIE 6.0; Windows NT 5.1; Hotbar 4.4.9.0)"
217.199.21.178 - - [04/Jul/2004:11:38:15 +0000] "GET /Home/Willkommen--10.html HTTP/1.1" 200 20694 "http://www.montagnavacanze.it/Alto%20Adige/Merano%20e%20dintorni/lana_foiana_s_vigilio.htm" "Mozilla/4.0 (compatible; MSIE 6.0; Windows NT 5.1; Hotbar 4.4.9.0)"
217.199.21.178 - - [04/Jul/2004:11:38:19 +0000] "GET /Home/Willkommen--10.html HTTP/1.1" 200 20694 "http://www.montagnavacanze.it/Alto%20Adige/Merano%20e%20dintorni/lana_foiana_s_vigilio.htm" "Mozilla/4.0 (compatible; MSIE 6.0; Windows NT 5.1; Hotbar 4.4.9.0)"
217.199.21.178 - - [04/Jul/2004:11:38:23 +0000] "GET /Home/Willkommen--10.html HTTP/1.1" 200 20694 "http://www.montagnavacanze.it/Alto%20Adige/Merano%20e%20dintorni/lana_foiana_s_vigilio.htm" "Mozilla/4.0 (compatible; MSIE 6.0; Windows NT 5.1; Hotbar 4.4.9.0)"
217.199.21.178 - - [04/Jul/2004:11:38:28 +0000] "GET /Home/Willkommen--10.html HTTP/1.1" 200 20694 "http://www.montagnavacanze.it/Alto%20Adige/Merano%20e%20dintorni/lana_foiana_s_vigilio.htm" "Mozilla/4.0 (compatible; MSIE 6.0; Windows NT 5.1; Hotbar 4.4.9.0)"
217.199.21.178 - - [04/Jul/2004:11:38:32 +0000] "GET /Home/Willkommen--10.html HTTP/1.1" 200 20694 "http://www.montagnavacanze.it/Alto%20Adige/Merano%20e%20dintorni/lana_foiana_s_vigilio.htm" "Mozilla/4.0 (compatible; MSIE 6.0; Windows NT 5.1; Hotbar 4.4.9.0)"
217.199.21.178 - - [04/Jul/2004:11:38:37 +0000] "GET /Home/Willkommen--10.html HTTP/1.1" 200 20694 "http://www.montagnavacanze.it/Alto%20Adige/Merano%20e%20dintorni/lana_foiana_s_vigilio.htm" "Mozilla/4.0 (compatible; MSIE 6.0; Windows NT 5.1; Hotbar 4.4.9.0)"
217.199.21.178 - - [04/Jul/2004:11:38:46 +0000] "GET /Home/Willkommen--10.html HTTP/1.1" 200 20694 "http://www.montagnavacanze.it/Alto%20Adige/Merano%20e%20dintorni/lana_foiana_s_vigilio.htm" "Mozilla/4.0 (compatible; MSIE 6.0; Windows NT 5.1; Hotbar 4.4.9.0)"
217.199.21.178 - - [04/Jul/2004:11:38:52 +0000] "GET /Home/Willkommen--10.html HTTP/1.1" 200 20694 "http://www.montagnavacanze.it/Alto%20Adige/Merano%20e%20dintorni/lana_foiana_s_vigilio.htm" "Mozilla/4.0 (compatible; MSIE 6.0; Windows NT 5.1; Hotbar 4.4.9.0)"
217.199.21.178 - - [04/Jul/2004:11:38:55 +0000] "GET /Home/Willkommen--10.html HTTP/1.1" 200 20694 "http://www.montagnavacanze.it/Alto%20Adige/Merano%20e%20dintorni/lana_foiana_s_vigilio.htm" "Mozilla/4.0 (compatible; MSIE 6.0; Windows NT 5.1; Hotbar 4.4.9.0)"
217.199.21.178 - - [04/Jul/2004:11:39:01 +0000] "GET /Home/Willkommen--10.html HTTP/1.1" 200 20694 "http://www.montagnavacanze.it/Alto%20Adige/Merano%20e%20dintorni/lana_foiana_s_vigilio.htm" "Mozilla/4.0 (compatible; MSIE 6.0; Windows NT 5.1; Hotbar 4.4.9.0)"
217.199.21.178 - - [04/Jul/2004:11:39:08 +0000] "GET /Home/Willkommen--10.html HTTP/1.1" 200 20694 "http://www.montagnavacanze.it/Alto%20Adige/Merano%20e%20dintorni/lana_foiana_s_vigilio.htm" "Mozilla/4.0 (compatible; MSIE 6.0; Windows NT 5.1; Hotbar 4.4.9.0)"
217.199.21.178 - - [04/Jul/2004:11:39:13 +0000] "GET /Home/Willkommen--10.html HTTP/1.1" 200 20694 "http://www.montagnavacanze.it/Alto%20Adige/Merano%20e%20dintorni/lana_foiana_s_vigilio.htm" "Mozilla/4.0 (compatible; MSIE 6.0; Windows NT 5.1; Hotbar 4.4.9.0)"
217.199.21.178 - - [04/Jul/2004:11:39:18 +0000] "GET /Home/Willkommen--10.html HTTP/1.1" 200 20694 "http://www.montagnavacanze.it/Alto%20Adige/Merano%20e%20dintorni/lana_foiana_s_vigilio.htm" "Mozilla/4.0 (compatible; MSIE 6.0; Windows NT 5.1; Hotbar 4.4.9.0)"
217.199.21.178 - - [04/Jul/2004:11:39:24 +0000] "GET /Home/Willkommen--10.html HTTP/1.1" 200 20694 "http://www.montagnavacanze.it/Alto%20Adige/Merano%20e%20dintorni/lana_foiana_s_vigilio.htm" "Mozilla/4.0 (compatible; MSIE 6.0; Windows NT 5.1; Hotbar 4.4.9.0)"
217.199.21.178 - - [04/Jul/2004:11:39:28 +0000] "GET /Home/Willkommen--10.html HTTP/1.1" 200 20694 "http://www.montagnavacanze.it/Alto%20Adige/Merano%20e%20dintorni/lana_foiana_s_vigilio.htm" "Mozilla/4.0 (compatible; MSIE 6.0; Windows NT 5.1; Hotbar 4.4.9.0)"
217.199.21.178 - - [04/Jul/2004:11:40:13 +0000] "GET /Home/Willkommen--10.html HTTP/1.1" 200 20694 "http://www.montagnavacanze.it/Alto%20Adige/Merano%20e%20dintorni/lana_foiana_s_vigilio.htm" "Mozilla/4.0 (compatible; MSIE 6.0; Windows NT 5.1; Hotbar 4.4.9.0)"
217.199.21.178 - - [04/Jul/2004:11:40:16 +0000] "GET /Home/Willkommen--10.html HTTP/1.1" 200 20694 "http://www.montagnavacanze.it/Alto%20Adige/Merano%20e%20dintorni/lana_foiana_s_vigilio.htm" "Mozilla/4.0 (compatible; MSIE 6.0; Windows NT 5.1; Hotbar 4.4.9.0)"
217.199.21.178 - - [04/Jul/2004:11:40:20 +0000] "GET /Home/Willkommen--10.html HTTP/1.1" 200 20694 "http://www.montagnavacanze.it/Alto%20Adige/Merano%20e%20dintorni/lana_foiana_s_vigilio.htm" "Mozilla/4.0 (compatible; MSIE 6.0; Windows NT 5.1; Hotbar 4.4.9.0)"
217.199.21.178 - - [04/Jul/2004:11:40:25 +0000] "GET /Home/Willkommen--10.html HTTP/1.1" 200 20694 "http://www.montagnavacanze.it/Alto%20Adige/Merano%20e%20dintorni/lana_foiana_s_vigilio.htm" "Mozilla/4.0 (compatible; MSIE 6.0; Windows NT 5.1; Hotbar 4.4.9.0)"
217.199.21.178 - - [04/Jul/2004:11:40:29 +0000] "GET /Home/Willkommen--10.html HTTP/1.1" 200 20694 "http://www.montagnavacanze.it/Alto%20Adige/Merano%20e%20dintorni/lana_foiana_s_vigilio.htm" "Mozilla/4.0 (compatible; MSIE 6.0; Windows NT 5.1; Hotbar 4.4.9.0)"
217.199.21.178 - - [04/Jul/2004:11:40:40 +0000] "GET /Home/Willkommen--10.html HTTP/1.1" 200 20694 "http://www.montagnavacanze.it/Alto%20Adige/Merano%20e%20dintorni/lana_foiana_s_vigilio.htm" "Mozilla/4.0 (compatible; MSIE 6.0; Windows NT 5.1; Hotbar 4.4.9.0)"
217.199.20.115 - - [04/Jul/2004:12:14:30 +0000] "GET /Home/Willkommen--10.html HTTP/1.1" 200 20694 "http://www.google.de/search?q=b%C3%BChlerhof&ie=UTF-8&hl=de&btnG=Google-Suche&meta=lr%3Dlang_de" "Mozilla/4.0 (compatible; MSIE 6.0; Windows NT 5.1)"
211.129.111.50 - - [04/Jul/2004:14:03:09 +0000] "GET /Home/Willkommen--10.html HTTP/1.1" 200 20694 "" "Mozilla/4.0 (compatible; grub-client-1.5.3; Crawl your own stuff with http://grub.org)"
209.237.238.173 - - [04/Jul/2004:14:19:12 +0000] "GET /Home/Wohnen/Zimmer--93.html HTTP/1.1" 200 22652 "" "ia_archiver"
213.156.45.15 - - [04/Jul/2004:16:21:01 +0000] "GET /Home/Willkommen--10.html HTTP/1.1" 200 20694 "" "Mozilla/4.05 [en]"
62.104.216.76 - - [04/Jul/2004:16:27:30 +0000] "GET /Home/Willkommen--10.html HTTP/1.1" 200 20694 "" "Mozilla/4.0 (compatible; MSIE 5.5; Windows 98)"
62.104.216.76 - - [04/Jul/2004:16:29:51 +0000] "GET /Home/Wohnen/Zimmer--93.html HTTP/1.1" 200 23204 "http://www.buehlerhof-lana.it/" "Mozilla/4.0 (compatible; MSIE 5.5; Windows 98)"
62.104.216.76 - - [04/Jul/2004:16:31:08 +0000] "GET /Home/Sehenswertes/Bot._G_rten_Schloss_Trauttmann--67.html HTTP/1.1" 200 21566 "http://www.buehlerhof-lana.it/index.php?id=8" "Mozilla/4.0 (compatible; MSIE 5.5; Windows 98)"
62.104.216.76 - - [04/Jul/2004:16:31:22 +0000] "GET /Home/Wohnen/Zimmer--93.html HTTP/1.1" 200 23204 "http://www.buehlerhof-lana.it/" "Mozilla/4.0 (compatible; MSIE 5.5; Windows 98)"
217.88.182.155 - - [04/Jul/2004:16:55:47 +0000] "GET /Home/Willkommen--10.html HTTP/1.1" 200 20694 "http://www.suedtirol-ferien.it/hotel/Nals_dt.shtml" "Mozilla/4.0 (compatible; MSIE 6.0; Windows 98; DT)"
217.4.163.240 - - [04/Jul/2004:18:01:01 +0000] "GET /Home/Willkommen--10.html HTTP/1.1" 200 20694 "" "Mozilla/4.0 (compatible; MSIE 5.5; Windows 95)"
213.7.6.28 - - [04/Jul/2004:18:46:26 +0000] "GET /Home/Weiterempfehlung--48.html HTTP/1.1" 200 17853 "" "Mozilla/4.0 (compatible; MSIE 6.0; Windows NT 5.1)"
213.7.6.28 - - [04/Jul/2004:18:47:12 +0000] "GET /Home/Preise___Angebote/Zimmer--31.html HTTP/1.1" 200 20191 "" "Mozilla/4.0 (compatible; MSIE 6.0; Windows NT 5.1)"
213.7.6.28 - - [04/Jul/2004:18:47:22 +0000] "GET /Home/Wohnen/Zimmer--93.html HTTP/1.1" 200 23204 "" "Mozilla/4.0 (compatible; MSIE 6.0; Windows NT 5.1)"
213.7.6.28 - - [04/Jul/2004:18:50:56 +0000] "GET /Home/Newsletter--12.html HTTP/1.1" 200 18796 "" "Mozilla/4.0 (compatible; MSIE 6.0; Windows NT 5.1)"
213.7.6.28 - - [04/Jul/2004:18:51:13 +0000] "GET /Home/Willkommen--10.html HTTP/1.1" 200 20694 "" "Mozilla/4.0 (compatible; MSIE 6.0; Windows NT 5.1)"
213.7.6.28 - - [04/Jul/2004:18:51:26 +0000] "GET /Home/Ambiente/Innen--88.html HTTP/1.1" 200 23298 "" "Mozilla/4.0 (compatible; MSIE 6.0; Windows NT 5.1)"
213.7.6.28 - - [04/Jul/2004:18:51:47 +0000] "GET /Home/Sehenswertes/Bot._G_rten_Schloss_Trauttmann--67.html HTTP/1.1" 200 21566 "" "Mozilla/4.0 (compatible; MSIE 6.0; Windows NT 5.1)"
213.7.6.28 - - [04/Jul/2004:18:52:08 +0000] "GET /Home/Preise___Angebote/Zimmer--31.html HTTP/1.1" 200 20191 "" "Mozilla/4.0 (compatible; MSIE 6.0; Windows NT 5.1)"
213.7.6.28 - - [04/Jul/2004:18:53:24 +0000] "GET /Home/Wohnen/Zimmer--93.html HTTP/1.1" 200 23204 "" "Mozilla/4.0 (compatible; MSIE 6.0; Windows NT 5.1)"
213.7.6.28 - - [04/Jul/2004:19:00:33 +0000] "GET /Home/Preise___Angebote/Zimmer--31.html HTTP/1.1" 200 20191 "" "Mozilla/4.0 (compatible; MSIE 6.0; Windows NT 5.1)"
213.7.6.28 - - [04/Jul/2004:19:24:39 +0000] "GET /Home/Willkommen--10.html HTTP/1.1" 200 20694 "" "Mozilla/4.0 (compatible; MSIE 6.0; Windows NT 5.1)"
62.104.210.98 - - [04/Jul/2004:19:29:50 +0000] "GET /Home/Willkommen--10.html HTTP/1.1" 200 20694 "http://www.zip-code.it/html/Lana_dt.html" "Mozilla/4.0 (compatible; MSIE 5.5; Windows NT 4.0)"
213.7.6.28 - - [04/Jul/2004:19:29:50 +0000] "GET /Home/Preise___Angebote/Zimmer--31.html HTTP/1.1" 200 20191 "" "Mozilla/4.0 (compatible; MSIE 6.0; Windows NT 5.1)"
213.7.6.28 - - [04/Jul/2004:19:30:01 +0000] "GET /Home/Wohnen/Zimmer--93.html HTTP/1.1" 200 23204 "" "Mozilla/4.0 (compatible; MSIE 6.0; Windows NT 5.1)"
213.7.6.28 - - [04/Jul/2004:19:31:44 +0000] "GET /Home/Umgebung/Badeseen--85.html HTTP/1.1" 200 22265 "" "Mozilla/4.0 (compatible; MSIE 6.0; Windows NT 5.1)"
213.7.6.28 - - [04/Jul/2004:19:32:04 +0000] "GET /Home/Ambiente/Innen--88.html HTTP/1.1" 200 23298 "" "Mozilla/4.0 (compatible; MSIE 6.0; Windows NT 5.1)"
213.7.6.28 - - [04/Jul/2004:19:33:10 +0000] "GET /Home/Ambiente/Aussen--87.html HTTP/1.1" 200 19697 "" "Mozilla/4.0 (compatible; MSIE 6.0; Windows NT 5.1)"
213.7.6.28 - - [04/Jul/2004:19:33:46 +0000] "GET /Home/360__Panorama--90.html HTTP/1.1" 200 17154 "" "Mozilla/4.0 (compatible; MSIE 6.0; Windows NT 5.1)"
213.7.6.28 - - [04/Jul/2004:19:34:05 +0000] "GET /Home/Impressionen--6.html HTTP/1.1" 200 38176 "" "Mozilla/4.0 (compatible; MSIE 6.0; Windows NT 5.1)"
213.7.6.28 - - [04/Jul/2004:19:35:16 +0000] "GET /Home/Umgebung/Badeseen--85.html HTTP/1.1" 200 21906 "" "Mozilla/4.0 (compatible; MSIE 6.0; Windows NT 5.1)"
213.7.6.28 - - [04/Jul/2004:19:35:34 +0000] "GET /Home/G_stebuch--11.html HTTP/1.1" 200 18460 "" "Mozilla/4.0 (compatible; MSIE 6.0; Windows NT 5.1)"
213.7.6.28 - - [04/Jul/2004:19:35:42 +0000] "GET /Home/Willkommen--10.html HTTP/1.1" 200 20300 "" "Mozilla/4.0 (compatible; MSIE 6.0; Windows NT 5.1)"
213.7.6.28 - - [04/Jul/2004:19:37:16 +0000] "GET /Home/Veranstaltungen/Veranstaltungen_Lana/Bl_tenfesttage--59.html HTTP/1.1" 200 21134 "" "Mozilla/4.0 (compatible; MSIE 6.0; Windows NT 5.1)"
213.7.6.28 - - [04/Jul/2004:19:39:21 +0000] "GET /Home/Willkommen--10.html HTTP/1.1" 200 20694 "" "Mozilla/4.0 (compatible; MSIE 6.0; Windows NT 5.1)"
217.88.214.94 - - [04/Jul/2004:20:17:44 +0000] "GET /Home/Willkommen--10.html HTTP/1.1" 200 20694 "" "Mozilla/4.0 (compatible; MSIE 6.0; Windows NT 5.1)"
217.88.214.94 - - [04/Jul/2004:20:17:52 +0000] "GET /Home/Anfrage___Buchung--3.html HTTP/1.1" 200 26279 "http://www.buehlerhof-lana.it" "Mozilla/4.0 (compatible; MSIE 6.0; Windows NT 5.1)"
217.88.214.94 - - [04/Jul/2004:20:21:05 +0000] "GET /Home/Anfrage___Buchung/Best_tigung--86.html HTTP/1.1" 200 16403 "http://www.buehlerhof-lana.it/index.php?id=3" "Mozilla/4.0 (compatible; MSIE 6.0; Windows NT 5.1)"
209.237.238.173 - - [04/Jul/2004:21:44:15 +0000] "GET /Home/Sehenswertes/Bot._G_rten_Schloss_Trauttmann--67.html HTTP/1.1" 200 21566 "" "ia_archiver"
65.54.164.50 - - [04/Jul/2004:21:44:53 +0000] "GET /Home/Anreise/Wetterbericht--33.html HTTP/1.1" 200 16663 "" "msnbot/0.11 (+http://search.msn.com/msnbot.htm)"
62.11.148.111 - - [04/Jul/2004:22:22:56 +0000] "GET /Home/Willkommen--10.html HTTP/1.1" 200 20694 "http://www.suedtirol-ferien.it/hotel/Nonsberg_it.shtml" "Mozilla/4.0 (compatible; MSIE 6.0; Windows NT 5.1)"
62.11.148.111 - - [04/Jul/2004:22:23:32 +0000] "GET /Home/Willkommen--10.html HTTP/1.1" 200 20711 "http://www.buehlerhof-lana.it/" "Mozilla/4.0 (compatible; MSIE 6.0; Windows NT 5.1)"
62.11.148.111 - - [04/Jul/2004:22:24:06 +0000] "GET /Home/Preise___Angebote/Zimmer--31.html HTTP/1.1" 200 20428 "http://www.buehlerhof-lana.it/index.php?id=1&L=it" "Mozilla/4.0 (compatible; MSIE 6.0; Windows NT 5.1)"
212.48.11.148 - - [04/Jul/2004:22:33:57 +0000] "GET /Home/Willkommen--10.html HTTP/1.1" 200 20694 "" "PycURL"
209.237.238.173 - - [04/Jul/2004:22:48:25 +0000] "GET /Home/Veranstaltungen/Veranstaltungen_Lana/Bl_tenfesttage--59.html HTTP/1.1" 200 21167 "" "ia_archiver"
213.21.130.92 - - [05/Jul/2004:01:55:10 +0000] "GET /Home/Willkommen--10.html HTTP/1.1" 200 20694 "" "Mozilla/4.0 (compatible; MSIE 6.0; Windows NT 5.1; .NET CLR 1.0.3705)"
213.21.130.92 - - [05/Jul/2004:01:55:45 +0000] "GET /Home/Preise___Angebote/Zimmer--31.html HTTP/1.1" 200 20191 "" "Mozilla/4.0 (compatible; MSIE 6.0; Windows NT 5.1; .NET CLR 1.0.3705)"
65.54.164.50 - - [05/Jul/2004:06:57:31 +0000] "GET /Home/Anreise/Wetterbericht--33.html HTTP/1.1" 200 16768 "" "msnbot/0.11 (+http://search.msn.com/msnbot.htm)"
65.54.164.50 - - [05/Jul/2004:07:05:45 +0000] "GET /Home/Anreise/Routenplaner--34.html HTTP/1.1" 200 20070 "" "msnbot/0.11 (+http://search.msn.com/msnbot.htm)"
209.237.238.173 - - [05/Jul/2004:07:43:42 +0000] "GET /Home/Ambiente/Innen--88.html HTTP/1.1" 200 23298 "" "ia_archiver"
209.237.238.173 - - [05/Jul/2004:07:47:46 +0000] "GET /Home/Anreise/Lageplan--35.html HTTP/1.1" 200 17032 "" "ia_archiver"
217.84.48.139 - - [05/Jul/2004:09:08:27 +0000] "GET /Home/Willkommen--10.html HTTP/1.1" 200 20694 "" "Mozilla/4.0 (compatible; MSIE 6.0; Windows NT 5.1; .NET CLR 1.0.3705; .NET CLR 1.1.4322)"
65.54.164.50 - - [05/Jul/2004:10:54:11 +0000] "GET /Home/Ambiente/Aussen--87.html HTTP/1.1" 200 19471 "" "msnbot/0.11 (+http://search.msn.com/msnbot.htm)"
65.54.164.50 - - [05/Jul/2004:11:55:45 +0000] "GET /Home/Umgebung/Partschinser_Wasserfall--26.html HTTP/1.1" 200 19227 "" "msnbot/0.11 (+http://search.msn.com/msnbot.htm)"
65.54.164.50 - - [05/Jul/2004:12:02:38 +0000] "GET /Home/Umgebung/Meraner_H_henweg--51.html HTTP/1.1" 200 22071 "" "msnbot/0.11 (+http://search.msn.com/msnbot.htm)"
65.54.164.50 - - [05/Jul/2004:12:07:45 +0000] "GET /Home/Umgebung/Brandiswaalweg--54.html HTTP/1.1" 200 21268 "" "msnbot/0.11 (+http://search.msn.com/msnbot.htm)"
65.54.164.50 - - [05/Jul/2004:12:11:50 +0000] "GET /Home/Umgebung/Gaulpromenade--53.html HTTP/1.1" 200 21359 "" "msnbot/0.11 (+http://search.msn.com/msnbot.htm)"
65.54.164.50 - - [05/Jul/2004:12:15:17 +0000] "GET /Home/Umgebung/Knottn-Kino--25.html HTTP/1.1" 200 21056 "" "msnbot/0.11 (+http://search.msn.com/msnbot.htm)"
65.54.164.50 - - [05/Jul/2004:12:18:31 +0000] "GET /Home/Umgebung/Vigiljoch--27.html HTTP/1.1" 200 20051 "" "msnbot/0.11 (+http://search.msn.com/msnbot.htm)"
65.54.164.50 - - [05/Jul/2004:12:21:09 +0000] "GET /Home/Anreise/Wetterbericht--33.html HTTP/1.1" 200 16835 "" "msnbot/0.11 (+http://search.msn.com/msnbot.htm)"
65.54.164.50 - - [05/Jul/2004:12:23:32 +0000] "GET /Home/Anreise/Routenplaner--34.html HTTP/1.1" 200 20003 "" "msnbot/0.11 (+http://search.msn.com/msnbot.htm)"
65.54.164.50 - - [05/Jul/2004:12:48:33 +0000] "GET /Home/Sehenswertes/Museen--68.html HTTP/1.1" 200 18812 "" "msnbot/0.11 (+http://search.msn.com/msnbot.htm)"
65.54.164.50 - - [05/Jul/2004:12:57:32 +0000] "GET /Home/Sehenswertes/Museen--68.html HTTP/1.1" 200 18927 "" "msnbot/0.11 (+http://search.msn.com/msnbot.htm)"
65.54.164.50 - - [05/Jul/2004:13:04:05 +0000] "GET /Home/Sehenswertes/Schnatterpeckaltar--23.html HTTP/1.1" 200 18429 "" "msnbot/0.11 (+http://search.msn.com/msnbot.htm)"
65.54.164.50 - - [05/Jul/2004:13:09:02 +0000] "GET /Home/Sehenswertes/S_dtiroler_Obstbaumuseum--24.html HTTP/1.1" 200 18368 "" "msnbot/0.11 (+http://search.msn.com/msnbot.htm)"
65.54.164.50 - - [05/Jul/2004:13:13:37 +0000] "GET /Home/Sehenswertes/Schnatterpeckaltar--23.html HTTP/1.1" 200 18376 "" "msnbot/0.11 (+http://search.msn.com/msnbot.htm)"
65.54.164.50 - - [05/Jul/2004:13:17:09 +0000] "GET /Home/Sehenswertes/S_dtiroler_Obstbaumuseum--24.html HTTP/1.1" 200 18315 "" "msnbot/0.11 (+http://search.msn.com/msnbot.htm)"
209.237.238.173 - - [05/Jul/2004:15:39:41 +0000] "GET /Home/Anreise/Wetterbericht--33.html HTTP/1.1" 200 16768 "" "ia_archiver"
80.146.144.57 - - [05/Jul/2004:16:01:42 +0000] "GET /Home/Willkommen--10.html HTTP/1.1" 200 20694 "http://dir.web.de/Touristik%20&%20Reisen/Europa/Italien/S%FCdtirol/Pensionen/" "Mozilla/4.0 (compatible; MSIE 6.0; Windows NT 5.1; Hotbar 4.4.6.0)"
80.146.144.57 - - [05/Jul/2004:16:01:54 +0000] "GET /Home/Anfrage___Buchung--3.html HTTP/1.1" 200 26279 "http://www.buehlerhof-lana.it/" "Mozilla/4.0 (compatible; MSIE 6.0; Windows NT 5.1; Hotbar 4.4.6.0)"
80.146.144.57 - - [05/Jul/2004:16:02:10 +0000] "GET /Home/Preise___Angebote/Zimmer--31.html HTTP/1.1" 200 20191 "http://www.buehlerhof-lana.it/index.php?id=3" "Mozilla/4.0 (compatible; MSIE 6.0; Windows NT 5.1; Hotbar 4.4.6.0)"
65.54.164.50 - - [05/Jul/2004:16:42:10 +0000] "GET /Home/Preise___Angebote/Zimmer--31.html HTTP/1.1" 200 20191 "" "msnbot/0.11 (+http://search.msn.com/msnbot.htm)"
65.54.164.50 - - [05/Jul/2004:16:54:44 +0000] "GET /Home/Umgebung/Badeseen--85.html HTTP/1.1" 200 22265 "" "msnbot/0.11 (+http://search.msn.com/msnbot.htm)"
194.228.211.203 - - [05/Jul/2004:16:55:21 +0000] "GET /Home/Willkommen--10.html HTTP/1.1" 200 20694 "http://www.thebestofnet.com/cgi-bin/topsecret.cgi?6743452643" "Mozilla/4.0 (compatible; MSIE 7.01; Windows 98)"
195.3.96.77 - - [05/Jul/2004:19:00:15 +0000] "GET /Home/Willkommen--10.html HTTP/1.1" 200 20694 "http://www.google.at/search?q=B%FChlerhof%2C+Lana&ie=ISO-8859-1&hl=de&meta=" "Mozilla/4.0 (compatible; MSIE 5.0; Windows 98; DigExt)"
195.3.96.77 - - [05/Jul/2004:19:00:42 +0000] "GET /Home/Wohnen/Zimmer--93.html HTTP/1.1" 200 23204 "http://www.buehlerhof-lana.it/" "Mozilla/4.0 (compatible; MSIE 5.0; Windows 98; DigExt)"
195.3.96.77 - - [05/Jul/2004:19:00:51 +0000] "GET /Home/Preise___Angebote/Zimmer--31.html HTTP/1.1" 200 20191 "http://www.buehlerhof-lana.it/index.php?id=8" "Mozilla/4.0 (compatible; MSIE 5.0; Windows 98; DigExt)"
195.3.96.113 - - [05/Jul/2004:19:01:18 +0000] "GET /Home/Preise___Angebote/Appartements--30.html HTTP/1.1" 200 21728 "http://www.buehlerhof-lana.it/index.php?id=4" "Mozilla/4.0 (compatible; MSIE 5.0; Windows 98; DigExt)"
195.3.96.113 - - [05/Jul/2004:19:01:22 +0000] "GET /Home/Preise___Angebote/Pauschalangebote--29.html HTTP/1.1" 200 21164 "http://www.buehlerhof-lana.it/index.php?id=30" "Mozilla/4.0 (compatible; MSIE 5.0; Windows 98; DigExt)"
195.3.96.77 - - [05/Jul/2004:19:01:32 +0000] "GET /Home/Preise___Angebote/Zimmer--31.html HTTP/1.1" 200 20191 "http://www.buehlerhof-lana.it/index.php?id=29" "Mozilla/4.0 (compatible; MSIE 5.0; Windows 98; DigExt)"
195.3.96.113 - - [05/Jul/2004:19:02:07 +0000] "GET /Home/Wohnen/Zimmer--93.html HTTP/1.1" 200 23204 "http://www.buehlerhof-lana.it/index.php?id=31" "Mozilla/4.0 (compatible; MSIE 5.0; Windows 98; DigExt)"
195.3.96.89 - - [05/Jul/2004:19:02:32 +0000] "GET /Home/Sehenswertes/Bot._G_rten_Schloss_Trauttmann--67.html HTTP/1.1" 200 21566 "http://www.buehlerhof-lana.it/index.php?id=31" "Mozilla/4.0 (compatible; MSIE 5.0; Windows 98; DigExt)"
195.3.96.89 - - [05/Jul/2004:19:03:01 +0000] "GET /Home/Preise___Angebote/Zimmer--31.html HTTP/1.1" 200 20191 "http://www.buehlerhof-lana.it/index.php?id=29" "Mozilla/4.0 (compatible; MSIE 5.0; Windows 98; DigExt)"
195.3.96.89 - - [05/Jul/2004:19:03:13 +0000] "GET /Home/Wohnen/Zimmer--93.html HTTP/1.1" 200 23204 "http://www.buehlerhof-lana.it/index.php?id=31" "Mozilla/4.0 (compatible; MSIE 5.0; Windows 98; DigExt)"
