217.199.8.153 - - [01/Jul/2004:14:11:28 +0000] "GET /Home/Willkommen--10.html HTTP/1.1" 200 20690 "" "Mozilla/4.0 (compatible; MSIE 6.0; Windows NT 5.1; i-NavFourF)"
217.199.21.178 - - [01/Jul/2004:14:18:36 +0000] "GET /Home/Preise___Angebote/Zimmer--31.html HTTP/1.1" 200 20278 "http://www.buehlerhof-lana.it/index.php?id=91&L=it" "Mozilla/4.0 (compatible; MSIE 6.0; Windows NT 5.1; Hotbar 4.4.9.0)"
217.199.21.178 - - [01/Jul/2004:14:18:50 +0000] "GET /Home/Willkommen--10.html HTTP/1.1" 200 20296 "http://www.buehlerhof-lana.it/index.php?id=4&L=it" "Mozilla/4.0 (compatible; MSIE 6.0; Windows NT 5.1; Hotbar 4.4.9.0)"
217.199.21.178 - - [01/Jul/2004:14:18:54 +0000] "GET /Home/Wohnen/Zimmer--93.html HTTP/1.1" 200 22648 "http://www.buehlerhof-lana.it/index.php?id=1&L=de" "Mozilla/4.0 (compatible; MSIE 6.0; Windows NT 5.1; Hotbar 4.4.9.0)"
217.199.21.178 - - [01/Jul/2004:14:19:02 +0000] "GET /Home/Preise___Angebote/Zimmer--31.html HTTP/1.1" 200 20317 "http://www.buehlerhof-lana.it/index.php?id=8&L=de" "Mozilla/4.0 (compatible; MSIE 6.0; Windows NT 5.1; Hotbar 4.4.9.0)"
217.199.21.178 - - [01/Jul/2004:14:19:11 +0000] "GET /Home/Wohnen/Zimmer--93.html HTTP/1.1" 200 22648 "http://www.buehlerhof-lana.it/index.php?id=4&L=de" "Mozilla/4.0 (compatible; MSIE 6.0; Windows NT 5.1; Hotbar 4.4.9.0)"
217.199.21.178 - - [01/Jul/2004:14:19:48 +0000] "GET /Home/Wohnen/Zimmer--93.html HTTP/1.1" 200 22648 "http://www.buehlerhof-lana.it/index.php?id=4&L=de" "Mozilla/4.0 (compatible; MSIE 6.0; Windows NT 5.1; Hotbar 4.4.9.0)"
217.199.21.178 - - [01/Jul/2004:14:19:53 +0000] "GET /Home/Wohnen/Zimmer--93.html HTTP/1.1" 200 22648 "http://www.buehlerhof-lana.it/index.php?id=4&L=de" "Mozilla/4.0 (compatible; MSIE 6.0; Windows NT 5.1; Hotbar 4.4.9.0)"
217.199.21.178 - - [01/Jul/2004:14:20:02 +0000] "GET /Home/Wohnen/Zimmer--93.html HTTP/1.1" 200 22648 "http://www.buehlerhof-lana.it/index.php?id=4&L=de" "Mozilla/4.0 (compatible; MSIE 6.0; Windows NT 5.1; Hotbar 4.4.9.0)"
217.199.21.178 - - [01/Jul/2004:14:20:09 +0000] "GET /Home/Wohnen/Zimmer--93.html HTTP/1.1" 200 22648 "http://www.buehlerhof-lana.it/index.php?id=4&L=de" "Mozilla/4.0 (compatible; MSIE 6.0; Windows NT 5.1; Hotbar 4.4.9.0)"
217.199.21.178 - - [01/Jul/2004:14:20:25 +0000] "GET /Home/Preise___Angebote/Appartements--30.html HTTP/1.1" 200 21849 "http://www.buehlerhof-lana.it/index.php?id=4&L=de" "Mozilla/4.0 (compatible; MSIE 6.0; Windows NT 5.1; Hotbar 4.4.9.0)"
217.199.21.178 - - [01/Jul/2004:14:20:39 +0000] "GET /Home/Wohnen/Appartments--92.html HTTP/1.1" 200 21999 "http://www.buehlerhof-lana.it/index.php?id=30&L=de" "Mozilla/4.0 (compatible; MSIE 6.0; Windows NT 5.1; Hotbar 4.4.9.0)"
217.199.21.178 - - [01/Jul/2004:14:20:45 +0000] "GET /Home/Wohnen/Appartments--92.html HTTP/1.1" 200 21999 "http://www.buehlerhof-lana.it/index.php?id=30&L=de" "Mozilla/4.0 (compatible; MSIE 6.0; Windows NT 5.1; Hotbar 4.4.9.0)"
217.199.21.178 - - [01/Jul/2004:14:20:50 +0000] "GET /Home/Wohnen/Appartments--92.html HTTP/1.1" 200 21999 "http://www.buehlerhof-lana.it/index.php?id=30&L=de" "Mozilla/4.0 (compatible; MSIE 6.0; Windows NT 5.1; Hotbar 4.4.9.0)"
217.199.21.178 - - [01/Jul/2004:14:20:55 +0000] "GET /Home/Wohnen/Appartments--92.html HTTP/1.1" 200 21999 "http://www.buehlerhof-lana.it/index.php?id=30&L=de" "Mozilla/4.0 (compatible; MSIE 6.0; Windows NT 5.1; Hotbar 4.4.9.0)"
217.199.21.178 - - [01/Jul/2004:14:58:20 +0000] "GET /Home/Ambiente/Innen--88.html HTTP/1.1" 200 22742 "http://www.buehlerhof-lana.it/index.php?id=30&L=de" "Mozilla/4.0 (compatible; MSIE 6.0; Windows NT 5.1; Hotbar 4.4.9.0)"
217.199.21.178 - - [01/Jul/2004:14:58:52 +0000] "GET /Home/Ambiente/Aussen--87.html HTTP/1.1" 200 19467 "http://www.buehlerhof-lana.it/index.php?id=9&L=de" "Mozilla/4.0 (compatible; MSIE 6.0; Windows NT 5.1; Hotbar 4.4.9.0)"
217.199.21.178 - - [01/Jul/2004:15:02:42 +0000] "GET /Home/Willkommen--10.html HTTP/1.1" 200 20707 "http://www.buehlerhof-lana.it/index.php?id=87&L=de" "Mozilla/4.0 (compatible; MSIE 6.0; Windows NT 5.1; Hotbar 4.4.9.0)"
217.199.21.178 - - [01/Jul/2004:15:02:48 +0000] "GET /Home/Veranstaltungen/Veranstaltungen_Lana/Bl_tenfesttage--59.html HTTP/1.1" 200 21335 "http://www.buehlerhof-lana.it/index.php?id=1&L=it" "Mozilla/4.0 (compatible; MSIE 6.0; Windows NT 5.1; Hotbar 4.4.9.0)"
217.199.21.178 - - [01/Jul/2004:15:03:27 +0000] "GET /Home/Preise___Angebote/Zimmer--31.html HTTP/1.1" 200 20278 "http://www.buehlerhof-lana.it/index.php?id=5&L=it" "Mozilla/4.0 (compatible; MSIE 6.0; Windows NT 5.1; Hotbar 4.4.9.0)"
217.199.21.178 - - [01/Jul/2004:15:04:01 +0000] "GET /Home/Wohnen/Zimmer--93.html HTTP/1.1" 200 23411 "http://www.buehlerhof-lana.it/index.php?id=4&L=it" "Mozilla/4.0 (compatible; MSIE 6.0; Windows NT 5.1; Hotbar 4.4.9.0)"
217.199.8.153 - - [01/Jul/2004:15:06:09 +0000] "GET /Home/Willkommen--10.html HTTP/1.1" 200 20690 "" "Mozilla/4.0 (compatible; MSIE 6.0; Windows NT 5.1; i-NavFourF)"
217.199.8.153 - - [01/Jul/2004:15:06:15 +0000] "GET /Home/Willkommen--10.html HTTP/1.1" 200 20690 "" "Mozilla/4.0 (compatible; MSIE 6.0; Windows NT 5.1; i-NavFourF)"
217.199.8.153 - - [01/Jul/2004:15:06:33 +0000] "GET /Home/Willkommen--10.html HTTP/1.1" 200 20692 "" "Mozilla/4.0 (compatible; MSIE 6.0; Windows NT 5.1; i-NavFourF)"
217.199.8.153 - - [01/Jul/2004:15:06:43 +0000] "GET /Home/G_stebuch--11.html HTTP/1.1" 200 18358 "" "Mozilla/4.0 (compatible; MSIE 6.0; Windows NT 5.1; i-NavFourF)"
217.199.21.178 - - [01/Jul/2004:15:06:49 +0000] "GET /Home/Willkommen--10.html HTTP/1.1" 200 20692 "http://www.buehlerhof-lana.it/index.php?id=4&L=it" "Mozilla/4.0 (compatible; MSIE 6.0; Windows NT 5.1; Hotbar 4.4.9.0)"
217.199.8.153 - - [01/Jul/2004:15:09:00 +0000] "GET /Home/Willkommen--10.html HTTP/1.1" 200 20694 "" "Mozilla/4.0 (compatible; MSIE 6.0; Windows NT 5.1; i-NavFourF)"
217.199.8.153 - - [01/Jul/2004:15:09:09 +0000] "GET /Home/G_stebuch--11.html HTTP/1.1" 200 18360 "" "Mozilla/4.0 (compatible; MSIE 6.0; Windows NT 5.1; i-NavFourF)"
217.199.8.153 - - [01/Jul/2004:15:09:13 +0000] "GET /Home/Weiterempfehlung--48.html HTTP/1.1" 200 17853 "" "Mozilla/4.0 (compatible; MSIE 6.0; Windows NT 5.1; i-NavFourF)"
217.199.8.153 - - [01/Jul/2004:15:09:16 +0000] "GET /Home/Anreise/Lageplan--35.html HTTP/1.1" 200 17032 "" "Mozilla/4.0 (compatible; MSIE 6.0; Windows NT 5.1; i-NavFourF)"
217.199.8.153 - - [01/Jul/2004:15:09:21 +0000] "GET /Home/Anfrage___Buchung--3.html HTTP/1.1" 200 26277 "" "Mozilla/4.0 (compatible; MSIE 6.0; Windows NT 5.1; i-NavFourF)"
217.199.8.153 - - [01/Jul/2004:15:09:25 +0000] "GET /Home/Anreise/Lageplan--35.html HTTP/1.1" 200 17032 "" "Mozilla/4.0 (compatible; MSIE 6.0; Windows NT 5.1; i-NavFourF)"
217.199.21.178 - - [01/Jul/2004:15:13:38 +0000] "GET /Home/Preise___Angebote/Zimmer--31.html HTTP/1.1" 200 20191 "http://www.buehlerhof-lana.it/" "Mozilla/4.0 (compatible; MSIE 6.0; Windows NT 5.1; Hotbar 4.4.9.0)"
217.199.21.178 - - [01/Jul/2004:15:14:20 +0000] "GET /Home/Anfrage___Buchung--3.html HTTP/1.1" 200 26279 "http://www.buehlerhof-lana.it/index.php?id=4" "Mozilla/4.0 (compatible; MSIE 6.0; Windows NT 5.1; Hotbar 4.4.9.0)"
217.199.8.153 - - [01/Jul/2004:15:15:15 +0000] "GET /Home/Willkommen--10.html HTTP/1.1" 200 20711 "" "Mozilla/4.0 (compatible; MSIE 6.0; Windows NT 5.1; i-NavFourF)"
217.199.8.153 - - [01/Jul/2004:15:15:25 +0000] "GET /Home/Willkommen--10.html HTTP/1.1" 200 20300 "" "Mozilla/4.0 (compatible; MSIE 6.0; Windows NT 5.1; i-NavFourF)"
217.199.21.178 - - [01/Jul/2004:15:15:52 +0000] "GET /Home/Anfrage___Buchung--3.html HTTP/1.1" 200 26279 "http://www.buehlerhof-lana.it/index.php?id=4" "Mozilla/4.0 (compatible; MSIE 6.0; Windows NT 5.1; Hotbar 4.4.9.0)"
217.199.21.178 - - [01/Jul/2004:15:16:10 +0000] "GET /Home/Anreise/Lageplan--35.html HTTP/1.1" 200 17032 "http://www.buehlerhof-lana.it/index.php?id=3" "Mozilla/4.0 (compatible; MSIE 6.0; Windows NT 5.1; Hotbar 4.4.9.0)"
217.199.21.178 - - [01/Jul/2004:15:16:18 +0000] "GET /Home/Newsletter--12.html HTTP/1.1" 200 18796 "http://www.buehlerhof-lana.it/index.php?id=2" "Mozilla/4.0 (compatible; MSIE 6.0; Windows NT 5.1; Hotbar 4.4.9.0)"
217.199.21.178 - - [01/Jul/2004:15:16:24 +0000] "GET /Home/Newsletter--12.html HTTP/1.1" 200 16753 "http://www.buehlerhof-lana.it/index.php?id=12" "Mozilla/4.0 (compatible; MSIE 6.0; Windows NT 5.1; Hotbar 4.4.9.0)"
217.199.21.178 - - [01/Jul/2004:15:16:43 +0000] "GET /Home/G_stebuch--11.html HTTP/1.1" 200 18360 "http://www.buehlerhof-lana.it/index.php?id=12" "Mozilla/4.0 (compatible; MSIE 6.0; Windows NT 5.1; Hotbar 4.4.9.0)"
217.199.21.178 - - [01/Jul/2004:15:17:29 +0000] "GET /Home/Weiterempfehlung--48.html HTTP/1.1" 200 17853 "http://www.buehlerhof-lana.it/index.php?id=11" "Mozilla/4.0 (compatible; MSIE 6.0; Windows NT 5.1; Hotbar 4.4.9.0)"
217.199.21.178 - - [01/Jul/2004:15:18:54 +0000] "GET /Home/G_stebuch--11.html HTTP/1.1" 200 18360 "http://www.buehlerhof-lana.it/index.php?id=48" "Mozilla/4.0 (compatible; MSIE 6.0; Windows NT 5.1; Hotbar 4.4.9.0)"
217.199.21.178 - - [01/Jul/2004:15:25:10 +0000] "GET /Home/Willkommen--10.html HTTP/1.1" 200 20711 "http://www.buehlerhof-lana.it/index.php?id=11" "Mozilla/4.0 (compatible; MSIE 6.0; Windows NT 5.1; Hotbar 4.4.9.0)"
82.135.8.129 - - [01/Jul/2004:15:26:19 +0000] "GET /Home/Wohnen/Zimmer--93.html HTTP/1.1" 200 23204 "" "Mozilla/4.0 (compatible; MSIE 5.5; Windows 98; Win 9x 4.90)"
217.199.21.178 - - [01/Jul/2004:15:27:38 +0000] "GET /Home/Impressionen--6.html HTTP/1.1" 200 41408 "http://www.buehlerhof-lana.it/index.php?id=1&L=it" "Mozilla/4.0 (compatible; MSIE 6.0; Windows NT 5.1; Hotbar 4.4.9.0)"
217.199.21.178 - - [01/Jul/2004:15:28:56 +0000] "GET /Home/Preise___Angebote/Zimmer--31.html HTTP/1.1" 200 20282 "http://www.buehlerhof-lana.it/index.php?id=6&L=it" "Mozilla/4.0 (compatible; MSIE 6.0; Windows NT 5.1; Hotbar 4.4.9.0)"
217.199.8.153 - - [01/Jul/2004:15:31:01 +0000] "GET /Home/Wohnen/Zimmer--93.html HTTP/1.1" 200 22652 "" "Mozilla/4.0 (compatible; MSIE 6.0; Windows NT 5.1; i-NavFourF)"
217.199.8.153 - - [01/Jul/2004:15:31:10 +0000] "GET /Home/Willkommen--10.html HTTP/1.1" 200 20711 "" "Mozilla/4.0 (compatible; MSIE 6.0; Windows NT 5.1; i-NavFourF)"
217.199.8.153 - - [01/Jul/2004:15:31:14 +0000] "GET /Home/Wohnen/Zimmer--93.html HTTP/1.1" 200 23415 "" "Mozilla/4.0 (compatible; MSIE 6.0; Windows NT 5.1; i-NavFourF)"
217.199.8.153 - - [01/Jul/2004:15:31:20 +0000] "GET /Home/Preise___Angebote/Zimmer--31.html HTTP/1.1" 200 20282 "" "Mozilla/4.0 (compatible; MSIE 6.0; Windows NT 5.1; i-NavFourF)"
217.199.8.153 - - [01/Jul/2004:15:31:25 +0000] "GET /Home/Preise___Angebote/Appartements--30.html HTTP/1.1" 200 22036 "" "Mozilla/4.0 (compatible; MSIE 6.0; Windows NT 5.1; i-NavFourF)"
217.199.21.178 - - [01/Jul/2004:15:31:58 +0000] "GET /Home/Preise___Angebote/Appartements--30.html HTTP/1.1" 200 22036 "http://www.buehlerhof-lana.it/index.php?id=4&L=it" "Mozilla/4.0 (compatible; MSIE 6.0; Windows NT 5.1; Hotbar 4.4.9.0)"
217.199.21.178 - - [01/Jul/2004:15:33:10 +0000] "GET /Home/Preise___Angebote/Zimmer--31.html HTTP/1.1" 200 20428 "http://www.buehlerhof-lana.it/index.php?id=30&L=it" "Mozilla/4.0 (compatible; MSIE 6.0; Windows NT 5.1; Hotbar 4.4.9.0)"
217.199.21.178 - - [01/Jul/2004:15:33:15 +0000] "GET /Home/Wohnen/Zimmer--93.html HTTP/1.1" 200 23415 "http://www.buehlerhof-lana.it/index.php?id=31&L=it" "Mozilla/4.0 (compatible; MSIE 6.0; Windows NT 5.1; Hotbar 4.4.9.0)"
217.199.21.178 - - [01/Jul/2004:15:33:23 +0000] "GET /Home/Wohnen/Zimmer--93.html HTTP/1.1" 200 23415 "http://www.buehlerhof-lana.it/index.php?id=31&L=it" "Mozilla/4.0 (compatible; MSIE 6.0; Windows NT 5.1; Hotbar 4.4.9.0)"
217.199.21.178 - - [01/Jul/2004:15:33:28 +0000] "GET /Home/Wohnen/Zimmer--93.html HTTP/1.1" 200 23415 "http://www.buehlerhof-lana.it/index.php?id=31&L=it" "Mozilla/4.0 (compatible; MSIE 6.0; Windows NT 5.1; Hotbar 4.4.9.0)"
217.199.21.178 - - [01/Jul/2004:15:33:39 +0000] "GET /Home/Veranstaltungen/Veranstaltungen_Lana/Bl_tenfesttage--59.html HTTP/1.1" 200 21339 "http://www.buehlerhof-lana.it/index.php?id=31&L=it" "Mozilla/4.0 (compatible; MSIE 6.0; Windows NT 5.1; Hotbar 4.4.9.0)"
217.199.8.153 - - [01/Jul/2004:15:36:16 +0000] "GET /Home/Aktivurlaub--66.html HTTP/1.1" 200 26873 "" "Mozilla/4.0 (compatible; MSIE 6.0; Windows NT 5.1; i-NavFourF)"
217.199.8.153 - - [01/Jul/2004:15:36:18 +0000] "GET /Home/Veranstaltungen/Veranstaltungen_Lana/Bl_tenfesttage--59.html HTTP/1.1" 200 21339 "" "Mozilla/4.0 (compatible; MSIE 6.0; Windows NT 5.1; i-NavFourF)"
217.199.8.153 - - [01/Jul/2004:15:36:23 +0000] "GET /Home/Veranstaltungen/Veranstaltungen_M.../Meran-Flora--63.html HTTP/1.1" 200 21910 "" "Mozilla/4.0 (compatible; MSIE 6.0; Windows NT 5.1; i-NavFourF)"
193.98.238.229 - - [01/Jul/2004:15:36:27 +0000] "GET /Home/Willkommen--10.html HTTP/1.1" 200 20694 "http://www.suedtirol-ferien.it/cgi-bin/hoteldatei/Hotels_lesen.pl?dt" "Mozilla/4.0 (compatible; MSIE 6.0; Windows NT 5.1)"
193.98.238.229 - - [01/Jul/2004:15:36:51 +0000] "GET /Home/Preise___Angebote/Zimmer--31.html HTTP/1.1" 200 20191 "http://www.buehlerhof-lana.it/" "Mozilla/4.0 (compatible; MSIE 6.0; Windows NT 5.1)"
217.199.21.178 - - [01/Jul/2004:15:38:08 +0000] "GET /Home/Veranstaltungen/Veranstaltungen_Lana/Bl_tenfesttage--59.html HTTP/1.1" 200 21173 "http://www.buehlerhof-lana.it/index.php?id=31&L=it" "Mozilla/4.0 (compatible; MSIE 6.0; Windows NT 5.1; Hotbar 4.4.9.0)"
217.199.21.178 - - [01/Jul/2004:15:38:20 +0000] "GET /Home/Veranstaltungen/Veranstaltungen_M.../Meran-Flora--63.html HTTP/1.1" 200 21787 "http://www.buehlerhof-lana.it/index.php?id=5&L=it" "Mozilla/4.0 (compatible; MSIE 6.0; Windows NT 5.1; Hotbar 4.4.9.0)"
217.199.21.178 - - [01/Jul/2004:15:38:25 +0000] "GET /Home/Veranstaltungen/Veranstaltungen_M.../Meraner_Musikwochen--62.html HTTP/1.1" 200 17903 "http://www.buehlerhof-lana.it/index.php?id=40&L=it" "Mozilla/4.0 (compatible; MSIE 6.0; Windows NT 5.1; Hotbar 4.4.9.0)"
217.199.21.178 - - [01/Jul/2004:15:38:29 +0000] "GET /Home/Veranstaltungen/Veranstaltungen_M.../Gro_er_Preis_von_Meran--61.html HTTP/1.1" 200 17908 "http://www.buehlerhof-lana.it/index.php?id=62&L=it" "Mozilla/4.0 (compatible; MSIE 6.0; Windows NT 5.1; Hotbar 4.4.9.0)"
217.199.8.153 - - [01/Jul/2004:15:38:33 +0000] "GET /Home/Veranstaltungen/Veranstaltungen_M.../Meran-Flora--63.html HTTP/1.1" 200 21787 "" "Mozilla/4.0 (compatible; MSIE 6.0; Windows NT 5.1; i-NavFourF)"
217.199.21.178 - - [01/Jul/2004:15:38:35 +0000] "GET /Home/Veranstaltungen/Veranstaltungen_M.../Intern._Weinfestival--60.html HTTP/1.1" 200 18151 "http://www.buehlerhof-lana.it/index.php?id=61&L=it" "Mozilla/4.0 (compatible; MSIE 6.0; Windows NT 5.1; Hotbar 4.4.9.0)"
217.199.8.153 - - [01/Jul/2004:15:38:39 +0000] "GET /Home/Veranstaltungen/Veranstaltungen_Lana/Bl_tenfesttage--59.html HTTP/1.1" 200 21173 "" "Mozilla/4.0 (compatible; MSIE 6.0; Windows NT 5.1; i-NavFourF)"
217.199.21.178 - - [01/Jul/2004:15:38:42 +0000] "GET /Home/Veranstaltungen/Veranstaltungen_Lana/Bl_tenfesttage--59.html HTTP/1.1" 200 21173 "http://www.buehlerhof-lana.it/index.php?id=60&L=it" "Mozilla/4.0 (compatible; MSIE 6.0; Windows NT 5.1; Hotbar 4.4.9.0)"
217.199.21.178 - - [01/Jul/2004:15:38:46 +0000] "GET /Home/Veranstaltungen/Veranstaltungen_Lana/Lana_Jazz__04--58.html HTTP/1.1" 200 19653 "http://www.buehlerhof-lana.it/index.php?id=41&L=it" "Mozilla/4.0 (compatible; MSIE 6.0; Windows NT 5.1; Hotbar 4.4.9.0)"
217.199.21.178 - - [01/Jul/2004:15:38:50 +0000] "GET /Home/Veranstaltungen/Veranstaltungen_Lana/Langer_Donnerstag--57.html HTTP/1.1" 200 22241 "http://www.buehlerhof-lana.it/index.php?id=58&L=it" "Mozilla/4.0 (compatible; MSIE 6.0; Windows NT 5.1; Hotbar 4.4.9.0)"
217.199.21.178 - - [01/Jul/2004:15:38:53 +0000] "GET /Home/Veranstaltungen/Veranstaltungen_Lana/Freilichtspiele--56.html HTTP/1.1" 200 19555 "http://www.buehlerhof-lana.it/index.php?id=57&L=it" "Mozilla/4.0 (compatible; MSIE 6.0; Windows NT 5.1; Hotbar 4.4.9.0)"
217.199.21.178 - - [01/Jul/2004:15:38:56 +0000] "GET /Home/Veranstaltungen/Veranstaltungen_Lana/Kastanientage_in_V_llan_und_Ti--55.html HTTP/1.1" 200 19328 "http://www.buehlerhof-lana.it/index.php?id=56&L=it" "Mozilla/4.0 (compatible; MSIE 6.0; Windows NT 5.1; Hotbar 4.4.9.0)"
217.199.21.178 - - [01/Jul/2004:15:39:19 +0000] "GET /Home/Willkommen--10.html HTTP/1.1" 200 20711 "http://www.buehlerhof-lana.it/index.php?id=55&L=it" "Mozilla/4.0 (compatible; MSIE 6.0; Windows NT 5.1; Hotbar 4.4.9.0)"
217.199.21.178 - - [01/Jul/2004:15:39:29 +0000] "GET /Home/Ambiente/Innen--88.html HTTP/1.1" 200 23514 "http://www.buehlerhof-lana.it/index.php?id=10&L=it" "Mozilla/4.0 (compatible; MSIE 6.0; Windows NT 5.1; Hotbar 4.4.9.0)"
217.199.21.178 - - [01/Jul/2004:15:40:48 +0000] "GET /Home/Wohnen/Zimmer--93.html HTTP/1.1" 200 23415 "http://www.buehlerhof-lana.it/index.php?id=9&L=it" "Mozilla/4.0 (compatible; MSIE 6.0; Windows NT 5.1; Hotbar 4.4.9.0)"
217.199.21.178 - - [01/Jul/2004:15:40:56 +0000] "GET /Home/Umgebung/Badeseen--85.html HTTP/1.1" 200 22230 "http://www.buehlerhof-lana.it/index.php?id=8&L=it" "Mozilla/4.0 (compatible; MSIE 6.0; Windows NT 5.1; Hotbar 4.4.9.0)"
217.199.21.178 - - [01/Jul/2004:15:41:05 +0000] "GET /Home/Sehenswertes/Bot._G_rten_Schloss_Trauttmann--67.html HTTP/1.1" 200 21749 "http://www.buehlerhof-lana.it/index.php?id=7&L=it" "Mozilla/4.0 (compatible; MSIE 6.0; Windows NT 5.1; Hotbar 4.4.9.0)"
217.199.21.178 - - [01/Jul/2004:15:41:15 +0000] "GET /Home/Sehenswertes/S_dtiroler_Obstbaumuseum--24.html HTTP/1.1" 200 18425 "http://www.buehlerhof-lana.it/index.php?id=65&L=it" "Mozilla/4.0 (compatible; MSIE 6.0; Windows NT 5.1; Hotbar 4.4.9.0)"
217.199.21.178 - - [01/Jul/2004:15:41:19 +0000] "GET /Home/Sehenswertes/Schnatterpeckaltar--23.html HTTP/1.1" 200 18574 "http://www.buehlerhof-lana.it/index.php?id=24&L=it" "Mozilla/4.0 (compatible; MSIE 6.0; Windows NT 5.1; Hotbar 4.4.9.0)"
217.199.21.178 - - [01/Jul/2004:15:41:23 +0000] "GET /Home/Sehenswertes/Museen--68.html HTTP/1.1" 200 19075 "http://www.buehlerhof-lana.it/index.php?id=23&L=it" "Mozilla/4.0 (compatible; MSIE 6.0; Windows NT 5.1; Hotbar 4.4.9.0)"
217.199.21.178 - - [01/Jul/2004:15:41:29 +0000] "GET /Home/Aktivurlaub--66.html HTTP/1.1" 200 26873 "http://www.buehlerhof-lana.it/index.php?id=68&L=it" "Mozilla/4.0 (compatible; MSIE 6.0; Windows NT 5.1; Hotbar 4.4.9.0)"
217.199.21.178 - - [01/Jul/2004:15:42:00 +0000] "GET /Home/Impressionen--6.html HTTP/1.1" 200 41408 "http://www.buehlerhof-lana.it/index.php?id=66&L=it" "Mozilla/4.0 (compatible; MSIE 6.0; Windows NT 5.1; Hotbar 4.4.9.0)"
217.199.21.178 - - [01/Jul/2004:15:42:07 +0000] "GET /Home/Preise___Angebote/Zimmer--31.html HTTP/1.1" 200 20428 "http://www.buehlerhof-lana.it/index.php?id=6&L=it" "Mozilla/4.0 (compatible; MSIE 6.0; Windows NT 5.1; Hotbar 4.4.9.0)"
217.199.21.178 - - [01/Jul/2004:15:42:19 +0000] "GET /Home/Anfrage___Buchung--3.html HTTP/1.1" 200 26620 "http://www.buehlerhof-lana.it/index.php?id=4&L=it" "Mozilla/4.0 (compatible; MSIE 6.0; Windows NT 5.1; Hotbar 4.4.9.0)"
217.199.21.178 - - [01/Jul/2004:15:42:31 +0000] "GET /Home/Anreise/Lageplan--35.html HTTP/1.1" 200 17171 "http://www.buehlerhof-lana.it/index.php?id=3&L=it" "Mozilla/4.0 (compatible; MSIE 6.0; Windows NT 5.1; Hotbar 4.4.9.0)"
217.199.21.178 - - [01/Jul/2004:15:42:36 +0000] "GET /Home/Anreise/Routenplaner--34.html HTTP/1.1" 200 20003 "http://www.buehlerhof-lana.it/index.php?id=2&L=it" "Mozilla/4.0 (compatible; MSIE 6.0; Windows NT 5.1; Hotbar 4.4.9.0)"
217.199.21.178 - - [01/Jul/2004:15:42:41 +0000] "GET /Home/Anreise/Wetterbericht--33.html HTTP/1.1" 200 16835 "http://www.buehlerhof-lana.it/index.php?id=34&L=it" "Mozilla/4.0 (compatible; MSIE 6.0; Windows NT 5.1; Hotbar 4.4.9.0)"
217.199.21.178 - - [01/Jul/2004:15:42:50 +0000] "GET /Home/Newsletter--12.html HTTP/1.1" 200 18927 "http://www.buehlerhof-lana.it/index.php?id=33&L=it" "Mozilla/4.0 (compatible; MSIE 6.0; Windows NT 5.1; Hotbar 4.4.9.0)"
217.199.21.178 - - [01/Jul/2004:15:42:58 +0000] "GET /Home/G_stebuch--11.html HTTP/1.1" 200 18479 "http://www.buehlerhof-lana.it/index.php?id=12&L=it" "Mozilla/4.0 (compatible; MSIE 6.0; Windows NT 5.1; Hotbar 4.4.9.0)"
217.199.21.178 - - [01/Jul/2004:15:43:05 +0000] "GET /Home/Weiterempfehlung--48.html HTTP/1.1" 200 17914 "http://www.buehlerhof-lana.it/index.php?id=11&L=it" "Mozilla/4.0 (compatible; MSIE 6.0; Windows NT 5.1; Hotbar 4.4.9.0)"
217.199.21.178 - - [01/Jul/2004:15:43:34 +0000] "GET /Home/Willkommen--10.html HTTP/1.1" 200 20711 "http://www.buehlerhof-lana.it/index.php?id=48&L=it" "Mozilla/4.0 (compatible; MSIE 6.0; Windows NT 5.1; Hotbar 4.4.9.0)"
217.199.8.153 - - [01/Jul/2004:15:47:55 +0000] "GET /Home/Impressionen--6.html HTTP/1.1" 200 41403 "" "Mozilla/4.0 (compatible; MSIE 6.0; Windows NT 5.1; i-NavFourF)"
217.199.8.153 - - [01/Jul/2004:15:48:02 +0000] "GET /Home/Impressionen/Schnappsch_sse--91.html HTTP/1.1" 200 20905 "" "Mozilla/4.0 (compatible; MSIE 6.0; Windows NT 5.1; i-NavFourF)"
217.199.21.178 - - [01/Jul/2004:15:48:24 +0000] "GET /Home/Impressionen--6.html HTTP/1.1" 200 41403 "http://www.buehlerhof-lana.it/index.php?id=10&L=it" "Mozilla/4.0 (compatible; MSIE 6.0; Windows NT 5.1; Hotbar 4.4.9.0)"
217.199.21.178 - - [01/Jul/2004:15:48:28 +0000] "GET /Home/Impressionen/Schnappsch_sse--91.html HTTP/1.1" 200 20905 "http://www.buehlerhof-lana.it/index.php?id=6&L=it" "Mozilla/4.0 (compatible; MSIE 6.0; Windows NT 5.1; Hotbar 4.4.9.0)"
217.199.8.153 - - [01/Jul/2004:15:50:28 +0000] "GET /Home/Newsletter--12.html HTTP/1.1" 200 18927 "" "Mozilla/4.0 (compatible; MSIE 6.0; Windows NT 5.1; i-NavFourF)"
213.150.1.75 - - [01/Jul/2004:15:54:28 +0000] "GET /Home/Willkommen--10.html HTTP/1.1" 200 20694 "http://www.google.at/search?q=b%C3%BChlerhof&ie=UTF-8&hl=de&btnG=Google-Suche&meta=lr%3Dlang_de" "Mozilla/4.0 (compatible; MSIE 6.0; Windows NT 5.0; SD; .NET CLR 1.1.4322)"
213.150.1.86 - - [01/Jul/2004:15:55:37 +0000] "GET /Home/Preise___Angebote/Pauschalangebote--29.html HTTP/1.1" 200 21164 "http://www.buehlerhof-lana.it/" "Mozilla/4.0 (compatible; MSIE 6.0; Windows NT 5.0; SD; .NET CLR 1.1.4322)"
213.150.1.75 - - [01/Jul/2004:15:57:14 +0000] "GET /Home/Preise___Angebote/Zimmer--31.html HTTP/1.1" 200 20191 "http://www.buehlerhof-lana.it/index.php?id=29" "Mozilla/4.0 (compatible; MSIE 6.0; Windows NT 5.0; SD; .NET CLR 1.1.4322)"
213.150.1.85 - - [01/Jul/2004:15:58:06 +0000] "GET /Home/Preise___Angebote/Appartements--30.html HTTP/1.1" 200 21728 "http://www.buehlerhof-lana.it/index.php?id=31" "Mozilla/4.0 (compatible; MSIE 6.0; Windows NT 5.0; SD; .NET CLR 1.1.4322)"
213.150.1.86 - - [01/Jul/2004:15:58:24 +0000] "GET /Home/Preise___Angebote/Pauschalangebote--29.html HTTP/1.1" 200 21164 "http://www.buehlerhof-lana.it/index.php?id=30" "Mozilla/4.0 (compatible; MSIE 6.0; Windows NT 5.0; SD; .NET CLR 1.1.4322)"
213.150.1.75 - - [01/Jul/2004:15:58:36 +0000] "GET /Home/Willkommen--10.html HTTP/1.1" 200 20694 "http://www.buehlerhof-lana.it/index.php?id=29" "Mozilla/4.0 (compatible; MSIE 6.0; Windows NT 5.0; SD; .NET CLR 1.1.4322)"
213.150.1.75 - - [01/Jul/2004:15:58:55 +0000] "GET /Home/Anfrage___Buchung--3.html HTTP/1.1" 200 26279 "http://www.buehlerhof-lana.it/index.php?id=10" "Mozilla/4.0 (compatible; MSIE 6.0; Windows NT 5.0; SD; .NET CLR 1.1.4322)"
213.150.1.76 - - [01/Jul/2004:16:01:06 +0000] "GET /Home/Newsletter--12.html HTTP/1.1" 200 18796 "http://www.buehlerhof-lana.it/index.php?id=30" "Mozilla/4.0 (compatible; MSIE 6.0; Windows NT 5.0; SD; .NET CLR 1.1.4322)"
213.150.1.76 - - [01/Jul/2004:16:01:23 +0000] "GET /Home/G_stebuch--11.html HTTP/1.1" 200 18360 "http://www.buehlerhof-lana.it/index.php?id=12" "Mozilla/4.0 (compatible; MSIE 6.0; Windows NT 5.0; SD; .NET CLR 1.1.4322)"
213.150.1.75 - - [01/Jul/2004:16:01:58 +0000] "GET /Home/Weiterempfehlung--48.html HTTP/1.1" 200 17853 "http://www.buehlerhof-lana.it/index.php?id=11" "Mozilla/4.0 (compatible; MSIE 6.0; Windows NT 5.0; SD; .NET CLR 1.1.4322)"
213.150.1.85 - - [01/Jul/2004:16:02:21 +0000] "GET /Home/G_stebuch--11.html HTTP/1.1" 200 18360 "http://www.buehlerhof-lana.it/index.php?id=48" "Mozilla/4.0 (compatible; MSIE 6.0; Windows NT 5.0; SD; .NET CLR 1.1.4322)"
213.150.1.86 - - [01/Jul/2004:16:02:45 +0000] "GET /Home/Newsletter--12.html HTTP/1.1" 200 18796 "http://www.buehlerhof-lana.it/index.php?id=11" "Mozilla/4.0 (compatible; MSIE 6.0; Windows NT 5.0; SD; .NET CLR 1.1.4322)"
213.150.1.75 - - [01/Jul/2004:16:02:52 +0000] "GET /Home/Anreise/Lageplan--35.html HTTP/1.1" 200 17032 "http://www.buehlerhof-lana.it/index.php?id=12" "Mozilla/4.0 (compatible; MSIE 6.0; Windows NT 5.0; SD; .NET CLR 1.1.4322)"
213.150.1.76 - - [01/Jul/2004:16:03:27 +0000] "GET /Home/Anreise/Wetterbericht--33.html HTTP/1.1" 200 16663 "http://www.buehlerhof-lana.it/index.php?id=2" "Mozilla/4.0 (compatible; MSIE 6.0; Windows NT 5.0; SD; .NET CLR 1.1.4322)"
213.150.1.86 - - [01/Jul/2004:16:04:04 +0000] "GET /Home/G_stebuch--11.html HTTP/1.1" 200 18360 "http://www.buehlerhof-lana.it/index.php?id=33" "Mozilla/4.0 (compatible; MSIE 6.0; Windows NT 5.0; SD; .NET CLR 1.1.4322)"
213.150.1.75 - - [01/Jul/2004:16:04:14 +0000] "GET /Home/Anreise/Lageplan--35.html HTTP/1.1" 200 17032 "http://www.buehlerhof-lana.it/index.php?id=11" "Mozilla/4.0 (compatible; MSIE 6.0; Windows NT 5.0; SD; .NET CLR 1.1.4322)"
213.150.1.75 - - [01/Jul/2004:16:04:23 +0000] "GET /Home/Anreise/Routenplaner--34.html HTTP/1.1" 200 19965 "http://www.buehlerhof-lana.it/index.php?id=2" "Mozilla/4.0 (compatible; MSIE 6.0; Windows NT 5.0; SD; .NET CLR 1.1.4322)"
195.254.224.88 - - [01/Jul/2004:16:05:45 +0000] "GET /Home/Willkommen--10.html HTTP/1.1" 200 20694 "http://www.suedtirol-ferien.it/hotel/Lana_dt.shtml" "Mozilla/4.0 (compatible; MSIE 6.0; Windows NT 5.0)"
195.254.224.88 - - [01/Jul/2004:16:06:08 +0000] "GET /Home/Preise___Angebote/Zimmer--31.html HTTP/1.1" 200 20191 "http://www.buehlerhof-lana.it/" "Mozilla/4.0 (compatible; MSIE 6.0; Windows NT 5.0)"
195.254.224.88 - - [01/Jul/2004:16:06:21 +0000] "GET /Home/Ambiente/Innen--88.html HTTP/1.1" 200 23298 "http://www.buehlerhof-lana.it/index.php?id=4" "Mozilla/4.0 (compatible; MSIE 6.0; Windows NT 5.0)"
195.254.224.88 - - [01/Jul/2004:16:06:33 +0000] "GET /Home/Wohnen/Zimmer--93.html HTTP/1.1" 200 23204 "http://www.buehlerhof-lana.it/index.php?id=9" "Mozilla/4.0 (compatible; MSIE 6.0; Windows NT 5.0)"
195.254.224.88 - - [01/Jul/2004:16:07:03 +0000] "GET /Home/Wohnen/Appartments--92.html HTTP/1.1" 200 22555 "http://www.buehlerhof-lana.it/index.php?id=8" "Mozilla/4.0 (compatible; MSIE 6.0; Windows NT 5.0)"
213.150.1.75 - - [01/Jul/2004:16:08:01 +0000] "GET /Home/Anfrage___Buchung--3.html HTTP/1.1" 200 26279 "http://www.buehlerhof-lana.it/index.php?id=34" "Mozilla/4.0 (compatible; MSIE 6.0; Windows NT 5.0; SD; .NET CLR 1.1.4322)"
195.254.224.88 - - [01/Jul/2004:16:08:04 +0000] "GET /Home/Preise___Angebote/Zimmer--31.html HTTP/1.1" 200 20191 "http://www.buehlerhof-lana.it/index.php?id=92" "Mozilla/4.0 (compatible; MSIE 6.0; Windows NT 5.0)"
195.254.224.88 - - [01/Jul/2004:16:08:19 +0000] "GET /Home/Preise___Angebote/Appartements--30.html HTTP/1.1" 200 21728 "http://www.buehlerhof-lana.it/index.php?id=4" "Mozilla/4.0 (compatible; MSIE 6.0; Windows NT 5.0)"
213.150.1.76 - - [01/Jul/2004:16:08:20 +0000] "GET /Home/Preise___Angebote/Zimmer--31.html HTTP/1.1" 200 20191 "http://www.buehlerhof-lana.it/index.php?id=3" "Mozilla/4.0 (compatible; MSIE 6.0; Windows NT 5.0; SD; .NET CLR 1.1.4322)"
213.150.1.75 - - [01/Jul/2004:16:08:42 +0000] "GET /Home/Impressionen--6.html HTTP/1.1" 200 41336 "http://www.buehlerhof-lana.it/index.php?id=4" "Mozilla/4.0 (compatible; MSIE 6.0; Windows NT 5.0; SD; .NET CLR 1.1.4322)"
213.150.1.76 - - [01/Jul/2004:16:09:12 +0000] "GET /Home/Aktivurlaub--66.html HTTP/1.1" 200 27054 "http://www.buehlerhof-lana.it/index.php?id=6" "Mozilla/4.0 (compatible; MSIE 6.0; Windows NT 5.0; SD; .NET CLR 1.1.4322)"
213.150.1.75 - - [01/Jul/2004:16:09:39 +0000] "GET /Home/Veranstaltungen/Veranstaltungen_Lana/Bl_tenfesttage--59.html HTTP/1.1" 200 21167 "http://www.buehlerhof-lana.it/index.php?id=66" "Mozilla/4.0 (compatible; MSIE 6.0; Windows NT 5.0; SD; .NET CLR 1.1.4322)"
213.150.1.75 - - [01/Jul/2004:16:10:27 +0000] "GET /Home/Sehenswertes/Bot._G_rten_Schloss_Trauttmann--67.html HTTP/1.1" 200 21566 "http://www.buehlerhof-lana.it/index.php?id=5" "Mozilla/4.0 (compatible; MSIE 6.0; Windows NT 5.0; SD; .NET CLR 1.1.4322)"
213.150.1.85 - - [01/Jul/2004:16:10:58 +0000] "GET /Home/Umgebung/Badeseen--85.html HTTP/1.1" 200 22265 "http://www.buehlerhof-lana.it/index.php?id=65" "Mozilla/4.0 (compatible; MSIE 6.0; Windows NT 5.0; SD; .NET CLR 1.1.4322)"
213.150.1.75 - - [01/Jul/2004:16:11:16 +0000] "GET /Home/Wohnen/Zimmer--93.html HTTP/1.1" 200 23204 "http://www.buehlerhof-lana.it/index.php?id=7" "Mozilla/4.0 (compatible; MSIE 6.0; Windows NT 5.0; SD; .NET CLR 1.1.4322)"
213.150.1.85 - - [01/Jul/2004:16:11:55 +0000] "GET /Home/Ambiente/Innen--88.html HTTP/1.1" 200 23298 "http://www.buehlerhof-lana.it/index.php?id=8" "Mozilla/4.0 (compatible; MSIE 6.0; Windows NT 5.0; SD; .NET CLR 1.1.4322)"
217.199.21.178 - - [01/Jul/2004:16:39:29 +0000] "GET /Home/Willkommen--10.html HTTP/1.1" 200 20711 "http://www.buehlerhof-lana.it/index.php?id=91&L=it" "Mozilla/4.0 (compatible; MSIE 6.0; Windows NT 5.1; Hotbar 4.4.9.0)"
217.199.8.153 - - [01/Jul/2004:16:42:22 +0000] "GET /Home/Willkommen--10.html HTTP/1.1" 200 20694 "" "Mozilla/4.0 (compatible; MSIE 6.0; Windows NT 5.0; i-NavFourF; .NET CLR 1.1.4322)"
217.199.8.153 - - [01/Jul/2004:16:49:40 +0000] "GET /Home/Willkommen--10.html HTTP/1.1" 200 20694 "" "Mozilla/4.0 (compatible; MSIE 6.0; Windows NT 5.1; i-NavFourF)"
217.199.8.153 - - [01/Jul/2004:16:59:24 +0000] "GET /Home/Willkommen--10.html HTTP/1.1" 200 20694 "" "Mozilla/4.0 (compatible; MSIE 6.0; Windows NT 5.1; i-NavFourF)"
217.185.141.109 - - [01/Jul/2004:17:04:38 +0000] "GET /Home/Sehenswertes/Bot._G_rten_Schloss_Trauttmann--67.html HTTP/1.1" 200 21566 "" "Mozilla/4.0 (compatible; MSIE 6.0; Windows NT 5.1; Q312461)"
217.185.141.109 - - [01/Jul/2004:17:05:41 +0000] "GET /Home/360__Panorama--90.html HTTP/1.1" 200 17154 "" "Mozilla/4.0 (compatible; MSIE 6.0; Windows NT 5.1; Q312461)"
217.199.8.153 - - [01/Jul/2004:17:19:56 +0000] "GET /Home/Willkommen--10.html HTTP/1.1" 200 20694 "" "Mozilla/4.0 (compatible; MSIE 6.0; Windows NT 5.0; i-NavFourF; .NET CLR 1.1.4322)"
212.123.22.35 - - [01/Jul/2004:17:25:25 +0000] "GET /Home/Willkommen--10.html HTTP/1.1" 200 20694 "" "Mozilla/4.0 (compatible; MSIE 6.0; Windows NT 5.1)"
212.123.22.35 - - [01/Jul/2004:17:26:04 +0000] "GET /Home/Ambiente/Innen--88.html HTTP/1.1" 200 23298 "http://www.buehlerhof-lana.it/" "Mozilla/4.0 (compatible; MSIE 6.0; Windows NT 5.1)"
212.123.22.35 - - [01/Jul/2004:17:26:20 +0000] "GET /Home/Ambiente/Aussen--87.html HTTP/1.1" 200 19697 "http://www.buehlerhof-lana.it/index.php?id=9" "Mozilla/4.0 (compatible; MSIE 6.0; Windows NT 5.1)"
212.123.22.35 - - [01/Jul/2004:17:26:29 +0000] "GET /Home/Sehenswertes/Bot._G_rten_Schloss_Trauttmann--67.html HTTP/1.1" 200 21566 "http://www.buehlerhof-lana.it/index.php?id=87" "Mozilla/4.0 (compatible; MSIE 6.0; Windows NT 5.1)"
212.123.22.35 - - [01/Jul/2004:17:26:39 +0000] "GET /Home/Wohnen/Zimmer--93.html HTTP/1.1" 200 23204 "http://www.buehlerhof-lana.it/index.php?id=65" "Mozilla/4.0 (compatible; MSIE 6.0; Windows NT 5.1)"
212.123.22.35 - - [01/Jul/2004:17:27:26 +0000] "GET /Home/Impressionen--6.html HTTP/1.1" 200 41336 "http://www.buehlerhof-lana.it/index.php?id=8" "Mozilla/4.0 (compatible; MSIE 6.0; Windows NT 5.1)"
80.196.101.233 - - [01/Jul/2004:18:06:11 +0000] "GET /Home/Willkommen--10.html HTTP/1.1" 200 20694 "" ""
80.196.101.233 - - [01/Jul/2004:18:06:15 +0000] "GET /Home/Willkommen--10.html HTTP/1.1" 200 20694 "" ""
62.134.101.201 - - [01/Jul/2004:19:43:48 +0000] "GET /Home/Willkommen--10.html HTTP/1.1" 200 20694 "" "Mozilla/4.0 (compatible; MSIE 5.5; Windows 98; Win 9x 4.90)"
62.134.101.201 - - [01/Jul/2004:19:44:58 +0000] "GET /Home/Impressionen--6.html HTTP/1.1" 200 41336 "http://www.buehlerhof-lana.it/" "Mozilla/4.0 (compatible; MSIE 5.5; Windows 98; Win 9x 4.90)"
62.134.101.201 - - [01/Jul/2004:19:46:16 +0000] "GET /Home/Impressionen/Schnappsch_sse--91.html HTTP/1.1" 200 20818 "http://www.buehlerhof-lana.it/index.php?id=6" "Mozilla/4.0 (compatible; MSIE 5.5; Windows 98; Win 9x 4.90)"
62.134.101.201 - - [01/Jul/2004:19:47:18 +0000] "GET /Home/Wohnen/Zimmer--93.html HTTP/1.1" 200 23204 "http://www.buehlerhof-lana.it/index.php?id=91" "Mozilla/4.0 (compatible; MSIE 5.5; Windows 98; Win 9x 4.90)"
62.134.101.201 - - [01/Jul/2004:19:47:29 +0000] "GET /Home/Ambiente/Innen--88.html HTTP/1.1" 200 23298 "http://www.buehlerhof-lana.it/index.php?id=8" "Mozilla/4.0 (compatible; MSIE 5.5; Windows 98; Win 9x 4.90)"
217.4.93.102 - - [01/Jul/2004:20:34:50 +0000] "GET /Home/Willkommen--10.html HTTP/1.1" 200 20694 "" "Mozilla/4.0 (compatible; MSIE 6.0; Windows NT 5.1; .NET CLR 1.1.4322)"
217.4.93.102 - - [01/Jul/2004:20:35:24 +0000] "GET /Home/Willkommen--10.html HTTP/1.1" 200 20694 "http://www.buehlerhof-lana.it" "Mozilla/4.0 (compatible; MSIE 6.0; Windows NT 5.1; .NET CLR 1.1.4322)"
217.4.93.102 - - [01/Jul/2004:20:35:36 +0000] "GET /Home/Ambiente/Innen--88.html HTTP/1.1" 200 23298 "http://www.buehlerhof-lana.it/index.php?id=10" "Mozilla/4.0 (compatible; MSIE 6.0; Windows NT 5.1; .NET CLR 1.1.4322)"
217.4.93.102 - - [01/Jul/2004:20:39:14 +0000] "GET /Home/Wohnen/Zimmer--93.html HTTP/1.1" 200 23204 "http://www.buehlerhof-lana.it/index.php?id=9" "Mozilla/4.0 (compatible; MSIE 6.0; Windows NT 5.1; .NET CLR 1.1.4322)"
217.4.93.102 - - [01/Jul/2004:20:39:46 +0000] "GET /Home/Ambiente/Innen--88.html HTTP/1.1" 200 23298 "http://www.buehlerhof-lana.it/index.php?id=8" "Mozilla/4.0 (compatible; MSIE 6.0; Windows NT 5.1; .NET CLR 1.1.4322)"
217.4.93.102 - - [01/Jul/2004:20:39:54 +0000] "GET /Home/Ambiente/Aussen--87.html HTTP/1.1" 200 19697 "http://www.buehlerhof-lana.it/index.php?id=9" "Mozilla/4.0 (compatible; MSIE 6.0; Windows NT 5.1; .NET CLR 1.1.4322)"
63.200.38.186 - - [01/Jul/2004:21:30:15 +0000] "GET /Home/Willkommen--10.html HTTP/1.1" 200 20694 "" "ScSpider/0.2"
63.200.38.186 - - [01/Jul/2004:21:30:20 +0000] "GET /Home/Willkommen--10.html HTTP/1.1" 200 20694 "" "ScSpider/0.2"
63.200.38.186 - - [01/Jul/2004:21:30:24 +0000] "GET /Home/Ambiente/Innen--88.html HTTP/1.1" 200 23298 "" "ScSpider/0.2"
63.200.38.186 - - [01/Jul/2004:21:30:28 +0000] "GET /Home/Wohnen/Zimmer--93.html HTTP/1.1" 200 23204 "" "ScSpider/0.2"
217.230.96.54 - - [01/Jul/2004:21:55:58 +0000] "GET /Home/Weiterempfehlung--48.html HTTP/1.1" 200 17853 "http://brisbane.t-online.de/fast-cgi/tsc?start=0&num=10&context=internet-tab&tpc=themen&mandant=toi&PortalLanguage=de&UserLanguage=de&device=html&dia=hdr&ptl=&q=lana.it&lang=primary" "Mozilla/4.0 (compatible; MSIE 6.0; Windows 98; Win 9x 4.90; DT)"
217.230.96.54 - - [01/Jul/2004:21:56:12 +0000] "GET /Home/Preise___Angebote/Zimmer--31.html HTTP/1.1" 200 20191 "http://www.buehlerhof-lana.it/index.php?id=48" "Mozilla/4.0 (compatible; MSIE 6.0; Windows 98; Win 9x 4.90; DT)"
217.230.96.54 - - [01/Jul/2004:21:56:57 +0000] "GET /Home/Preise___Angebote/Appartements--30.html HTTP/1.1" 200 21728 "http://www.buehlerhof-lana.it/index.php?id=4" "Mozilla/4.0 (compatible; MSIE 6.0; Windows 98; Win 9x 4.90; DT)"
217.230.96.54 - - [01/Jul/2004:21:57:30 +0000] "GET /Home/Wohnen/Appartments--92.html HTTP/1.1" 200 22555 "http://www.buehlerhof-lana.it/index.php?id=30" "Mozilla/4.0 (compatible; MSIE 6.0; Windows 98; Win 9x 4.90; DT)"
217.230.96.54 - - [01/Jul/2004:21:59:05 +0000] "GET /Home/Aktivurlaub--66.html HTTP/1.1" 200 27054 "http://www.buehlerhof-lana.it/index.php?id=92" "Mozilla/4.0 (compatible; MSIE 6.0; Windows 98; Win 9x 4.90; DT)"
217.230.96.54 - - [01/Jul/2004:21:59:51 +0000] "GET /Home/Umgebung/Badeseen--85.html HTTP/1.1" 200 22265 "http://www.buehlerhof-lana.it/index.php?id=66" "Mozilla/4.0 (compatible; MSIE 6.0; Windows 98; Win 9x 4.90; DT)"
217.230.96.54 - - [01/Jul/2004:22:00:47 +0000] "GET /Home/Umgebung/Vigiljoch--27.html HTTP/1.1" 200 20247 "http://www.buehlerhof-lana.it/index.php?id=7" "Mozilla/4.0 (compatible; MSIE 6.0; Windows 98; Win 9x 4.90; DT)"
80.184.105.252 - - [01/Jul/2004:22:47:46 +0000] "GET /Home/Willkommen--10.html HTTP/1.1" 200 20694 "" "Mozilla/4.0 (compatible; MSIE 6.0; Windows NT 5.1; Q312461)"
80.184.105.252 - - [01/Jul/2004:22:48:21 +0000] "GET /Home/Preise___Angebote/Zimmer--31.html HTTP/1.1" 200 20191 "" "Mozilla/4.0 (compatible; MSIE 6.0; Windows NT 5.1; Q312461)"
80.184.105.252 - - [01/Jul/2004:22:50:51 +0000] "GET /Home/Willkommen--10.html HTTP/1.1" 200 20694 "" "Mozilla/4.0 (compatible; MSIE 6.0; Windows NT 5.1; Q312461)"
212.48.11.148 - - [01/Jul/2004:22:59:27 +0000] "GET /Home/Willkommen--10.html HTTP/1.1" 200 20694 "" "PycURL"
65.54.164.50 - - [01/Jul/2004:23:50:14 +0000] "GET /Home/Impressionen--6.html HTTP/1.1" 200 38176 "" "msnbot/0.11 (+http://search.msn.com/msnbot.htm)"
65.54.164.50 - - [01/Jul/2004:23:53:57 +0000] "GET /Home/Willkommen--10.html HTTP/1.1" 200 20300 "" "msnbot/0.11 (+http://search.msn.com/msnbot.htm)"
209.237.238.173 - - [02/Jul/2004:00:01:08 +0000] "GET /Home/Willkommen--10.html HTTP/1.1" 200 20300 "" "ia_archiver"
65.54.164.50 - - [02/Jul/2004:00:01:34 +0000] "GET /Home/Willkommen--10.html HTTP/1.1" 200 20711 "" "msnbot/0.11 (+http://search.msn.com/msnbot.htm)"
65.214.36.19 - - [02/Jul/2004:04:30:46 +0000] "GET /Home/Willkommen--10.html HTTP/1.1" 200 20694 "" "Mozilla/2.0 (compatible; Ask Jeeves/Teoma)"
66.196.90.24 - - [02/Jul/2004:06:02:21 +0000] "GET /Home/Willkommen--10.html HTTP/1.1" 200 20694 "" "Mozilla/5.0 (compatible; Yahoo! Slurp; http://help.yahoo.com/help/us/ysearch/slurp)"
194.228.211.203 - - [02/Jul/2004:06:53:08 +0000] "GET /Home/Willkommen--10.html HTTP/1.1" 200 20694 "http://www.thebestofnet.com/cgi-bin/topsecret.cgi?6743452643" "Mozilla/4.0 (compatible; MSIE 7.01; Windows 98)"
213.193.30.242 - - [02/Jul/2004:08:48:28 +0000] "GET /Home/Willkommen--10.html HTTP/1.1" 200 20694 "" "Firefly/1.0 (compatible; Mozilla 4.0; MSIE 5.5)"
195.93.74.6 - - [02/Jul/2004:10:02:28 +0000] "GET /Home/Impressionen/Schnappsch_sse--91.html HTTP/1.1" 200 20818 "" "Mozilla/4.0 (compatible; MSIE 6.0; AOL 9.0; Windows NT 5.1; FunWebProducts)"
195.93.73.16 - - [02/Jul/2004:10:02:45 +0000] "GET /Home/Impressionen--6.html HTTP/1.1" 200 41336 "http://www.buehlerhof-lana.it/index.php?id=91" "Mozilla/4.0 (compatible; MSIE 6.0; AOL 9.0; Windows NT 5.1; FunWebProducts)"
195.93.73.7 - - [02/Jul/2004:10:03:06 +0000] "GET /Home/Willkommen--10.html HTTP/1.1" 200 20711 "http://www.buehlerhof-lana.it/index.php?id=6" "Mozilla/4.0 (compatible; MSIE 6.0; AOL 9.0; Windows NT 5.1; FunWebProducts)"
195.93.64.5 - - [02/Jul/2004:10:03:18 +0000] "GET /Home/Willkommen--10.html HTTP/1.1" 200 20300 "http://www.buehlerhof-lana.it/index.php?id=1&L=it" "Mozilla/4.0 (compatible; MSIE 6.0; AOL 9.0; Windows NT 5.1; FunWebProducts)"
195.93.72.8 - - [02/Jul/2004:10:03:25 +0000] "GET /Home/Ambiente/Innen--88.html HTTP/1.1" 200 22746 "http://www.buehlerhof-lana.it/index.php?id=1&L=de" "Mozilla/4.0 (compatible; MSIE 6.0; AOL 9.0; Windows NT 5.1; FunWebProducts)"
195.93.64.7 - - [02/Jul/2004:10:03:59 +0000] "GET /Home/Ambiente/Aussen--87.html HTTP/1.1" 200 19471 "http://www.buehlerhof-lana.it/index.php?id=9&L=de" "Mozilla/4.0 (compatible; MSIE 6.0; AOL 9.0; Windows NT 5.1; FunWebProducts)"
209.237.238.173 - - [02/Jul/2004:10:26:40 +0000] "GET /Home/G_stebuch--11.html HTTP/1.1" 200 18460 "" "ia_archiver"
217.4.94.41 - - [02/Jul/2004:10:31:22 +0000] "GET /Home/Willkommen--10.html HTTP/1.1" 200 20694 "" "Mozilla/4.0 (compatible; MSIE 6.0; Windows NT 5.1; .NET CLR 1.1.4322)"
217.4.94.41 - - [02/Jul/2004:10:31:39 +0000] "GET /Home/G_stebuch--11.html HTTP/1.1" 200 18360 "http://www.buehlerhof-lana.it" "Mozilla/4.0 (compatible; MSIE 6.0; Windows NT 5.1; .NET CLR 1.1.4322)"
217.4.94.41 - - [02/Jul/2004:10:31:58 +0000] "GET /Home/Weiterempfehlung--48.html HTTP/1.1" 200 17853 "http://www.buehlerhof-lana.it/index.php?id=11" "Mozilla/4.0 (compatible; MSIE 6.0; Windows NT 5.1; .NET CLR 1.1.4322)"
217.4.94.41 - - [02/Jul/2004:10:32:19 +0000] "GET /Home/Impressionen--6.html HTTP/1.1" 200 41336 "http://www.buehlerhof-lana.it/index.php?id=48" "Mozilla/4.0 (compatible; MSIE 6.0; Windows NT 5.1; .NET CLR 1.1.4322)"
217.4.94.41 - - [02/Jul/2004:10:32:49 +0000] "GET /Home/Impressionen/Schnappsch_sse--91.html HTTP/1.1" 200 20818 "http://www.buehlerhof-lana.it/index.php?id=6" "Mozilla/4.0 (compatible; MSIE 6.0; Windows NT 5.1; .NET CLR 1.1.4322)"
217.199.21.178 - - [02/Jul/2004:12:44:24 +0000] "GET /Home/Willkommen--10.html HTTP/1.1" 200 20694 "" "Mozilla/4.0 (compatible; MSIE 6.0; Windows NT 5.1; Hotbar 4.4.9.0)"
217.199.21.178 - - [02/Jul/2004:12:55:14 +0000] "GET /Home/Ambiente/Innen--88.html HTTP/1.1" 200 23298 "http://www.buehlerhof-lana.it" "Mozilla/4.0 (compatible; MSIE 6.0; Windows NT 5.1; Hotbar 4.4.9.0)"
217.199.21.178 - - [02/Jul/2004:12:55:20 +0000] "GET /Home/Ambiente/Aussen--87.html HTTP/1.1" 200 19697 "http://www.buehlerhof-lana.it/index.php?id=9" "Mozilla/4.0 (compatible; MSIE 6.0; Windows NT 5.1; Hotbar 4.4.9.0)"
217.199.21.178 - - [02/Jul/2004:12:55:23 +0000] "GET /Home/Wohnen/Zimmer--93.html HTTP/1.1" 200 23204 "http://www.buehlerhof-lana.it/index.php?id=87" "Mozilla/4.0 (compatible; MSIE 6.0; Windows NT 5.1; Hotbar 4.4.9.0)"
217.199.21.178 - - [02/Jul/2004:12:55:42 +0000] "GET /Home/G_stebuch--11.html HTTP/1.1" 200 18360 "http://www.buehlerhof-lana.it/index.php?id=8" "Mozilla/4.0 (compatible; MSIE 6.0; Windows NT 5.1; Hotbar 4.4.9.0)"
217.253.251.233 - - [02/Jul/2004:13:30:40 +0000] "GET /Home/Willkommen--10.html HTTP/1.1" 200 20694 "http://www.zip-code.it/html/Lana_dt.html" "Mozilla/5.0 (Windows; U; Windows NT 5.0; de-DE; rv:1.6) Gecko/20040206 Firefox/0.8"
65.54.164.50 - - [02/Jul/2004:15:01:26 +0000] "GET /Home/Weiterempfehlung--48.html HTTP/1.1" 200 17853 "" "msnbot/0.11 (+http://search.msn.com/msnbot.htm)"
65.54.164.50 - - [02/Jul/2004:15:07:06 +0000] "GET /Home/Anreise/Lageplan--35.html HTTP/1.1" 200 17032 "" "msnbot/0.11 (+http://search.msn.com/msnbot.htm)"
217.4.96.59 - - [02/Jul/2004:15:31:04 +0000] "GET /Home/Willkommen--10.html HTTP/1.1" 200 20694 "" "Mozilla/4.0 (compatible; MSIE 6.0; Windows NT 5.1; .NET CLR 1.1.4322)"
217.4.96.59 - - [02/Jul/2004:15:31:15 +0000] "GET /Home/Impressionen--6.html HTTP/1.1" 200 41336 "http://www.buehlerhof-lana.it" "Mozilla/4.0 (compatible; MSIE 6.0; Windows NT 5.1; .NET CLR 1.1.4322)"
217.4.96.59 - - [02/Jul/2004:15:31:27 +0000] "GET /Home/Impressionen/Schnappsch_sse--91.html HTTP/1.1" 200 20818 "http://www.buehlerhof-lana.it/index.php?id=6" "Mozilla/4.0 (compatible; MSIE 6.0; Windows NT 5.1; .NET CLR 1.1.4322)"
65.54.164.50 - - [02/Jul/2004:16:39:29 +0000] "GET /Home/Umgebung/Kultur-_und_Naturlehrweg_Aichb--52.html HTTP/1.1" 200 21406 "" "msnbot/0.11 (+http://search.msn.com/msnbot.htm)"
65.54.164.50 - - [02/Jul/2004:16:48:54 +0000] "GET /Home/Umgebung/Knottn-Kino--25.html HTTP/1.1" 200 21415 "" "msnbot/0.11 (+http://search.msn.com/msnbot.htm)"
65.54.164.50 - - [02/Jul/2004:17:45:59 +0000] "GET /Home/Willkommen--10.html HTTP/1.1" 200 20694 "" "msnbot/0.11 (+http://search.msn.com/msnbot.htm)"
65.54.164.50 - - [02/Jul/2004:17:51:37 +0000] "GET /Home/Umgebung/Badeseen--85.html HTTP/1.1" 200 22265 "" "msnbot/0.11 (+http://search.msn.com/msnbot.htm)"
217.93.176.117 - - [02/Jul/2004:18:23:50 +0000] "GET /Home/Willkommen--10.html HTTP/1.1" 200 20694 "http://www.suedtirol-ferien.it/hotel/Ultental_dt.shtml" "Mozilla/5.0 (Windows; U; Windows NT 5.0; de-AT; rv:1.7) Gecko/20040616"
217.93.176.117 - - [02/Jul/2004:18:24:22 +0000] "GET /Home/Wohnen/Zimmer--93.html HTTP/1.1" 200 23204 "http://www.buehlerhof-lana.it/" "Mozilla/5.0 (Windows; U; Windows NT 5.0; de-AT; rv:1.7) Gecko/20040616"
217.93.176.117 - - [02/Jul/2004:18:24:50 +0000] "GET /Home/Umgebung/Badeseen--85.html HTTP/1.1" 200 22265 "http://www.buehlerhof-lana.it/index.php?id=8" "Mozilla/5.0 (Windows; U; Windows NT 5.0; de-AT; rv:1.7) Gecko/20040616"
217.93.176.117 - - [02/Jul/2004:18:25:01 +0000] "GET /Home/Preise___Angebote/Zimmer--31.html HTTP/1.1" 200 20191 "http://www.buehlerhof-lana.it/index.php?id=7" "Mozilla/5.0 (Windows; U; Windows NT 5.0; de-AT; rv:1.7) Gecko/20040616"
217.93.176.117 - - [02/Jul/2004:18:25:51 +0000] "GET /Home/Wohnen/Zimmer--93.html HTTP/1.1" 200 23204 "http://www.buehlerhof-lana.it/index.php?id=4" "Mozilla/5.0 (Windows; U; Windows NT 5.0; de-AT; rv:1.7) Gecko/20040616"
65.54.164.50 - - [02/Jul/2004:18:49:40 +0000] "GET /Home/Umgebung/Vigiljoch--27.html HTTP/1.1" 200 20247 "" "msnbot/0.11 (+http://search.msn.com/msnbot.htm)"
80.135.124.100 - - [02/Jul/2004:18:53:14 +0000] "GET /Home/Willkommen--10.html HTTP/1.1" 200 20694 "http://www.meranerland.it/html/Lana_dt.html" "Mozilla/4.0 (compatible; MSIE 6.0; Windows NT 5.1)"
80.135.124.100 - - [02/Jul/2004:18:53:29 +0000] "GET /Home/Ambiente/Innen--88.html HTTP/1.1" 200 23298 "http://www.buehlerhof-lana.it/" "Mozilla/4.0 (compatible; MSIE 6.0; Windows NT 5.1)"
65.54.164.50 - - [02/Jul/2004:18:57:25 +0000] "GET /Home/Umgebung/Gaulpromenade--53.html HTTP/1.1" 200 21718 "" "msnbot/0.11 (+http://search.msn.com/msnbot.htm)"
209.237.238.173 - - [02/Jul/2004:19:13:10 +0000] "GET /Home/Anreise/Lageplan--35.html HTTP/1.1" 200 17137 "" "ia_archiver"
65.54.164.50 - - [02/Jul/2004:19:13:11 +0000] "GET /Home/Umgebung/Brandiswaalweg--54.html HTTP/1.1" 200 21627 "" "msnbot/0.11 (+http://search.msn.com/msnbot.htm)"
65.54.164.50 - - [02/Jul/2004:19:22:42 +0000] "GET /Home/Umgebung/Meraner_H_henweg--51.html HTTP/1.1" 200 22425 "" "msnbot/0.11 (+http://search.msn.com/msnbot.htm)"
217.237.150.44 - - [02/Jul/2004:19:32:06 +0000] "GET /Home/Willkommen--10.html HTTP/1.1" 200 20694 "" "Mozilla/5.0 (Windows; U; Windows NT 5.0; de-DE; rv:1.4) Gecko/20030619 Netscape/7.1 (ax)"
217.237.150.44 - - [02/Jul/2004:19:33:02 +0000] "GET /Home/Wohnen/Zimmer--93.html HTTP/1.1" 200 23204 "" "Mozilla/5.0 (Windows; U; Windows NT 5.0; de-DE; rv:1.4) Gecko/20030619 Netscape/7.1 (ax)"
217.237.150.41 - - [02/Jul/2004:19:33:31 +0000] "GET /Home/Preise___Angebote/Zimmer--31.html HTTP/1.1" 200 20191 "" "Mozilla/5.0 (Windows; U; Windows NT 5.0; de-DE; rv:1.4) Gecko/20030619 Netscape/7.1 (ax)"
145.254.137.238 - - [02/Jul/2004:20:41:24 +0000] "GET /Home/Willkommen--10.html HTTP/1.1" 200 20694 "http://dir.web.de/Touristik+%26+Reisen/Europa/Italien/S%FCdtirol/Pensionen/" "Mozilla/4.0 (compatible; MSIE 5.5; Windows 95; AN10HaendlerWelcomeletter1200)"
208.25.178.235 - - [02/Jul/2004:20:43:52 +0000] "GET /Home/Willkommen--10.html HTTP/1.1" 200 20694 "" "NutchCVS/0.03-dev (Nutch; http://www.nutch.org/docs/en/bot.html; nutch-agent@lists.sourceforge.net)"
217.95.98.87 - - [02/Jul/2004:21:03:25 +0000] "GET /Home/Willkommen--10.html HTTP/1.1" 200 20694 "" "Mozilla/4.0 (compatible; MSIE 6.0; Windows NT 5.1)"
217.95.98.87 - - [02/Jul/2004:21:03:43 +0000] "GET /Home/Preise___Angebote/Zimmer--31.html HTTP/1.1" 200 20191 "http://www.buehlerhof-lana.it/" "Mozilla/4.0 (compatible; MSIE 6.0; Windows NT 5.1)"
217.238.166.217 - - [02/Jul/2004:21:46:12 +0000] "GET /Home/Willkommen--10.html HTTP/1.1" 200 20694 "http://www.suedtirol-ferien.it/hotel/Lana_dt.shtml" "Mozilla/4.0 (compatible; MSIE 6.0; Windows NT 5.1; .NET CLR 1.1.4322)"
217.238.166.217 - - [02/Jul/2004:21:46:31 +0000] "GET /Home/Preise___Angebote/Zimmer--31.html HTTP/1.1" 200 20191 "http://www.buehlerhof-lana.it/" "Mozilla/4.0 (compatible; MSIE 6.0; Windows NT 5.1; .NET CLR 1.1.4322)"
217.238.166.217 - - [02/Jul/2004:21:46:37 +0000] "GET /Home/Preise___Angebote/Pauschalangebote--29.html HTTP/1.1" 200 21164 "http://www.buehlerhof-lana.it/index.php?id=4" "Mozilla/4.0 (compatible; MSIE 6.0; Windows NT 5.1; .NET CLR 1.1.4322)"
217.238.166.217 - - [02/Jul/2004:21:47:16 +0000] "GET /Home/Anfrage___Buchung--3.html HTTP/1.1" 200 26279 "http://www.buehlerhof-lana.it/index.php?id=29" "Mozilla/4.0 (compatible; MSIE 6.0; Windows NT 5.1; .NET CLR 1.1.4322)"
217.238.166.217 - - [02/Jul/2004:21:50:49 +0000] "GET /Home/Willkommen--10.html HTTP/1.1" 200 20694 "http://www.suedtirol-ferien.it/hotel/Lana_dt.shtml" "Mozilla/4.0 (compatible; MSIE 6.0; Windows NT 5.1; .NET CLR 1.1.4322)"
217.238.166.217 - - [02/Jul/2004:21:51:00 +0000] "GET /Home/Preise___Angebote/Zimmer--31.html HTTP/1.1" 200 20191 "http://www.buehlerhof-lana.it/" "Mozilla/4.0 (compatible; MSIE 6.0; Windows NT 5.1; .NET CLR 1.1.4322)"
217.238.166.217 - - [02/Jul/2004:21:51:09 +0000] "GET /Home/Preise___Angebote/Pauschalangebote--29.html HTTP/1.1" 200 21164 "http://www.buehlerhof-lana.it/index.php?id=4" "Mozilla/4.0 (compatible; MSIE 6.0; Windows NT 5.1; .NET CLR 1.1.4322)"
217.238.166.217 - - [02/Jul/2004:21:51:24 +0000] "GET /Home/Umgebung/Badeseen--85.html HTTP/1.1" 200 22265 "http://www.buehlerhof-lana.it/index.php?id=29" "Mozilla/4.0 (compatible; MSIE 6.0; Windows NT 5.1; .NET CLR 1.1.4322)"
217.238.166.217 - - [02/Jul/2004:21:54:29 +0000] "GET /Home/Willkommen--10.html HTTP/1.1" 200 20694 "http://www.suedtirol-ferien.it/hotel/Lana_dt.shtml" "Mozilla/4.0 (compatible; MSIE 6.0; Windows NT 5.1; .NET CLR 1.1.4322)"
217.238.166.217 - - [02/Jul/2004:21:54:37 +0000] "GET /Home/Anfrage___Buchung--3.html HTTP/1.1" 200 26279 "http://www.buehlerhof-lana.it/" "Mozilla/4.0 (compatible; MSIE 6.0; Windows NT 5.1; .NET CLR 1.1.4322)"
217.238.166.217 - - [02/Jul/2004:21:56:33 +0000] "GET /Home/Anfrage___Buchung/Best_tigung--86.html HTTP/1.1" 200 16403 "http://www.buehlerhof-lana.it/index.php?id=3" "Mozilla/4.0 (compatible; MSIE 6.0; Windows NT 5.1; .NET CLR 1.1.4322)"
217.238.166.217 - - [02/Jul/2004:21:56:43 +0000] "GET /Home/Anreise/Lageplan--35.html HTTP/1.1" 200 17137 "http://www.buehlerhof-lana.it/index.php?id=86&L=de" "Mozilla/4.0 (compatible; MSIE 6.0; Windows NT 5.1; .NET CLR 1.1.4322)"
217.238.166.217 - - [02/Jul/2004:21:56:59 +0000] "GET /Home/Wohnen/Zimmer--93.html HTTP/1.1" 200 22652 "http://www.buehlerhof-lana.it/index.php?id=2&L=de" "Mozilla/4.0 (compatible; MSIE 6.0; Windows NT 5.1; .NET CLR 1.1.4322)"
217.185.2.82 - - [02/Jul/2004:22:32:13 +0000] "GET /Home/Willkommen--10.html HTTP/1.1" 200 20694 "" "Mozilla/4.0 (compatible; MSIE 6.0; Windows NT 5.1)"
